--
-- Host: mysql-cluster-3-mysql-master.database.svc.cluster.local    Database: 882099_14886ab3d14986032be95f05df5104a0
-- ------------------------------------------------------


--
-- Table structure for table `wp_actionscheduler_actions`
--

CREATE TABLE `wp_actionscheduler_actions` (
  `action_id` bigint(20) unsigned NOT NULL AUTO_INCREMENT,
  `hook` varchar(191) COLLATE utf8mb4_unicode_520_ci NOT NULL,
  `status` varchar(20) COLLATE utf8mb4_unicode_520_ci NOT NULL,
  `scheduled_date_gmt` datetime DEFAULT '0000-00-00 00:00:00',
  `scheduled_date_local` datetime DEFAULT '0000-00-00 00:00:00',
  `args` varchar(191) COLLATE utf8mb4_unicode_520_ci DEFAULT NULL,
  `schedule` longtext COLLATE utf8mb4_unicode_520_ci,
  `group_id` bigint(20) unsigned NOT NULL DEFAULT '0',
  `attempts` int(11) NOT NULL DEFAULT '0',
  `last_attempt_gmt` datetime DEFAULT '0000-00-00 00:00:00',
  `last_attempt_local` datetime DEFAULT '0000-00-00 00:00:00',
  `claim_id` bigint(20) unsigned NOT NULL DEFAULT '0',
  `extended_args` varchar(8000) COLLATE utf8mb4_unicode_520_ci DEFAULT NULL,
  `priority` tinyint(3) unsigned NOT NULL DEFAULT '10',
  PRIMARY KEY (`action_id`),
  KEY `hook` (`hook`),
  KEY `status` (`status`),
  KEY `scheduled_date_gmt` (`scheduled_date_gmt`),
  KEY `args` (`args`),
  KEY `group_id` (`group_id`),
  KEY `last_attempt_gmt` (`last_attempt_gmt`),
  KEY `claim_id_status_scheduled_date_gmt` (`claim_id`,`status`,`scheduled_date_gmt`)
) ENGINE=InnoDB AUTO_INCREMENT=26187 DEFAULT CHARSET=utf8mb4 COLLATE=utf8mb4_unicode_520_ci;

--
-- Dumping data for table `wp_actionscheduler_actions`
--

INSERT INTO `wp_actionscheduler_actions` VALUES (14,'action_scheduler/migration_hook','failed','2023-07-11 00:48:36','2023-07-11 00:48:36','[]','O:30:\"ActionScheduler_SimpleSchedule\":2:{s:22:\"\0*\0scheduled_timestamp\";i:1689036516;s:41:\"\0ActionScheduler_SimpleSchedule\0timestamp\";i:1689036516;}',1,1,'2023-07-11 00:51:00','2023-07-11 00:51:00',0,'',10),(16,'woocommerce_cleanup_draft_orders','failed','2023-08-08 08:07:52','2023-08-08 08:07:52','[]','O:32:\"ActionScheduler_IntervalSchedule\":5:{s:22:\"\0*\0scheduled_timestamp\";i:1691482072;s:18:\"\0*\0first_timestamp\";i:1689036122;s:13:\"\0*\0recurrence\";i:86400;s:49:\"\0ActionScheduler_IntervalSchedule\0start_timestamp\";i:1691482072;s:53:\"\0ActionScheduler_IntervalSchedule\0interval_in_seconds\";i:86400;}',3,1,'2023-08-08 08:08:23','2023-08-08 08:08:23',0,'',10),(25,'woocommerce_update_marketplace_suggestions','failed','2023-08-14 08:10:43','2023-08-14 08:10:43','[]','O:32:\"ActionScheduler_IntervalSchedule\":5:{s:22:\"\0*\0scheduled_timestamp\";i:1692000643;s:18:\"\0*\0first_timestamp\";i:1570378827;s:13:\"\0*\0recurrence\";i:604800;s:49:\"\0ActionScheduler_IntervalSchedule\0start_timestamp\";i:1692000643;s:53:\"\0ActionScheduler_IntervalSchedule\0interval_in_seconds\";i:604800;}',3,1,'2023-09-04 08:26:13','2023-09-04 08:26:13',0,'',10),(29,'woocommerce_cleanup_draft_orders','failed','2023-08-09 08:08:23','2023-08-09 08:08:23','[]','O:32:\"ActionScheduler_IntervalSchedule\":5:{s:22:\"\0*\0scheduled_timestamp\";i:1691568503;s:18:\"\0*\0first_timestamp\";i:1689036122;s:13:\"\0*\0recurrence\";i:86400;s:49:\"\0ActionScheduler_IntervalSchedule\0start_timestamp\";i:1691568503;s:53:\"\0ActionScheduler_IntervalSchedule\0interval_in_seconds\";i:86400;}',3,1,'2023-09-04 08:26:13','2023-09-04 08:26:13',0,NULL,10),(31,'woocommerce_cleanup_draft_orders','failed','2023-09-05 08:26:13','2023-09-05 08:26:13','[]','O:32:\"ActionScheduler_IntervalSchedule\":5:{s:22:\"\0*\0scheduled_timestamp\";i:1693902373;s:18:\"\0*\0first_timestamp\";i:1689036122;s:13:\"\0*\0recurrence\";i:86400;s:49:\"\0ActionScheduler_IntervalSchedule\0start_timestamp\";i:1693902373;s:53:\"\0ActionScheduler_IntervalSchedule\0interval_in_seconds\";i:86400;}',3,1,'2023-09-05 08:28:54','2023-09-05 08:28:54',0,NULL,10),(32,'woocommerce_update_marketplace_suggestions','failed','2023-09-11 08:26:13','2023-09-11 08:26:13','[]','O:32:\"ActionScheduler_IntervalSchedule\":5:{s:22:\"\0*\0scheduled_timestamp\";i:1694420773;s:18:\"\0*\0first_timestamp\";i:1570378827;s:13:\"\0*\0recurrence\";i:604800;s:49:\"\0ActionScheduler_IntervalSchedule\0start_timestamp\";i:1694420773;s:53:\"\0ActionScheduler_IntervalSchedule\0interval_in_seconds\";i:604800;}',3,1,'2023-09-11 08:40:37','2023-09-11 08:40:37',0,NULL,10),(33,'action_scheduler/migration_hook','failed','2023-09-04 08:29:04','2023-09-04 08:29:04','[]','O:30:\"ActionScheduler_SimpleSchedule\":2:{s:22:\"\0*\0scheduled_timestamp\";i:1693816144;s:41:\"\0ActionScheduler_SimpleSchedule\0timestamp\";i:1693816144;}',1,1,'2023-09-04 08:29:19','2023-09-04 08:29:19',0,NULL,10),(46,'woocommerce_cleanup_draft_orders','failed','2023-09-06 08:28:54','2023-09-06 08:28:54','[]','O:32:\"ActionScheduler_IntervalSchedule\":5:{s:22:\"\0*\0scheduled_timestamp\";i:1693988934;s:18:\"\0*\0first_timestamp\";i:1689036122;s:13:\"\0*\0recurrence\";i:86400;s:49:\"\0ActionScheduler_IntervalSchedule\0start_timestamp\";i:1693988934;s:53:\"\0ActionScheduler_IntervalSchedule\0interval_in_seconds\";i:86400;}',3,1,'2023-09-06 08:30:33','2023-09-06 08:30:33',0,NULL,10),(51,'woocommerce_cleanup_draft_orders','failed','2023-09-07 08:30:33','2023-09-07 08:30:33','[]','O:32:\"ActionScheduler_IntervalSchedule\":5:{s:22:\"\0*\0scheduled_timestamp\";i:1694075433;s:18:\"\0*\0first_timestamp\";i:1689036122;s:13:\"\0*\0recurrence\";i:86400;s:49:\"\0ActionScheduler_IntervalSchedule\0start_timestamp\";i:1694075433;s:53:\"\0ActionScheduler_IntervalSchedule\0interval_in_seconds\";i:86400;}',3,1,'2023-09-07 08:33:01','2023-09-07 08:33:01',0,NULL,10),(66,'woocommerce_update_marketplace_suggestions','failed','2023-09-18 08:40:37','2023-09-18 08:40:37','[]','O:32:\"ActionScheduler_IntervalSchedule\":5:{s:22:\"\0*\0scheduled_timestamp\";i:1695026437;s:18:\"\0*\0first_timestamp\";i:1570378827;s:13:\"\0*\0recurrence\";i:604800;s:49:\"\0ActionScheduler_IntervalSchedule\0start_timestamp\";i:1695026437;s:53:\"\0ActionScheduler_IntervalSchedule\0interval_in_seconds\";i:604800;}',3,1,'2023-09-18 08:49:25','2023-09-18 08:49:25',0,NULL,10),(109,'action_scheduler/migration_hook','failed','2023-09-12 08:35:14','2023-09-12 08:35:14','[]','O:30:\"ActionScheduler_SimpleSchedule\":2:{s:22:\"\0*\0scheduled_timestamp\";i:1694507714;s:41:\"\0ActionScheduler_SimpleSchedule\0timestamp\";i:1694507714;}',1,1,'2023-09-12 09:24:33','2023-09-12 09:24:33',0,NULL,10),(132,'action_scheduler/migration_hook','failed','2023-09-16 18:27:20','2023-09-16 18:27:20','[]','O:30:\"ActionScheduler_SimpleSchedule\":2:{s:22:\"\0*\0scheduled_timestamp\";i:1694888840;s:41:\"\0ActionScheduler_SimpleSchedule\0timestamp\";i:1694888840;}',1,1,'2023-09-16 18:27:59','2023-09-16 18:27:59',0,NULL,10),(136,'action_scheduler/migration_hook','failed','2023-09-16 18:57:36','2023-09-16 18:57:36','[]','O:30:\"ActionScheduler_SimpleSchedule\":2:{s:22:\"\0*\0scheduled_timestamp\";i:1694890656;s:41:\"\0ActionScheduler_SimpleSchedule\0timestamp\";i:1694890656;}',1,1,'2023-09-16 18:58:15','2023-09-16 18:58:15',0,NULL,10),(143,'action_scheduler/migration_hook','failed','2023-09-17 17:19:25','2023-09-17 17:19:25','[]','O:30:\"ActionScheduler_SimpleSchedule\":2:{s:22:\"\0*\0scheduled_timestamp\";i:1694971165;s:41:\"\0ActionScheduler_SimpleSchedule\0timestamp\";i:1694971165;}',1,1,'2023-09-17 17:20:14','2023-09-17 17:20:14',0,NULL,10),(144,'woocommerce_update_marketplace_suggestions','failed','2023-09-25 08:49:25','2023-09-25 08:49:25','[]','O:32:\"ActionScheduler_IntervalSchedule\":5:{s:22:\"\0*\0scheduled_timestamp\";i:1695631765;s:18:\"\0*\0first_timestamp\";i:1570378827;s:13:\"\0*\0recurrence\";i:604800;s:49:\"\0ActionScheduler_IntervalSchedule\0start_timestamp\";i:1695631765;s:53:\"\0ActionScheduler_IntervalSchedule\0interval_in_seconds\";i:604800;}',3,1,'2023-09-25 08:50:53','2023-09-25 08:50:53',0,NULL,10),(147,'action_scheduler/migration_hook','failed','2023-09-18 08:54:20','2023-09-18 08:54:20','[]','O:30:\"ActionScheduler_SimpleSchedule\":2:{s:22:\"\0*\0scheduled_timestamp\";i:1695027260;s:41:\"\0ActionScheduler_SimpleSchedule\0timestamp\";i:1695027260;}',1,1,'2023-09-18 08:54:46','2023-09-18 08:54:46',0,NULL,10),(161,'action_scheduler/migration_hook','failed','2023-09-19 23:42:33','2023-09-19 23:42:33','[]','O:30:\"ActionScheduler_SimpleSchedule\":2:{s:22:\"\0*\0scheduled_timestamp\";i:1695166953;s:41:\"\0ActionScheduler_SimpleSchedule\0timestamp\";i:1695166953;}',1,1,'2023-09-19 23:44:07','2023-09-19 23:44:07',0,NULL,10),(167,'action_scheduler/migration_hook','failed','2023-09-20 12:39:36','2023-09-20 12:39:36','[]','O:30:\"ActionScheduler_SimpleSchedule\":2:{s:22:\"\0*\0scheduled_timestamp\";i:1695213576;s:41:\"\0ActionScheduler_SimpleSchedule\0timestamp\";i:1695213576;}',1,1,'2023-09-20 12:39:42','2023-09-20 12:39:42',0,NULL,10),(213,'woocommerce_update_marketplace_suggestions','failed','2023-10-02 08:50:53','2023-10-02 08:50:53','[]','O:32:\"ActionScheduler_IntervalSchedule\":5:{s:22:\"\0*\0scheduled_timestamp\";i:1696236653;s:18:\"\0*\0first_timestamp\";i:1570378827;s:13:\"\0*\0recurrence\";i:604800;s:49:\"\0ActionScheduler_IntervalSchedule\0start_timestamp\";i:1696236653;s:53:\"\0ActionScheduler_IntervalSchedule\0interval_in_seconds\";i:604800;}',3,1,'2023-10-02 08:52:18','2023-10-02 08:52:18',0,NULL,10),(240,'wpforms_admin_addons_cache_update','failed','2023-10-09 09:37:19','2023-10-09 09:37:19','{\"tasks_meta_id\":3}','O:32:\"ActionScheduler_IntervalSchedule\":5:{s:22:\"\0*\0scheduled_timestamp\";i:1696844239;s:18:\"\0*\0first_timestamp\";i:1694423021;s:13:\"\0*\0recurrence\";i:604800;s:49:\"\0ActionScheduler_IntervalSchedule\0start_timestamp\";i:1696844239;s:53:\"\0ActionScheduler_IntervalSchedule\0interval_in_seconds\";i:604800;}',6,1,'2023-10-09 21:06:42','2023-10-09 21:06:42',0,NULL,10),(241,'wpforms_admin_builder_templates_cache_update','failed','2023-10-09 09:37:19','2023-10-09 09:37:19','{\"tasks_meta_id\":4}','O:32:\"ActionScheduler_IntervalSchedule\":5:{s:22:\"\0*\0scheduled_timestamp\";i:1696844239;s:18:\"\0*\0first_timestamp\";i:1694423055;s:13:\"\0*\0recurrence\";i:604800;s:49:\"\0ActionScheduler_IntervalSchedule\0start_timestamp\";i:1696844239;s:53:\"\0ActionScheduler_IntervalSchedule\0interval_in_seconds\";i:604800;}',6,1,'2023-10-09 21:06:42','2023-10-09 21:06:42',0,NULL,10),(242,'wpforms_builder_help_cache_update','failed','2023-10-09 09:37:19','2023-10-09 09:37:19','{\"tasks_meta_id\":5}','O:32:\"ActionScheduler_IntervalSchedule\":5:{s:22:\"\0*\0scheduled_timestamp\";i:1696844239;s:18:\"\0*\0first_timestamp\";i:1694423125;s:13:\"\0*\0recurrence\";i:604800;s:49:\"\0ActionScheduler_IntervalSchedule\0start_timestamp\";i:1696844239;s:53:\"\0ActionScheduler_IntervalSchedule\0interval_in_seconds\";i:604800;}',6,1,'2023-10-09 21:06:42','2023-10-09 21:06:42',0,NULL,10),(6450,'wpforms_admin_addons_cache_update','failed','2023-12-18 22:34:23','2023-12-18 22:34:23','{\"tasks_meta_id\":3}','O:32:\"ActionScheduler_IntervalSchedule\":5:{s:22:\"\0*\0scheduled_timestamp\";i:1702938863;s:18:\"\0*\0first_timestamp\";i:1694423021;s:13:\"\0*\0recurrence\";i:604800;s:49:\"\0ActionScheduler_IntervalSchedule\0start_timestamp\";i:1702938863;s:53:\"\0ActionScheduler_IntervalSchedule\0interval_in_seconds\";i:604800;}',6,1,'2023-12-18 22:34:52','2023-12-18 22:34:52',0,NULL,10),(6451,'wpforms_admin_builder_templates_cache_update','failed','2023-12-18 22:34:23','2023-12-18 22:34:23','{\"tasks_meta_id\":4}','O:32:\"ActionScheduler_IntervalSchedule\":5:{s:22:\"\0*\0scheduled_timestamp\";i:1702938863;s:18:\"\0*\0first_timestamp\";i:1694423055;s:13:\"\0*\0recurrence\";i:604800;s:49:\"\0ActionScheduler_IntervalSchedule\0start_timestamp\";i:1702938863;s:53:\"\0ActionScheduler_IntervalSchedule\0interval_in_seconds\";i:604800;}',6,1,'2023-12-18 22:34:52','2023-12-18 22:34:52',0,NULL,10),(6452,'wpforms_builder_help_cache_update','failed','2023-12-18 22:34:23','2023-12-18 22:34:23','{\"tasks_meta_id\":5}','O:32:\"ActionScheduler_IntervalSchedule\":5:{s:22:\"\0*\0scheduled_timestamp\";i:1702938863;s:18:\"\0*\0first_timestamp\";i:1694423125;s:13:\"\0*\0recurrence\";i:604800;s:49:\"\0ActionScheduler_IntervalSchedule\0start_timestamp\";i:1702938863;s:53:\"\0ActionScheduler_IntervalSchedule\0interval_in_seconds\";i:604800;}',6,1,'2023-12-18 22:34:52','2023-12-18 22:34:52',0,NULL,10),(14355,'woocommerce_cleanup_draft_orders','failed','2024-01-07 11:50:21','2024-01-07 11:50:21','[]','O:32:\"ActionScheduler_IntervalSchedule\":5:{s:22:\"\0*\0scheduled_timestamp\";i:1704628221;s:18:\"\0*\0first_timestamp\";i:1704367980;s:13:\"\0*\0recurrence\";i:86400;s:49:\"\0ActionScheduler_IntervalSchedule\0start_timestamp\";i:1704628221;s:53:\"\0ActionScheduler_IntervalSchedule\0interval_in_seconds\";i:86400;}',3,1,'2024-01-07 12:30:23','2024-01-07 12:30:23',0,NULL,10),(17887,'wpforms_email_summaries_fetch_info_blocks','complete','2024-01-29 23:45:42','2024-01-29 23:45:42','{\"tasks_meta_id\":null}','O:32:\"ActionScheduler_IntervalSchedule\":5:{s:22:\"\0*\0scheduled_timestamp\";i:1706571942;s:18:\"\0*\0first_timestamp\";i:1693256985;s:13:\"\0*\0recurrence\";i:604800;s:49:\"\0ActionScheduler_IntervalSchedule\0start_timestamp\";i:1706571942;s:53:\"\0ActionScheduler_IntervalSchedule\0interval_in_seconds\";i:604800;}',6,1,'2024-01-29 23:47:13','2024-01-29 23:47:13',0,NULL,10),(17888,'wpforms_admin_addons_cache_update','complete','2024-01-29 23:45:43','2024-01-29 23:45:43','{\"tasks_meta_id\":3}','O:32:\"ActionScheduler_IntervalSchedule\":5:{s:22:\"\0*\0scheduled_timestamp\";i:1706571943;s:18:\"\0*\0first_timestamp\";i:1694423021;s:13:\"\0*\0recurrence\";i:604800;s:49:\"\0ActionScheduler_IntervalSchedule\0start_timestamp\";i:1706571943;s:53:\"\0ActionScheduler_IntervalSchedule\0interval_in_seconds\";i:604800;}',6,1,'2024-01-29 23:47:13','2024-01-29 23:47:13',0,NULL,10),(17889,'wpforms_admin_builder_templates_cache_update','complete','2024-01-29 23:45:43','2024-01-29 23:45:43','{\"tasks_meta_id\":4}','O:32:\"ActionScheduler_IntervalSchedule\":5:{s:22:\"\0*\0scheduled_timestamp\";i:1706571943;s:18:\"\0*\0first_timestamp\";i:1694423055;s:13:\"\0*\0recurrence\";i:604800;s:49:\"\0ActionScheduler_IntervalSchedule\0start_timestamp\";i:1706571943;s:53:\"\0ActionScheduler_IntervalSchedule\0interval_in_seconds\";i:604800;}',6,1,'2024-01-29 23:47:14','2024-01-29 23:47:14',0,NULL,10),(17890,'wpforms_builder_help_cache_update','complete','2024-01-29 23:45:43','2024-01-29 23:45:43','{\"tasks_meta_id\":5}','O:32:\"ActionScheduler_IntervalSchedule\":5:{s:22:\"\0*\0scheduled_timestamp\";i:1706571943;s:18:\"\0*\0first_timestamp\";i:1694423125;s:13:\"\0*\0recurrence\";i:604800;s:49:\"\0ActionScheduler_IntervalSchedule\0start_timestamp\";i:1706571943;s:53:\"\0ActionScheduler_IntervalSchedule\0interval_in_seconds\";i:604800;}',6,1,'2024-01-29 23:47:14','2024-01-29 23:47:14',0,NULL,10),(18537,'wp_mail_smtp_admin_notifications_update','complete','2024-01-25 22:33:33','2024-01-25 22:33:33','[1]','O:32:\"ActionScheduler_IntervalSchedule\":5:{s:22:\"\0*\0scheduled_timestamp\";i:1706222013;s:18:\"\0*\0first_timestamp\";i:1693817224;s:13:\"\0*\0recurrence\";i:86400;s:49:\"\0ActionScheduler_IntervalSchedule\0start_timestamp\";i:1706222013;s:53:\"\0ActionScheduler_IntervalSchedule\0interval_in_seconds\";i:86400;}',5,1,'2024-01-25 23:07:57','2024-01-25 23:07:57',0,NULL,10),(18538,'wpforms_process_forms_locator_scan','complete','2024-01-25 22:33:33','2024-01-25 22:33:33','{\"tasks_meta_id\":1}','O:32:\"ActionScheduler_IntervalSchedule\":5:{s:22:\"\0*\0scheduled_timestamp\";i:1706222013;s:18:\"\0*\0first_timestamp\";i:1693818188;s:13:\"\0*\0recurrence\";i:86400;s:49:\"\0ActionScheduler_IntervalSchedule\0start_timestamp\";i:1706222013;s:53:\"\0ActionScheduler_IntervalSchedule\0interval_in_seconds\";i:86400;}',6,1,'2024-01-25 23:07:57','2024-01-25 23:07:57',0,NULL,10),(18843,'wp_mail_smtp_admin_notifications_update','complete','2024-01-26 23:07:57','2024-01-26 23:07:57','[1]','O:32:\"ActionScheduler_IntervalSchedule\":5:{s:22:\"\0*\0scheduled_timestamp\";i:1706310477;s:18:\"\0*\0first_timestamp\";i:1693817224;s:13:\"\0*\0recurrence\";i:86400;s:49:\"\0ActionScheduler_IntervalSchedule\0start_timestamp\";i:1706310477;s:53:\"\0ActionScheduler_IntervalSchedule\0interval_in_seconds\";i:86400;}',5,1,'2024-01-26 23:38:18','2024-01-26 23:38:18',0,NULL,10),(18844,'wpforms_process_forms_locator_scan','complete','2024-01-26 23:07:57','2024-01-26 23:07:57','{\"tasks_meta_id\":1}','O:32:\"ActionScheduler_IntervalSchedule\":5:{s:22:\"\0*\0scheduled_timestamp\";i:1706310477;s:18:\"\0*\0first_timestamp\";i:1693818188;s:13:\"\0*\0recurrence\";i:86400;s:49:\"\0ActionScheduler_IntervalSchedule\0start_timestamp\";i:1706310477;s:53:\"\0ActionScheduler_IntervalSchedule\0interval_in_seconds\";i:86400;}',6,1,'2024-01-26 23:38:18','2024-01-26 23:38:18',0,NULL,10),(19088,'wp_mail_smtp_admin_notifications_update','complete','2024-01-27 23:38:18','2024-01-27 23:38:18','[1]','O:32:\"ActionScheduler_IntervalSchedule\":5:{s:22:\"\0*\0scheduled_timestamp\";i:1706398698;s:18:\"\0*\0first_timestamp\";i:1693817224;s:13:\"\0*\0recurrence\";i:86400;s:49:\"\0ActionScheduler_IntervalSchedule\0start_timestamp\";i:1706398698;s:53:\"\0ActionScheduler_IntervalSchedule\0interval_in_seconds\";i:86400;}',5,1,'2024-01-27 23:54:15','2024-01-27 23:54:15',0,NULL,10),(19089,'wpforms_process_forms_locator_scan','complete','2024-01-27 23:38:18','2024-01-27 23:38:18','{\"tasks_meta_id\":1}','O:32:\"ActionScheduler_IntervalSchedule\":5:{s:22:\"\0*\0scheduled_timestamp\";i:1706398698;s:18:\"\0*\0first_timestamp\";i:1693818188;s:13:\"\0*\0recurrence\";i:86400;s:49:\"\0ActionScheduler_IntervalSchedule\0start_timestamp\";i:1706398698;s:53:\"\0ActionScheduler_IntervalSchedule\0interval_in_seconds\";i:86400;}',6,1,'2024-01-27 23:54:15','2024-01-27 23:54:15',0,NULL,10),(19434,'wp_mail_smtp_admin_notifications_update','complete','2024-01-28 23:54:15','2024-01-28 23:54:15','[1]','O:32:\"ActionScheduler_IntervalSchedule\":5:{s:22:\"\0*\0scheduled_timestamp\";i:1706486055;s:18:\"\0*\0first_timestamp\";i:1693817224;s:13:\"\0*\0recurrence\";i:86400;s:49:\"\0ActionScheduler_IntervalSchedule\0start_timestamp\";i:1706486055;s:53:\"\0ActionScheduler_IntervalSchedule\0interval_in_seconds\";i:86400;}',5,1,'2024-01-29 00:19:02','2024-01-29 00:19:02',0,NULL,10),(19435,'wpforms_process_forms_locator_scan','complete','2024-01-28 23:54:15','2024-01-28 23:54:15','{\"tasks_meta_id\":1}','O:32:\"ActionScheduler_IntervalSchedule\":5:{s:22:\"\0*\0scheduled_timestamp\";i:1706486055;s:18:\"\0*\0first_timestamp\";i:1693818188;s:13:\"\0*\0recurrence\";i:86400;s:49:\"\0ActionScheduler_IntervalSchedule\0start_timestamp\";i:1706486055;s:53:\"\0ActionScheduler_IntervalSchedule\0interval_in_seconds\";i:86400;}',6,1,'2024-01-29 00:19:02','2024-01-29 00:19:02',0,NULL,10),(19520,'wpforms_admin_notifications_update','complete','2024-01-28 09:46:31','2024-01-28 09:46:31','{\"tasks_meta_id\":129}','O:28:\"ActionScheduler_NullSchedule\":0:{}',6,1,'2024-01-28 09:46:47','2024-01-28 09:46:47',0,NULL,10),(19890,'wp_mail_smtp_admin_notifications_update','complete','2024-01-30 00:19:02','2024-01-30 00:19:02','[1]','O:32:\"ActionScheduler_IntervalSchedule\":5:{s:22:\"\0*\0scheduled_timestamp\";i:1706573942;s:18:\"\0*\0first_timestamp\";i:1693817224;s:13:\"\0*\0recurrence\";i:86400;s:49:\"\0ActionScheduler_IntervalSchedule\0start_timestamp\";i:1706573942;s:53:\"\0ActionScheduler_IntervalSchedule\0interval_in_seconds\";i:86400;}',5,1,'2024-01-30 01:02:21','2024-01-30 01:02:21',0,NULL,10),(19891,'wpforms_process_forms_locator_scan','complete','2024-01-30 00:19:02','2024-01-30 00:19:02','{\"tasks_meta_id\":1}','O:32:\"ActionScheduler_IntervalSchedule\":5:{s:22:\"\0*\0scheduled_timestamp\";i:1706573942;s:18:\"\0*\0first_timestamp\";i:1693818188;s:13:\"\0*\0recurrence\";i:86400;s:49:\"\0ActionScheduler_IntervalSchedule\0start_timestamp\";i:1706573942;s:53:\"\0ActionScheduler_IntervalSchedule\0interval_in_seconds\";i:86400;}',6,1,'2024-01-30 01:02:21','2024-01-30 01:02:21',0,NULL,10),(20226,'wpforms_admin_notifications_update','complete','2024-01-29 09:47:15','2024-01-29 09:47:15','{\"tasks_meta_id\":130}','O:28:\"ActionScheduler_NullSchedule\":0:{}',6,1,'2024-01-29 09:47:57','2024-01-29 09:47:57',0,NULL,10),(20504,'wpforms_email_summaries_fetch_info_blocks','complete','2024-02-05 23:47:13','2024-02-05 23:47:13','{\"tasks_meta_id\":null}','O:32:\"ActionScheduler_IntervalSchedule\":5:{s:22:\"\0*\0scheduled_timestamp\";i:1707176833;s:18:\"\0*\0first_timestamp\";i:1693256985;s:13:\"\0*\0recurrence\";i:604800;s:49:\"\0ActionScheduler_IntervalSchedule\0start_timestamp\";i:1707176833;s:53:\"\0ActionScheduler_IntervalSchedule\0interval_in_seconds\";i:604800;}',6,1,'2024-02-05 23:48:41','2024-02-05 23:48:41',0,NULL,10),(20505,'wpforms_admin_addons_cache_update','complete','2024-02-05 23:47:13','2024-02-05 23:47:13','{\"tasks_meta_id\":3}','O:32:\"ActionScheduler_IntervalSchedule\":5:{s:22:\"\0*\0scheduled_timestamp\";i:1707176833;s:18:\"\0*\0first_timestamp\";i:1694423021;s:13:\"\0*\0recurrence\";i:604800;s:49:\"\0ActionScheduler_IntervalSchedule\0start_timestamp\";i:1707176833;s:53:\"\0ActionScheduler_IntervalSchedule\0interval_in_seconds\";i:604800;}',6,1,'2024-02-05 23:48:41','2024-02-05 23:48:41',0,NULL,10),(20506,'wpforms_admin_builder_templates_cache_update','complete','2024-02-05 23:47:14','2024-02-05 23:47:14','{\"tasks_meta_id\":4}','O:32:\"ActionScheduler_IntervalSchedule\":5:{s:22:\"\0*\0scheduled_timestamp\";i:1707176834;s:18:\"\0*\0first_timestamp\";i:1694423055;s:13:\"\0*\0recurrence\";i:604800;s:49:\"\0ActionScheduler_IntervalSchedule\0start_timestamp\";i:1707176834;s:53:\"\0ActionScheduler_IntervalSchedule\0interval_in_seconds\";i:604800;}',6,1,'2024-02-05 23:48:42','2024-02-05 23:48:42',0,NULL,10),(20507,'wpforms_builder_help_cache_update','complete','2024-02-05 23:47:14','2024-02-05 23:47:14','{\"tasks_meta_id\":5}','O:32:\"ActionScheduler_IntervalSchedule\":5:{s:22:\"\0*\0scheduled_timestamp\";i:1707176834;s:18:\"\0*\0first_timestamp\";i:1694423125;s:13:\"\0*\0recurrence\";i:604800;s:49:\"\0ActionScheduler_IntervalSchedule\0start_timestamp\";i:1707176834;s:53:\"\0ActionScheduler_IntervalSchedule\0interval_in_seconds\";i:604800;}',6,1,'2024-02-05 23:48:42','2024-02-05 23:48:42',0,NULL,10),(20512,'wp_mail_smtp_admin_notifications_update','complete','2024-01-31 01:02:21','2024-01-31 01:02:21','[1]','O:32:\"ActionScheduler_IntervalSchedule\":5:{s:22:\"\0*\0scheduled_timestamp\";i:1706662941;s:18:\"\0*\0first_timestamp\";i:1693817224;s:13:\"\0*\0recurrence\";i:86400;s:49:\"\0ActionScheduler_IntervalSchedule\0start_timestamp\";i:1706662941;s:53:\"\0ActionScheduler_IntervalSchedule\0interval_in_seconds\";i:86400;}',5,1,'2024-01-31 01:08:10','2024-01-31 01:08:10',0,NULL,10),(20513,'wpforms_process_forms_locator_scan','complete','2024-01-31 01:02:21','2024-01-31 01:02:21','{\"tasks_meta_id\":1}','O:32:\"ActionScheduler_IntervalSchedule\":5:{s:22:\"\0*\0scheduled_timestamp\";i:1706662941;s:18:\"\0*\0first_timestamp\";i:1693818188;s:13:\"\0*\0recurrence\";i:86400;s:49:\"\0ActionScheduler_IntervalSchedule\0start_timestamp\";i:1706662941;s:53:\"\0ActionScheduler_IntervalSchedule\0interval_in_seconds\";i:86400;}',6,1,'2024-01-31 01:08:10','2024-01-31 01:08:10',0,NULL,10),(20862,'wp_mail_smtp_admin_notifications_update','complete','2024-02-01 01:08:10','2024-02-01 01:08:10','[1]','O:32:\"ActionScheduler_IntervalSchedule\":5:{s:22:\"\0*\0scheduled_timestamp\";i:1706749690;s:18:\"\0*\0first_timestamp\";i:1693817224;s:13:\"\0*\0recurrence\";i:86400;s:49:\"\0ActionScheduler_IntervalSchedule\0start_timestamp\";i:1706749690;s:53:\"\0ActionScheduler_IntervalSchedule\0interval_in_seconds\";i:86400;}',5,1,'2024-02-01 01:10:27','2024-02-01 01:10:27',0,NULL,10),(20863,'wpforms_process_forms_locator_scan','complete','2024-02-01 01:08:10','2024-02-01 01:08:10','{\"tasks_meta_id\":1}','O:32:\"ActionScheduler_IntervalSchedule\":5:{s:22:\"\0*\0scheduled_timestamp\";i:1706749690;s:18:\"\0*\0first_timestamp\";i:1693818188;s:13:\"\0*\0recurrence\";i:86400;s:49:\"\0ActionScheduler_IntervalSchedule\0start_timestamp\";i:1706749690;s:53:\"\0ActionScheduler_IntervalSchedule\0interval_in_seconds\";i:86400;}',6,1,'2024-02-01 01:10:27','2024-02-01 01:10:27',0,NULL,10),(21219,'wp_mail_smtp_admin_notifications_update','complete','2024-02-02 01:10:27','2024-02-02 01:10:27','[1]','O:32:\"ActionScheduler_IntervalSchedule\":5:{s:22:\"\0*\0scheduled_timestamp\";i:1706836227;s:18:\"\0*\0first_timestamp\";i:1693817224;s:13:\"\0*\0recurrence\";i:86400;s:49:\"\0ActionScheduler_IntervalSchedule\0start_timestamp\";i:1706836227;s:53:\"\0ActionScheduler_IntervalSchedule\0interval_in_seconds\";i:86400;}',5,1,'2024-02-02 01:14:27','2024-02-02 01:14:27',0,NULL,10),(21220,'wpforms_process_forms_locator_scan','complete','2024-02-02 01:10:27','2024-02-02 01:10:27','{\"tasks_meta_id\":1}','O:32:\"ActionScheduler_IntervalSchedule\":5:{s:22:\"\0*\0scheduled_timestamp\";i:1706836227;s:18:\"\0*\0first_timestamp\";i:1693818188;s:13:\"\0*\0recurrence\";i:86400;s:49:\"\0ActionScheduler_IntervalSchedule\0start_timestamp\";i:1706836227;s:53:\"\0ActionScheduler_IntervalSchedule\0interval_in_seconds\";i:86400;}',6,1,'2024-02-02 01:14:28','2024-02-02 01:14:28',0,NULL,10),(21344,'wpforms_admin_notifications_update','complete','2024-02-01 10:57:22','2024-02-01 10:57:22','{\"tasks_meta_id\":131}','O:28:\"ActionScheduler_NullSchedule\":0:{}',6,1,'2024-02-01 10:57:25','2024-02-01 10:57:25',0,NULL,10),(21345,'wpforms_admin_notifications_update','complete','2024-02-01 10:57:29','2024-02-01 10:57:29','{\"tasks_meta_id\":132}','O:28:\"ActionScheduler_NullSchedule\":0:{}',6,1,'2024-02-01 10:57:30','2024-02-01 10:57:30',0,NULL,10),(21527,'wp_mail_smtp_admin_notifications_update','complete','2024-02-03 01:14:27','2024-02-03 01:14:27','[1]','O:32:\"ActionScheduler_IntervalSchedule\":5:{s:22:\"\0*\0scheduled_timestamp\";i:1706922867;s:18:\"\0*\0first_timestamp\";i:1693817224;s:13:\"\0*\0recurrence\";i:86400;s:49:\"\0ActionScheduler_IntervalSchedule\0start_timestamp\";i:1706922867;s:53:\"\0ActionScheduler_IntervalSchedule\0interval_in_seconds\";i:86400;}',5,1,'2024-02-03 01:39:59','2024-02-03 01:39:59',0,NULL,10),(21528,'wpforms_process_forms_locator_scan','complete','2024-02-03 01:14:28','2024-02-03 01:14:28','{\"tasks_meta_id\":1}','O:32:\"ActionScheduler_IntervalSchedule\":5:{s:22:\"\0*\0scheduled_timestamp\";i:1706922868;s:18:\"\0*\0first_timestamp\";i:1693818188;s:13:\"\0*\0recurrence\";i:86400;s:49:\"\0ActionScheduler_IntervalSchedule\0start_timestamp\";i:1706922868;s:53:\"\0ActionScheduler_IntervalSchedule\0interval_in_seconds\";i:86400;}',6,1,'2024-02-03 01:39:59','2024-02-03 01:39:59',0,NULL,10),(21872,'wp_mail_smtp_admin_notifications_update','complete','2024-02-04 01:39:59','2024-02-04 01:39:59','[1]','O:32:\"ActionScheduler_IntervalSchedule\":5:{s:22:\"\0*\0scheduled_timestamp\";i:1707010799;s:18:\"\0*\0first_timestamp\";i:1693817224;s:13:\"\0*\0recurrence\";i:86400;s:49:\"\0ActionScheduler_IntervalSchedule\0start_timestamp\";i:1707010799;s:53:\"\0ActionScheduler_IntervalSchedule\0interval_in_seconds\";i:86400;}',5,1,'2024-02-04 01:39:59','2024-02-04 01:39:59',0,NULL,10),(21873,'wpforms_process_forms_locator_scan','complete','2024-02-04 01:39:59','2024-02-04 01:39:59','{\"tasks_meta_id\":1}','O:32:\"ActionScheduler_IntervalSchedule\":5:{s:22:\"\0*\0scheduled_timestamp\";i:1707010799;s:18:\"\0*\0first_timestamp\";i:1693818188;s:13:\"\0*\0recurrence\";i:86400;s:49:\"\0ActionScheduler_IntervalSchedule\0start_timestamp\";i:1707010799;s:53:\"\0ActionScheduler_IntervalSchedule\0interval_in_seconds\";i:86400;}',6,1,'2024-02-04 01:39:59','2024-02-04 01:39:59',0,NULL,10),(22083,'wp_mail_smtp_admin_notifications_update','complete','2024-02-05 01:39:59','2024-02-05 01:39:59','[1]','O:32:\"ActionScheduler_IntervalSchedule\":5:{s:22:\"\0*\0scheduled_timestamp\";i:1707097199;s:18:\"\0*\0first_timestamp\";i:1693817224;s:13:\"\0*\0recurrence\";i:86400;s:49:\"\0ActionScheduler_IntervalSchedule\0start_timestamp\";i:1707097199;s:53:\"\0ActionScheduler_IntervalSchedule\0interval_in_seconds\";i:86400;}',5,1,'2024-02-05 01:40:04','2024-02-05 01:40:04',0,NULL,10),(22084,'wpforms_process_forms_locator_scan','complete','2024-02-05 01:39:59','2024-02-05 01:39:59','{\"tasks_meta_id\":1}','O:32:\"ActionScheduler_IntervalSchedule\":5:{s:22:\"\0*\0scheduled_timestamp\";i:1707097199;s:18:\"\0*\0first_timestamp\";i:1693818188;s:13:\"\0*\0recurrence\";i:86400;s:49:\"\0ActionScheduler_IntervalSchedule\0start_timestamp\";i:1707097199;s:53:\"\0ActionScheduler_IntervalSchedule\0interval_in_seconds\";i:86400;}',6,1,'2024-02-05 01:40:04','2024-02-05 01:40:04',0,NULL,10),(22274,'wp_mail_smtp_admin_notifications_update','complete','2024-02-06 01:40:04','2024-02-06 01:40:04','[1]','O:32:\"ActionScheduler_IntervalSchedule\":5:{s:22:\"\0*\0scheduled_timestamp\";i:1707183604;s:18:\"\0*\0first_timestamp\";i:1693817224;s:13:\"\0*\0recurrence\";i:86400;s:49:\"\0ActionScheduler_IntervalSchedule\0start_timestamp\";i:1707183604;s:53:\"\0ActionScheduler_IntervalSchedule\0interval_in_seconds\";i:86400;}',5,1,'2024-02-06 01:40:21','2024-02-06 01:40:21',0,NULL,10),(22275,'wpforms_process_forms_locator_scan','complete','2024-02-06 01:40:04','2024-02-06 01:40:04','{\"tasks_meta_id\":1}','O:32:\"ActionScheduler_IntervalSchedule\":5:{s:22:\"\0*\0scheduled_timestamp\";i:1707183604;s:18:\"\0*\0first_timestamp\";i:1693818188;s:13:\"\0*\0recurrence\";i:86400;s:49:\"\0ActionScheduler_IntervalSchedule\0start_timestamp\";i:1707183604;s:53:\"\0ActionScheduler_IntervalSchedule\0interval_in_seconds\";i:86400;}',6,1,'2024-02-06 01:40:21','2024-02-06 01:40:21',0,NULL,10),(22497,'wpforms_email_summaries_fetch_info_blocks','complete','2024-02-12 23:48:41','2024-02-12 23:48:41','{\"tasks_meta_id\":null}','O:32:\"ActionScheduler_IntervalSchedule\":5:{s:22:\"\0*\0scheduled_timestamp\";i:1707781721;s:18:\"\0*\0first_timestamp\";i:1693256985;s:13:\"\0*\0recurrence\";i:604800;s:49:\"\0ActionScheduler_IntervalSchedule\0start_timestamp\";i:1707781721;s:53:\"\0ActionScheduler_IntervalSchedule\0interval_in_seconds\";i:604800;}',6,1,'2024-02-13 00:02:42','2024-02-13 00:02:42',0,NULL,10),(22498,'wpforms_admin_addons_cache_update','complete','2024-02-12 23:48:41','2024-02-12 23:48:41','{\"tasks_meta_id\":3}','O:32:\"ActionScheduler_IntervalSchedule\":5:{s:22:\"\0*\0scheduled_timestamp\";i:1707781721;s:18:\"\0*\0first_timestamp\";i:1694423021;s:13:\"\0*\0recurrence\";i:604800;s:49:\"\0ActionScheduler_IntervalSchedule\0start_timestamp\";i:1707781721;s:53:\"\0ActionScheduler_IntervalSchedule\0interval_in_seconds\";i:604800;}',6,1,'2024-02-13 00:02:42','2024-02-13 00:02:42',0,NULL,10),(22499,'wpforms_admin_builder_templates_cache_update','complete','2024-02-12 23:48:42','2024-02-12 23:48:42','{\"tasks_meta_id\":4}','O:32:\"ActionScheduler_IntervalSchedule\":5:{s:22:\"\0*\0scheduled_timestamp\";i:1707781722;s:18:\"\0*\0first_timestamp\";i:1694423055;s:13:\"\0*\0recurrence\";i:604800;s:49:\"\0ActionScheduler_IntervalSchedule\0start_timestamp\";i:1707781722;s:53:\"\0ActionScheduler_IntervalSchedule\0interval_in_seconds\";i:604800;}',6,1,'2024-02-13 00:02:42','2024-02-13 00:02:42',0,NULL,10),(22500,'wpforms_builder_help_cache_update','complete','2024-02-12 23:48:42','2024-02-12 23:48:42','{\"tasks_meta_id\":5}','O:32:\"ActionScheduler_IntervalSchedule\":5:{s:22:\"\0*\0scheduled_timestamp\";i:1707781722;s:18:\"\0*\0first_timestamp\";i:1694423125;s:13:\"\0*\0recurrence\";i:604800;s:49:\"\0ActionScheduler_IntervalSchedule\0start_timestamp\";i:1707781722;s:53:\"\0ActionScheduler_IntervalSchedule\0interval_in_seconds\";i:604800;}',6,1,'2024-02-13 00:02:43','2024-02-13 00:02:43',0,NULL,10),(22528,'wp_mail_smtp_admin_notifications_update','complete','2024-02-07 01:40:21','2024-02-07 01:40:21','[1]','O:32:\"ActionScheduler_IntervalSchedule\":5:{s:22:\"\0*\0scheduled_timestamp\";i:1707270021;s:18:\"\0*\0first_timestamp\";i:1693817224;s:13:\"\0*\0recurrence\";i:86400;s:49:\"\0ActionScheduler_IntervalSchedule\0start_timestamp\";i:1707270021;s:53:\"\0ActionScheduler_IntervalSchedule\0interval_in_seconds\";i:86400;}',5,1,'2024-02-07 01:42:12','2024-02-07 01:42:12',0,NULL,10),(22529,'wpforms_process_forms_locator_scan','complete','2024-02-07 01:40:21','2024-02-07 01:40:21','{\"tasks_meta_id\":1}','O:32:\"ActionScheduler_IntervalSchedule\":5:{s:22:\"\0*\0scheduled_timestamp\";i:1707270021;s:18:\"\0*\0first_timestamp\";i:1693818188;s:13:\"\0*\0recurrence\";i:86400;s:49:\"\0ActionScheduler_IntervalSchedule\0start_timestamp\";i:1707270021;s:53:\"\0ActionScheduler_IntervalSchedule\0interval_in_seconds\";i:86400;}',6,1,'2024-02-07 01:42:12','2024-02-07 01:42:12',0,NULL,10),(22843,'wp_mail_smtp_admin_notifications_update','complete','2024-02-08 01:42:12','2024-02-08 01:42:12','[1]','O:32:\"ActionScheduler_IntervalSchedule\":5:{s:22:\"\0*\0scheduled_timestamp\";i:1707356532;s:18:\"\0*\0first_timestamp\";i:1693817224;s:13:\"\0*\0recurrence\";i:86400;s:49:\"\0ActionScheduler_IntervalSchedule\0start_timestamp\";i:1707356532;s:53:\"\0ActionScheduler_IntervalSchedule\0interval_in_seconds\";i:86400;}',5,1,'2024-02-08 02:29:23','2024-02-08 02:29:23',0,NULL,10),(22844,'wpforms_process_forms_locator_scan','complete','2024-02-08 01:42:12','2024-02-08 01:42:12','{\"tasks_meta_id\":1}','O:32:\"ActionScheduler_IntervalSchedule\":5:{s:22:\"\0*\0scheduled_timestamp\";i:1707356532;s:18:\"\0*\0first_timestamp\";i:1693818188;s:13:\"\0*\0recurrence\";i:86400;s:49:\"\0ActionScheduler_IntervalSchedule\0start_timestamp\";i:1707356532;s:53:\"\0ActionScheduler_IntervalSchedule\0interval_in_seconds\";i:86400;}',6,1,'2024-02-08 02:29:23','2024-02-08 02:29:23',0,NULL,10),(23055,'wp_mail_smtp_admin_notifications_update','complete','2024-02-09 02:29:23','2024-02-09 02:29:23','[1]','O:32:\"ActionScheduler_IntervalSchedule\":5:{s:22:\"\0*\0scheduled_timestamp\";i:1707445763;s:18:\"\0*\0first_timestamp\";i:1693817224;s:13:\"\0*\0recurrence\";i:86400;s:49:\"\0ActionScheduler_IntervalSchedule\0start_timestamp\";i:1707445763;s:53:\"\0ActionScheduler_IntervalSchedule\0interval_in_seconds\";i:86400;}',5,1,'2024-02-09 02:29:54','2024-02-09 02:29:54',0,NULL,10),(23056,'wpforms_process_forms_locator_scan','complete','2024-02-09 02:29:23','2024-02-09 02:29:23','{\"tasks_meta_id\":1}','O:32:\"ActionScheduler_IntervalSchedule\":5:{s:22:\"\0*\0scheduled_timestamp\";i:1707445763;s:18:\"\0*\0first_timestamp\";i:1693818188;s:13:\"\0*\0recurrence\";i:86400;s:49:\"\0ActionScheduler_IntervalSchedule\0start_timestamp\";i:1707445763;s:53:\"\0ActionScheduler_IntervalSchedule\0interval_in_seconds\";i:86400;}',6,1,'2024-02-09 02:29:54','2024-02-09 02:29:54',0,NULL,10),(23196,'wp_mail_smtp_admin_notifications_update','complete','2024-02-10 02:29:54','2024-02-10 02:29:54','[1]','O:32:\"ActionScheduler_IntervalSchedule\":5:{s:22:\"\0*\0scheduled_timestamp\";i:1707532194;s:18:\"\0*\0first_timestamp\";i:1693817224;s:13:\"\0*\0recurrence\";i:86400;s:49:\"\0ActionScheduler_IntervalSchedule\0start_timestamp\";i:1707532194;s:53:\"\0ActionScheduler_IntervalSchedule\0interval_in_seconds\";i:86400;}',5,1,'2024-02-10 02:44:40','2024-02-10 02:44:40',0,NULL,10),(23197,'wpforms_process_forms_locator_scan','complete','2024-02-10 02:29:54','2024-02-10 02:29:54','{\"tasks_meta_id\":1}','O:32:\"ActionScheduler_IntervalSchedule\":5:{s:22:\"\0*\0scheduled_timestamp\";i:1707532194;s:18:\"\0*\0first_timestamp\";i:1693818188;s:13:\"\0*\0recurrence\";i:86400;s:49:\"\0ActionScheduler_IntervalSchedule\0start_timestamp\";i:1707532194;s:53:\"\0ActionScheduler_IntervalSchedule\0interval_in_seconds\";i:86400;}',6,1,'2024-02-10 02:44:40','2024-02-10 02:44:40',0,NULL,10),(23354,'wp_mail_smtp_admin_notifications_update','complete','2024-02-11 02:44:40','2024-02-11 02:44:40','[1]','O:32:\"ActionScheduler_IntervalSchedule\":5:{s:22:\"\0*\0scheduled_timestamp\";i:1707619480;s:18:\"\0*\0first_timestamp\";i:1693817224;s:13:\"\0*\0recurrence\";i:86400;s:49:\"\0ActionScheduler_IntervalSchedule\0start_timestamp\";i:1707619480;s:53:\"\0ActionScheduler_IntervalSchedule\0interval_in_seconds\";i:86400;}',5,1,'2024-02-11 03:02:48','2024-02-11 03:02:48',0,NULL,10),(23355,'wpforms_process_forms_locator_scan','complete','2024-02-11 02:44:40','2024-02-11 02:44:40','{\"tasks_meta_id\":1}','O:32:\"ActionScheduler_IntervalSchedule\":5:{s:22:\"\0*\0scheduled_timestamp\";i:1707619480;s:18:\"\0*\0first_timestamp\";i:1693818188;s:13:\"\0*\0recurrence\";i:86400;s:49:\"\0ActionScheduler_IntervalSchedule\0start_timestamp\";i:1707619480;s:53:\"\0ActionScheduler_IntervalSchedule\0interval_in_seconds\";i:86400;}',6,1,'2024-02-11 03:02:48','2024-02-11 03:02:48',0,NULL,10),(23614,'wp_mail_smtp_admin_notifications_update','complete','2024-02-12 03:02:48','2024-02-12 03:02:48','[1]','O:32:\"ActionScheduler_IntervalSchedule\":5:{s:22:\"\0*\0scheduled_timestamp\";i:1707706968;s:18:\"\0*\0first_timestamp\";i:1693817224;s:13:\"\0*\0recurrence\";i:86400;s:49:\"\0ActionScheduler_IntervalSchedule\0start_timestamp\";i:1707706968;s:53:\"\0ActionScheduler_IntervalSchedule\0interval_in_seconds\";i:86400;}',5,1,'2024-02-12 03:04:42','2024-02-12 03:04:42',0,NULL,10),(23615,'wpforms_process_forms_locator_scan','complete','2024-02-12 03:02:48','2024-02-12 03:02:48','{\"tasks_meta_id\":1}','O:32:\"ActionScheduler_IntervalSchedule\":5:{s:22:\"\0*\0scheduled_timestamp\";i:1707706968;s:18:\"\0*\0first_timestamp\";i:1693818188;s:13:\"\0*\0recurrence\";i:86400;s:49:\"\0ActionScheduler_IntervalSchedule\0start_timestamp\";i:1707706968;s:53:\"\0ActionScheduler_IntervalSchedule\0interval_in_seconds\";i:86400;}',6,1,'2024-02-12 03:04:42','2024-02-12 03:04:42',0,NULL,10),(23806,'wp_mail_smtp_admin_notifications_update','complete','2024-02-13 03:04:42','2024-02-13 03:04:42','[1]','O:32:\"ActionScheduler_IntervalSchedule\":5:{s:22:\"\0*\0scheduled_timestamp\";i:1707793482;s:18:\"\0*\0first_timestamp\";i:1693817224;s:13:\"\0*\0recurrence\";i:86400;s:49:\"\0ActionScheduler_IntervalSchedule\0start_timestamp\";i:1707793482;s:53:\"\0ActionScheduler_IntervalSchedule\0interval_in_seconds\";i:86400;}',5,1,'2024-02-13 03:05:28','2024-02-13 03:05:28',0,NULL,10),(23807,'wpforms_process_forms_locator_scan','complete','2024-02-13 03:04:42','2024-02-13 03:04:42','{\"tasks_meta_id\":1}','O:32:\"ActionScheduler_IntervalSchedule\":5:{s:22:\"\0*\0scheduled_timestamp\";i:1707793482;s:18:\"\0*\0first_timestamp\";i:1693818188;s:13:\"\0*\0recurrence\";i:86400;s:49:\"\0ActionScheduler_IntervalSchedule\0start_timestamp\";i:1707793482;s:53:\"\0ActionScheduler_IntervalSchedule\0interval_in_seconds\";i:86400;}',6,1,'2024-02-13 03:05:29','2024-02-13 03:05:29',0,NULL,10),(24014,'wpforms_email_summaries_fetch_info_blocks','complete','2024-02-20 00:02:42','2024-02-20 00:02:42','{\"tasks_meta_id\":null}','O:32:\"ActionScheduler_IntervalSchedule\":5:{s:22:\"\0*\0scheduled_timestamp\";i:1708387362;s:18:\"\0*\0first_timestamp\";i:1693256985;s:13:\"\0*\0recurrence\";i:604800;s:49:\"\0ActionScheduler_IntervalSchedule\0start_timestamp\";i:1708387362;s:53:\"\0ActionScheduler_IntervalSchedule\0interval_in_seconds\";i:604800;}',6,1,'2024-02-20 00:50:17','2024-02-20 00:50:17',0,NULL,10),(24015,'wpforms_admin_addons_cache_update','complete','2024-02-20 00:02:42','2024-02-20 00:02:42','{\"tasks_meta_id\":3}','O:32:\"ActionScheduler_IntervalSchedule\":5:{s:22:\"\0*\0scheduled_timestamp\";i:1708387362;s:18:\"\0*\0first_timestamp\";i:1694423021;s:13:\"\0*\0recurrence\";i:604800;s:49:\"\0ActionScheduler_IntervalSchedule\0start_timestamp\";i:1708387362;s:53:\"\0ActionScheduler_IntervalSchedule\0interval_in_seconds\";i:604800;}',6,1,'2024-02-20 00:50:17','2024-02-20 00:50:17',0,NULL,10),(24016,'wpforms_admin_builder_templates_cache_update','complete','2024-02-20 00:02:42','2024-02-20 00:02:42','{\"tasks_meta_id\":4}','O:32:\"ActionScheduler_IntervalSchedule\":5:{s:22:\"\0*\0scheduled_timestamp\";i:1708387362;s:18:\"\0*\0first_timestamp\";i:1694423055;s:13:\"\0*\0recurrence\";i:604800;s:49:\"\0ActionScheduler_IntervalSchedule\0start_timestamp\";i:1708387362;s:53:\"\0ActionScheduler_IntervalSchedule\0interval_in_seconds\";i:604800;}',6,1,'2024-02-20 00:50:17','2024-02-20 00:50:17',0,NULL,10),(24017,'wpforms_builder_help_cache_update','complete','2024-02-20 00:02:43','2024-02-20 00:02:43','{\"tasks_meta_id\":5}','O:32:\"ActionScheduler_IntervalSchedule\":5:{s:22:\"\0*\0scheduled_timestamp\";i:1708387363;s:18:\"\0*\0first_timestamp\";i:1694423125;s:13:\"\0*\0recurrence\";i:604800;s:49:\"\0ActionScheduler_IntervalSchedule\0start_timestamp\";i:1708387363;s:53:\"\0ActionScheduler_IntervalSchedule\0interval_in_seconds\";i:604800;}',6,1,'2024-02-20 00:50:17','2024-02-20 00:50:17',0,NULL,10),(24055,'wp_mail_smtp_admin_notifications_update','complete','2024-02-14 03:05:28','2024-02-14 03:05:28','[1]','O:32:\"ActionScheduler_IntervalSchedule\":5:{s:22:\"\0*\0scheduled_timestamp\";i:1707879928;s:18:\"\0*\0first_timestamp\";i:1693817224;s:13:\"\0*\0recurrence\";i:86400;s:49:\"\0ActionScheduler_IntervalSchedule\0start_timestamp\";i:1707879928;s:53:\"\0ActionScheduler_IntervalSchedule\0interval_in_seconds\";i:86400;}',5,1,'2024-02-14 04:08:32','2024-02-14 04:08:32',0,NULL,10),(24056,'wpforms_process_forms_locator_scan','complete','2024-02-14 03:05:29','2024-02-14 03:05:29','{\"tasks_meta_id\":1}','O:32:\"ActionScheduler_IntervalSchedule\":5:{s:22:\"\0*\0scheduled_timestamp\";i:1707879929;s:18:\"\0*\0first_timestamp\";i:1693818188;s:13:\"\0*\0recurrence\";i:86400;s:49:\"\0ActionScheduler_IntervalSchedule\0start_timestamp\";i:1707879929;s:53:\"\0ActionScheduler_IntervalSchedule\0interval_in_seconds\";i:86400;}',6,1,'2024-02-14 04:08:32','2024-02-14 04:08:32',0,NULL,10),(24269,'wp_mail_smtp_admin_notifications_update','complete','2024-02-15 04:08:32','2024-02-15 04:08:32','[1]','O:32:\"ActionScheduler_IntervalSchedule\":5:{s:22:\"\0*\0scheduled_timestamp\";i:1707970112;s:18:\"\0*\0first_timestamp\";i:1693817224;s:13:\"\0*\0recurrence\";i:86400;s:49:\"\0ActionScheduler_IntervalSchedule\0start_timestamp\";i:1707970112;s:53:\"\0ActionScheduler_IntervalSchedule\0interval_in_seconds\";i:86400;}',5,1,'2024-02-15 05:05:34','2024-02-15 05:05:34',0,NULL,10),(24270,'wpforms_process_forms_locator_scan','complete','2024-02-15 04:08:32','2024-02-15 04:08:32','{\"tasks_meta_id\":1}','O:32:\"ActionScheduler_IntervalSchedule\":5:{s:22:\"\0*\0scheduled_timestamp\";i:1707970112;s:18:\"\0*\0first_timestamp\";i:1693818188;s:13:\"\0*\0recurrence\";i:86400;s:49:\"\0ActionScheduler_IntervalSchedule\0start_timestamp\";i:1707970112;s:53:\"\0ActionScheduler_IntervalSchedule\0interval_in_seconds\";i:86400;}',6,1,'2024-02-15 05:05:34','2024-02-15 05:05:34',0,NULL,10),(24457,'wp_mail_smtp_admin_notifications_update','complete','2024-02-16 05:05:34','2024-02-16 05:05:34','[1]','O:32:\"ActionScheduler_IntervalSchedule\":5:{s:22:\"\0*\0scheduled_timestamp\";i:1708059934;s:18:\"\0*\0first_timestamp\";i:1693817224;s:13:\"\0*\0recurrence\";i:86400;s:49:\"\0ActionScheduler_IntervalSchedule\0start_timestamp\";i:1708059934;s:53:\"\0ActionScheduler_IntervalSchedule\0interval_in_seconds\";i:86400;}',5,1,'2024-02-16 05:05:44','2024-02-16 05:05:44',0,NULL,10),(24458,'wpforms_process_forms_locator_scan','complete','2024-02-16 05:05:34','2024-02-16 05:05:34','{\"tasks_meta_id\":1}','O:32:\"ActionScheduler_IntervalSchedule\":5:{s:22:\"\0*\0scheduled_timestamp\";i:1708059934;s:18:\"\0*\0first_timestamp\";i:1693818188;s:13:\"\0*\0recurrence\";i:86400;s:49:\"\0ActionScheduler_IntervalSchedule\0start_timestamp\";i:1708059934;s:53:\"\0ActionScheduler_IntervalSchedule\0interval_in_seconds\";i:86400;}',6,1,'2024-02-16 05:05:44','2024-02-16 05:05:44',0,NULL,10),(24673,'wp_mail_smtp_admin_notifications_update','complete','2024-02-17 05:05:44','2024-02-17 05:05:44','[1]','O:32:\"ActionScheduler_IntervalSchedule\":5:{s:22:\"\0*\0scheduled_timestamp\";i:1708146344;s:18:\"\0*\0first_timestamp\";i:1693817224;s:13:\"\0*\0recurrence\";i:86400;s:49:\"\0ActionScheduler_IntervalSchedule\0start_timestamp\";i:1708146344;s:53:\"\0ActionScheduler_IntervalSchedule\0interval_in_seconds\";i:86400;}',5,1,'2024-02-17 05:28:23','2024-02-17 05:28:23',0,NULL,10),(24674,'wpforms_process_forms_locator_scan','complete','2024-02-17 05:05:44','2024-02-17 05:05:44','{\"tasks_meta_id\":1}','O:32:\"ActionScheduler_IntervalSchedule\":5:{s:22:\"\0*\0scheduled_timestamp\";i:1708146344;s:18:\"\0*\0first_timestamp\";i:1693818188;s:13:\"\0*\0recurrence\";i:86400;s:49:\"\0ActionScheduler_IntervalSchedule\0start_timestamp\";i:1708146344;s:53:\"\0ActionScheduler_IntervalSchedule\0interval_in_seconds\";i:86400;}',6,1,'2024-02-17 05:28:23','2024-02-17 05:28:23',0,NULL,10),(24903,'wp_mail_smtp_admin_notifications_update','complete','2024-02-18 05:28:23','2024-02-18 05:28:23','[1]','O:32:\"ActionScheduler_IntervalSchedule\":5:{s:22:\"\0*\0scheduled_timestamp\";i:1708234103;s:18:\"\0*\0first_timestamp\";i:1693817224;s:13:\"\0*\0recurrence\";i:86400;s:49:\"\0ActionScheduler_IntervalSchedule\0start_timestamp\";i:1708234103;s:53:\"\0ActionScheduler_IntervalSchedule\0interval_in_seconds\";i:86400;}',5,1,'2024-02-18 08:03:52','2024-02-18 08:03:52',0,NULL,10),(24904,'wpforms_process_forms_locator_scan','complete','2024-02-18 05:28:23','2024-02-18 05:28:23','{\"tasks_meta_id\":1}','O:32:\"ActionScheduler_IntervalSchedule\":5:{s:22:\"\0*\0scheduled_timestamp\";i:1708234103;s:18:\"\0*\0first_timestamp\";i:1693818188;s:13:\"\0*\0recurrence\";i:86400;s:49:\"\0ActionScheduler_IntervalSchedule\0start_timestamp\";i:1708234103;s:53:\"\0ActionScheduler_IntervalSchedule\0interval_in_seconds\";i:86400;}',6,1,'2024-02-18 08:03:52','2024-02-18 08:03:52',0,NULL,10),(25077,'wp_mail_smtp_admin_notifications_update','complete','2024-02-19 08:03:52','2024-02-19 08:03:52','[1]','O:32:\"ActionScheduler_IntervalSchedule\":5:{s:22:\"\0*\0scheduled_timestamp\";i:1708329832;s:18:\"\0*\0first_timestamp\";i:1693817224;s:13:\"\0*\0recurrence\";i:86400;s:49:\"\0ActionScheduler_IntervalSchedule\0start_timestamp\";i:1708329832;s:53:\"\0ActionScheduler_IntervalSchedule\0interval_in_seconds\";i:86400;}',5,1,'2024-02-19 08:26:04','2024-02-19 08:26:04',0,NULL,10),(25078,'wpforms_process_forms_locator_scan','complete','2024-02-19 08:03:52','2024-02-19 08:03:52','{\"tasks_meta_id\":1}','O:32:\"ActionScheduler_IntervalSchedule\":5:{s:22:\"\0*\0scheduled_timestamp\";i:1708329832;s:18:\"\0*\0first_timestamp\";i:1693818188;s:13:\"\0*\0recurrence\";i:86400;s:49:\"\0ActionScheduler_IntervalSchedule\0start_timestamp\";i:1708329832;s:53:\"\0ActionScheduler_IntervalSchedule\0interval_in_seconds\";i:86400;}',6,1,'2024-02-19 08:26:04','2024-02-19 08:26:04',0,NULL,10),(25184,'wp_mail_smtp_admin_notifications_update','complete','2024-02-20 08:26:04','2024-02-20 08:26:04','[1]','O:32:\"ActionScheduler_IntervalSchedule\":5:{s:22:\"\0*\0scheduled_timestamp\";i:1708417564;s:18:\"\0*\0first_timestamp\";i:1693817224;s:13:\"\0*\0recurrence\";i:86400;s:49:\"\0ActionScheduler_IntervalSchedule\0start_timestamp\";i:1708417564;s:53:\"\0ActionScheduler_IntervalSchedule\0interval_in_seconds\";i:86400;}',5,1,'2024-02-20 09:07:44','2024-02-20 09:07:44',0,NULL,10),(25185,'wpforms_process_forms_locator_scan','complete','2024-02-20 08:26:04','2024-02-20 08:26:04','{\"tasks_meta_id\":1}','O:32:\"ActionScheduler_IntervalSchedule\":5:{s:22:\"\0*\0scheduled_timestamp\";i:1708417564;s:18:\"\0*\0first_timestamp\";i:1693818188;s:13:\"\0*\0recurrence\";i:86400;s:49:\"\0ActionScheduler_IntervalSchedule\0start_timestamp\";i:1708417564;s:53:\"\0ActionScheduler_IntervalSchedule\0interval_in_seconds\";i:86400;}',6,1,'2024-02-20 09:07:44','2024-02-20 09:07:44',0,NULL,10),(25294,'wpforms_email_summaries_fetch_info_blocks','pending','2024-02-27 00:50:17','2024-02-27 00:50:17','{\"tasks_meta_id\":null}','O:32:\"ActionScheduler_IntervalSchedule\":5:{s:22:\"\0*\0scheduled_timestamp\";i:1708995017;s:18:\"\0*\0first_timestamp\";i:1693256985;s:13:\"\0*\0recurrence\";i:604800;s:49:\"\0ActionScheduler_IntervalSchedule\0start_timestamp\";i:1708995017;s:53:\"\0ActionScheduler_IntervalSchedule\0interval_in_seconds\";i:604800;}',6,0,'0000-00-00 00:00:00','0000-00-00 00:00:00',0,NULL,10),(25295,'wpforms_admin_addons_cache_update','pending','2024-02-27 00:50:17','2024-02-27 00:50:17','{\"tasks_meta_id\":3}','O:32:\"ActionScheduler_IntervalSchedule\":5:{s:22:\"\0*\0scheduled_timestamp\";i:1708995017;s:18:\"\0*\0first_timestamp\";i:1694423021;s:13:\"\0*\0recurrence\";i:604800;s:49:\"\0ActionScheduler_IntervalSchedule\0start_timestamp\";i:1708995017;s:53:\"\0ActionScheduler_IntervalSchedule\0interval_in_seconds\";i:604800;}',6,0,'0000-00-00 00:00:00','0000-00-00 00:00:00',0,NULL,10),(25296,'wpforms_admin_builder_templates_cache_update','pending','2024-02-27 00:50:17','2024-02-27 00:50:17','{\"tasks_meta_id\":4}','O:32:\"ActionScheduler_IntervalSchedule\":5:{s:22:\"\0*\0scheduled_timestamp\";i:1708995017;s:18:\"\0*\0first_timestamp\";i:1694423055;s:13:\"\0*\0recurrence\";i:604800;s:49:\"\0ActionScheduler_IntervalSchedule\0start_timestamp\";i:1708995017;s:53:\"\0ActionScheduler_IntervalSchedule\0interval_in_seconds\";i:604800;}',6,0,'0000-00-00 00:00:00','0000-00-00 00:00:00',0,NULL,10),(25297,'wpforms_builder_help_cache_update','pending','2024-02-27 00:50:17','2024-02-27 00:50:17','{\"tasks_meta_id\":5}','O:32:\"ActionScheduler_IntervalSchedule\":5:{s:22:\"\0*\0scheduled_timestamp\";i:1708995017;s:18:\"\0*\0first_timestamp\";i:1694423125;s:13:\"\0*\0recurrence\";i:604800;s:49:\"\0ActionScheduler_IntervalSchedule\0start_timestamp\";i:1708995017;s:53:\"\0ActionScheduler_IntervalSchedule\0interval_in_seconds\";i:604800;}',6,0,'0000-00-00 00:00:00','0000-00-00 00:00:00',0,NULL,10),(25323,'wp_mail_smtp_admin_notifications_update','complete','2024-02-21 09:07:44','2024-02-21 09:07:44','[1]','O:32:\"ActionScheduler_IntervalSchedule\":5:{s:22:\"\0*\0scheduled_timestamp\";i:1708506464;s:18:\"\0*\0first_timestamp\";i:1693817224;s:13:\"\0*\0recurrence\";i:86400;s:49:\"\0ActionScheduler_IntervalSchedule\0start_timestamp\";i:1708506464;s:53:\"\0ActionScheduler_IntervalSchedule\0interval_in_seconds\";i:86400;}',5,1,'2024-02-21 09:12:34','2024-02-21 09:12:34',0,NULL,10),(25324,'wpforms_process_forms_locator_scan','complete','2024-02-21 09:07:44','2024-02-21 09:07:44','{\"tasks_meta_id\":1}','O:32:\"ActionScheduler_IntervalSchedule\":5:{s:22:\"\0*\0scheduled_timestamp\";i:1708506464;s:18:\"\0*\0first_timestamp\";i:1693818188;s:13:\"\0*\0recurrence\";i:86400;s:49:\"\0ActionScheduler_IntervalSchedule\0start_timestamp\";i:1708506464;s:53:\"\0ActionScheduler_IntervalSchedule\0interval_in_seconds\";i:86400;}',6,1,'2024-02-21 09:12:34','2024-02-21 09:12:34',0,NULL,10),(25528,'wp_mail_smtp_admin_notifications_update','complete','2024-02-22 09:12:34','2024-02-22 09:12:34','[1]','O:32:\"ActionScheduler_IntervalSchedule\":5:{s:22:\"\0*\0scheduled_timestamp\";i:1708593154;s:18:\"\0*\0first_timestamp\";i:1693817224;s:13:\"\0*\0recurrence\";i:86400;s:49:\"\0ActionScheduler_IntervalSchedule\0start_timestamp\";i:1708593154;s:53:\"\0ActionScheduler_IntervalSchedule\0interval_in_seconds\";i:86400;}',5,1,'2024-02-22 09:59:30','2024-02-22 09:59:30',0,NULL,10),(25529,'wpforms_process_forms_locator_scan','complete','2024-02-22 09:12:34','2024-02-22 09:12:34','{\"tasks_meta_id\":1}','O:32:\"ActionScheduler_IntervalSchedule\":5:{s:22:\"\0*\0scheduled_timestamp\";i:1708593154;s:18:\"\0*\0first_timestamp\";i:1693818188;s:13:\"\0*\0recurrence\";i:86400;s:49:\"\0ActionScheduler_IntervalSchedule\0start_timestamp\";i:1708593154;s:53:\"\0ActionScheduler_IntervalSchedule\0interval_in_seconds\";i:86400;}',6,1,'2024-02-22 09:59:30','2024-02-22 09:59:30',0,NULL,10),(25675,'wp_mail_smtp_admin_notifications_update','complete','2024-02-23 09:59:30','2024-02-23 09:59:30','[1]','O:32:\"ActionScheduler_IntervalSchedule\":5:{s:22:\"\0*\0scheduled_timestamp\";i:1708682370;s:18:\"\0*\0first_timestamp\";i:1693817224;s:13:\"\0*\0recurrence\";i:86400;s:49:\"\0ActionScheduler_IntervalSchedule\0start_timestamp\";i:1708682370;s:53:\"\0ActionScheduler_IntervalSchedule\0interval_in_seconds\";i:86400;}',5,1,'2024-02-23 10:05:58','2024-02-23 10:05:58',0,NULL,10),(25676,'wpforms_process_forms_locator_scan','complete','2024-02-23 09:59:30','2024-02-23 09:59:30','{\"tasks_meta_id\":1}','O:32:\"ActionScheduler_IntervalSchedule\":5:{s:22:\"\0*\0scheduled_timestamp\";i:1708682370;s:18:\"\0*\0first_timestamp\";i:1693818188;s:13:\"\0*\0recurrence\";i:86400;s:49:\"\0ActionScheduler_IntervalSchedule\0start_timestamp\";i:1708682370;s:53:\"\0ActionScheduler_IntervalSchedule\0interval_in_seconds\";i:86400;}',6,1,'2024-02-23 10:05:58','2024-02-23 10:05:58',0,NULL,10),(25854,'wp_mail_smtp_admin_notifications_update','complete','2024-02-24 10:05:58','2024-02-24 10:05:58','[1]','O:32:\"ActionScheduler_IntervalSchedule\":5:{s:22:\"\0*\0scheduled_timestamp\";i:1708769158;s:18:\"\0*\0first_timestamp\";i:1693817224;s:13:\"\0*\0recurrence\";i:86400;s:49:\"\0ActionScheduler_IntervalSchedule\0start_timestamp\";i:1708769158;s:53:\"\0ActionScheduler_IntervalSchedule\0interval_in_seconds\";i:86400;}',5,1,'2024-02-24 10:06:06','2024-02-24 10:06:06',0,NULL,10),(25855,'wpforms_process_forms_locator_scan','complete','2024-02-24 10:05:58','2024-02-24 10:05:58','{\"tasks_meta_id\":1}','O:32:\"ActionScheduler_IntervalSchedule\":5:{s:22:\"\0*\0scheduled_timestamp\";i:1708769158;s:18:\"\0*\0first_timestamp\";i:1693818188;s:13:\"\0*\0recurrence\";i:86400;s:49:\"\0ActionScheduler_IntervalSchedule\0start_timestamp\";i:1708769158;s:53:\"\0ActionScheduler_IntervalSchedule\0interval_in_seconds\";i:86400;}',6,1,'2024-02-24 10:06:06','2024-02-24 10:06:06',0,NULL,10),(26005,'wp_mail_smtp_admin_notifications_update','pending','2024-02-25 10:06:06','2024-02-25 10:06:06','[1]','O:32:\"ActionScheduler_IntervalSchedule\":5:{s:22:\"\0*\0scheduled_timestamp\";i:1708855566;s:18:\"\0*\0first_timestamp\";i:1693817224;s:13:\"\0*\0recurrence\";i:86400;s:49:\"\0ActionScheduler_IntervalSchedule\0start_timestamp\";i:1708855566;s:53:\"\0ActionScheduler_IntervalSchedule\0interval_in_seconds\";i:86400;}',5,0,'0000-00-00 00:00:00','0000-00-00 00:00:00',0,NULL,10),(26006,'wpforms_process_forms_locator_scan','pending','2024-02-25 10:06:06','2024-02-25 10:06:06','{\"tasks_meta_id\":1}','O:32:\"ActionScheduler_IntervalSchedule\":5:{s:22:\"\0*\0scheduled_timestamp\";i:1708855566;s:18:\"\0*\0first_timestamp\";i:1693818188;s:13:\"\0*\0recurrence\";i:86400;s:49:\"\0ActionScheduler_IntervalSchedule\0start_timestamp\";i:1708855566;s:53:\"\0ActionScheduler_IntervalSchedule\0interval_in_seconds\";i:86400;}',6,0,'0000-00-00 00:00:00','0000-00-00 00:00:00',0,NULL,10),(26171,'forminator_action_scheduler_cleanup','complete','2024-02-25 09:30:34','2024-02-25 09:30:34','[]','O:32:\"ActionScheduler_IntervalSchedule\":5:{s:22:\"\0*\0scheduled_timestamp\";i:1708853434;s:18:\"\0*\0first_timestamp\";i:1700461401;s:13:\"\0*\0recurrence\";i:7200;s:49:\"\0ActionScheduler_IntervalSchedule\0start_timestamp\";i:1708853434;s:53:\"\0ActionScheduler_IntervalSchedule\0interval_in_seconds\";i:7200;}',7,1,'2024-02-25 09:33:15','2024-02-25 09:33:15',0,NULL,10),(26178,'forminator_daily_cron','pending','2024-02-26 09:23:04','2024-02-26 09:23:04','[]','O:30:\"ActionScheduler_SimpleSchedule\":2:{s:22:\"\0*\0scheduled_timestamp\";i:1708939384;s:41:\"\0ActionScheduler_SimpleSchedule\0timestamp\";i:1708939384;}',7,0,'0000-00-00 00:00:00','0000-00-00 00:00:00',0,NULL,10),(26179,'forminator_send_export','complete','2024-02-25 09:34:15','2024-02-25 09:34:15','[]','O:32:\"ActionScheduler_IntervalSchedule\":5:{s:22:\"\0*\0scheduled_timestamp\";i:1708853655;s:18:\"\0*\0first_timestamp\";i:1704133562;s:13:\"\0*\0recurrence\";i:60;s:49:\"\0ActionScheduler_IntervalSchedule\0start_timestamp\";i:1708853655;s:53:\"\0ActionScheduler_IntervalSchedule\0interval_in_seconds\";i:60;}',7,1,'2024-02-25 09:34:45','2024-02-25 09:34:45',0,NULL,10),(26180,'forminator_send_export','complete','2024-02-25 09:34:15','2024-02-25 09:34:15','[]','O:32:\"ActionScheduler_IntervalSchedule\":5:{s:22:\"\0*\0scheduled_timestamp\";i:1708853655;s:18:\"\0*\0first_timestamp\";i:1700461411;s:13:\"\0*\0recurrence\";i:60;s:49:\"\0ActionScheduler_IntervalSchedule\0start_timestamp\";i:1708853655;s:53:\"\0ActionScheduler_IntervalSchedule\0interval_in_seconds\";i:60;}',7,1,'2024-02-25 09:34:45','2024-02-25 09:34:45',0,NULL,10),(26181,'forminator_process_report','complete','2024-02-25 09:34:15','2024-02-25 09:34:15','[]','O:32:\"ActionScheduler_IntervalSchedule\":5:{s:22:\"\0*\0scheduled_timestamp\";i:1708853655;s:18:\"\0*\0first_timestamp\";i:1700461421;s:13:\"\0*\0recurrence\";i:60;s:49:\"\0ActionScheduler_IntervalSchedule\0start_timestamp\";i:1708853655;s:53:\"\0ActionScheduler_IntervalSchedule\0interval_in_seconds\";i:60;}',7,1,'2024-02-25 09:34:45','2024-02-25 09:34:45',0,NULL,10),(26182,'forminator_general_data_protection_cleanup','pending','2024-02-25 10:33:15','2024-02-25 10:33:15','[]','O:32:\"ActionScheduler_IntervalSchedule\":5:{s:22:\"\0*\0scheduled_timestamp\";i:1708857195;s:18:\"\0*\0first_timestamp\";i:1700461401;s:13:\"\0*\0recurrence\";i:3600;s:49:\"\0ActionScheduler_IntervalSchedule\0start_timestamp\";i:1708857195;s:53:\"\0ActionScheduler_IntervalSchedule\0interval_in_seconds\";i:3600;}',7,0,'0000-00-00 00:00:00','0000-00-00 00:00:00',0,NULL,10),(26183,'forminator_action_scheduler_cleanup','pending','2024-02-25 11:33:15','2024-02-25 11:33:15','[]','O:32:\"ActionScheduler_IntervalSchedule\":5:{s:22:\"\0*\0scheduled_timestamp\";i:1708860795;s:18:\"\0*\0first_timestamp\";i:1700461401;s:13:\"\0*\0recurrence\";i:7200;s:49:\"\0ActionScheduler_IntervalSchedule\0start_timestamp\";i:1708860795;s:53:\"\0ActionScheduler_IntervalSchedule\0interval_in_seconds\";i:7200;}',7,0,'0000-00-00 00:00:00','0000-00-00 00:00:00',0,NULL,10),(26184,'forminator_send_export','pending','2024-02-25 09:35:45','2024-02-25 09:35:45','[]','O:32:\"ActionScheduler_IntervalSchedule\":5:{s:22:\"\0*\0scheduled_timestamp\";i:1708853745;s:18:\"\0*\0first_timestamp\";i:1704133562;s:13:\"\0*\0recurrence\";i:60;s:49:\"\0ActionScheduler_IntervalSchedule\0start_timestamp\";i:1708853745;s:53:\"\0ActionScheduler_IntervalSchedule\0interval_in_seconds\";i:60;}',7,0,'0000-00-00 00:00:00','0000-00-00 00:00:00',0,NULL,10),(26185,'forminator_send_export','pending','2024-02-25 09:35:45','2024-02-25 09:35:45','[]','O:32:\"ActionScheduler_IntervalSchedule\":5:{s:22:\"\0*\0scheduled_timestamp\";i:1708853745;s:18:\"\0*\0first_timestamp\";i:1700461411;s:13:\"\0*\0recurrence\";i:60;s:49:\"\0ActionScheduler_IntervalSchedule\0start_timestamp\";i:1708853745;s:53:\"\0ActionScheduler_IntervalSchedule\0interval_in_seconds\";i:60;}',7,0,'0000-00-00 00:00:00','0000-00-00 00:00:00',0,NULL,10),(26186,'forminator_process_report','pending','2024-02-25 09:35:45','2024-02-25 09:35:45','[]','O:32:\"ActionScheduler_IntervalSchedule\":5:{s:22:\"\0*\0scheduled_timestamp\";i:1708853745;s:18:\"\0*\0first_timestamp\";i:1700461421;s:13:\"\0*\0recurrence\";i:60;s:49:\"\0ActionScheduler_IntervalSchedule\0start_timestamp\";i:1708853745;s:53:\"\0ActionScheduler_IntervalSchedule\0interval_in_seconds\";i:60;}',7,0,'0000-00-00 00:00:00','0000-00-00 00:00:00',0,NULL,10);

--
-- Table structure for table `wp_actionscheduler_claims`
--

CREATE TABLE `wp_actionscheduler_claims` (
  `claim_id` bigint(20) unsigned NOT NULL AUTO_INCREMENT,
  `date_created_gmt` datetime DEFAULT '0000-00-00 00:00:00',
  PRIMARY KEY (`claim_id`),
  KEY `date_created_gmt` (`date_created_gmt`)
) ENGINE=InnoDB AUTO_INCREMENT=33512 DEFAULT CHARSET=utf8mb4 COLLATE=utf8mb4_unicode_520_ci;

--
-- Dumping data for table `wp_actionscheduler_claims`
--


--
-- Table structure for table `wp_actionscheduler_groups`
--

CREATE TABLE `wp_actionscheduler_groups` (
  `group_id` bigint(20) unsigned NOT NULL AUTO_INCREMENT,
  `slug` varchar(255) COLLATE utf8mb4_unicode_520_ci NOT NULL,
  PRIMARY KEY (`group_id`),
  KEY `slug` (`slug`(191))
) ENGINE=InnoDB AUTO_INCREMENT=8 DEFAULT CHARSET=utf8mb4 COLLATE=utf8mb4_unicode_520_ci;

--
-- Dumping data for table `wp_actionscheduler_groups`
--

INSERT INTO `wp_actionscheduler_groups` VALUES (1,'action-scheduler-migration'),(2,'woocommerce-remote-inbox-engine'),(3,''),(4,'woocommerce-db-updates'),(5,'wp_mail_smtp'),(6,'wpforms'),(7,'forminator');

--
-- Table structure for table `wp_actionscheduler_logs`
--

CREATE TABLE `wp_actionscheduler_logs` (
  `log_id` bigint(20) unsigned NOT NULL AUTO_INCREMENT,
  `action_id` bigint(20) unsigned NOT NULL,
  `message` text COLLATE utf8mb4_unicode_520_ci NOT NULL,
  `log_date_gmt` datetime DEFAULT '0000-00-00 00:00:00',
  `log_date_local` datetime DEFAULT '0000-00-00 00:00:00',
  PRIMARY KEY (`log_id`),
  KEY `action_id` (`action_id`),
  KEY `log_date_gmt` (`log_date_gmt`)
) ENGINE=InnoDB AUTO_INCREMENT=78522 DEFAULT CHARSET=utf8mb4 COLLATE=utf8mb4_unicode_520_ci;

--
-- Dumping data for table `wp_actionscheduler_logs`
--

INSERT INTO `wp_actionscheduler_logs` VALUES (17,14,'action created','2023-07-11 00:47:36','2023-07-11 00:47:36'),(18,14,'action started via Async Request','2023-07-11 00:51:00','2023-07-11 00:51:00'),(19,14,'action failed via Async Request: Scheduled action for action_scheduler/migration_hook will not be executed as no callbacks are registered.','2023-07-11 00:51:01','2023-07-11 00:51:01'),(23,16,'action created','2023-08-07 08:07:52','2023-08-07 08:07:52'),(49,25,'action created','2023-08-07 08:10:43','2023-08-07 08:10:43'),(65,16,'action started via WP Cron','2023-08-08 08:08:23','2023-08-08 08:08:23'),(66,16,'action failed via WP Cron: Scheduled action for woocommerce_cleanup_draft_orders will not be executed as no callbacks are registered.','2023-08-08 08:08:23','2023-08-08 08:08:23'),(67,29,'action created','2023-08-08 08:08:23','2023-08-08 08:08:23'),(69,29,'action started via Async Request','2023-09-04 08:26:13','2023-09-04 08:26:13'),(70,29,'action failed via Async Request: Scheduled action for woocommerce_cleanup_draft_orders will not be executed as no callbacks are registered.','2023-09-04 08:26:13','2023-09-04 08:26:13'),(71,31,'action created','2023-09-04 08:26:13','2023-09-04 08:26:13'),(72,25,'action started via Async Request','2023-09-04 08:26:13','2023-09-04 08:26:13'),(73,25,'action failed via Async Request: Scheduled action for woocommerce_update_marketplace_suggestions will not be executed as no callbacks are registered.','2023-09-04 08:26:13','2023-09-04 08:26:13'),(74,32,'action created','2023-09-04 08:26:13','2023-09-04 08:26:13'),(77,33,'action created','2023-09-04 08:28:04','2023-09-04 08:28:04'),(78,33,'action started via WP Cron','2023-09-04 08:29:19','2023-09-04 08:29:19'),(79,33,'action failed via WP Cron: Scheduled action for action_scheduler/migration_hook will not be executed as no callbacks are registered.','2023-09-04 08:29:19','2023-09-04 08:29:19'),(104,31,'action started via WP Cron','2023-09-05 08:28:54','2023-09-05 08:28:54'),(105,31,'action failed via WP Cron: Scheduled action for woocommerce_cleanup_draft_orders will not be executed as no callbacks are registered.','2023-09-05 08:28:54','2023-09-05 08:28:54'),(106,46,'action created','2023-09-05 08:28:54','2023-09-05 08:28:54'),(119,46,'action started via WP Cron','2023-09-06 08:30:33','2023-09-06 08:30:33'),(120,46,'action failed via WP Cron: Scheduled action for woocommerce_cleanup_draft_orders will not be executed as no callbacks are registered.','2023-09-06 08:30:33','2023-09-06 08:30:33'),(121,51,'action created','2023-09-06 08:30:33','2023-09-06 08:30:33'),(131,51,'action started via WP Cron','2023-09-07 08:33:01','2023-09-07 08:33:01'),(132,51,'action failed via WP Cron: Scheduled action for woocommerce_cleanup_draft_orders will not be executed as no callbacks are registered.','2023-09-07 08:33:01','2023-09-07 08:33:01'),(133,51,'This action appears to be consistently failing. A new instance will not be scheduled.','2023-09-07 08:33:01','2023-09-07 08:33:01'),(167,32,'action started via WP Cron','2023-09-11 08:40:37','2023-09-11 08:40:37'),(168,32,'action failed via WP Cron: Scheduled action for woocommerce_update_marketplace_suggestions will not be executed as no callbacks are registered.','2023-09-11 08:40:37','2023-09-11 08:40:37'),(169,66,'action created','2023-09-11 08:40:37','2023-09-11 08:40:37'),(296,109,'action created','2023-09-12 08:34:14','2023-09-12 08:34:14'),(297,109,'action started via Async Request','2023-09-12 09:24:33','2023-09-12 09:24:33'),(298,109,'action failed via Async Request: Scheduled action for action_scheduler/migration_hook will not be executed as no callbacks are registered.','2023-09-12 09:24:33','2023-09-12 09:24:33'),(365,132,'action created','2023-09-16 18:26:20','2023-09-16 18:26:20'),(366,132,'action started via Async Request','2023-09-16 18:27:59','2023-09-16 18:27:59'),(367,132,'action failed via Async Request: Scheduled action for action_scheduler/migration_hook will not be executed as no callbacks are registered.','2023-09-16 18:27:59','2023-09-16 18:27:59'),(377,136,'action created','2023-09-16 18:56:36','2023-09-16 18:56:36'),(378,136,'action started via WP Cron','2023-09-16 18:58:15','2023-09-16 18:58:15'),(379,136,'action failed via WP Cron: Scheduled action for action_scheduler/migration_hook will not be executed as no callbacks are registered.','2023-09-16 18:58:15','2023-09-16 18:58:15'),(398,143,'action created','2023-09-17 17:18:25','2023-09-17 17:18:25'),(399,143,'action started via WP Cron','2023-09-17 17:20:14','2023-09-17 17:20:14'),(400,143,'action failed via WP Cron: Scheduled action for action_scheduler/migration_hook will not be executed as no callbacks are registered.','2023-09-17 17:20:14','2023-09-17 17:20:14'),(401,66,'action started via WP Cron','2023-09-18 08:49:25','2023-09-18 08:49:25'),(402,66,'action failed via WP Cron: Scheduled action for woocommerce_update_marketplace_suggestions will not be executed as no callbacks are registered.','2023-09-18 08:49:25','2023-09-18 08:49:25'),(403,144,'action created','2023-09-18 08:49:25','2023-09-18 08:49:25'),(410,147,'action created','2023-09-18 08:53:20','2023-09-18 08:53:20'),(411,147,'action started via WP Cron','2023-09-18 08:54:46','2023-09-18 08:54:46'),(412,147,'action failed via WP Cron: Scheduled action for action_scheduler/migration_hook will not be executed as no callbacks are registered.','2023-09-18 08:54:46','2023-09-18 08:54:46'),(452,161,'action created','2023-09-19 23:41:33','2023-09-19 23:41:33'),(453,161,'action started via WP Cron','2023-09-19 23:44:07','2023-09-19 23:44:07'),(454,161,'action failed via WP Cron: Scheduled action for action_scheduler/migration_hook will not be executed as no callbacks are registered.','2023-09-19 23:44:07','2023-09-19 23:44:07'),(470,167,'action created','2023-09-20 12:38:36','2023-09-20 12:38:36'),(471,167,'action started via WP Cron','2023-09-20 12:39:42','2023-09-20 12:39:42'),(472,167,'action failed via WP Cron: Scheduled action for action_scheduler/migration_hook will not be executed as no callbacks are registered.','2023-09-20 12:39:42','2023-09-20 12:39:42'),(608,144,'action started via WP Cron','2023-09-25 08:50:53','2023-09-25 08:50:53'),(609,144,'action failed via WP Cron: Scheduled action for woocommerce_update_marketplace_suggestions will not be executed as no callbacks are registered.','2023-09-25 08:50:53','2023-09-25 08:50:53'),(610,213,'action created','2023-09-25 08:50:53','2023-09-25 08:50:53'),(686,213,'action started via WP Cron','2023-10-02 08:52:18','2023-10-02 08:52:18'),(687,213,'action failed via WP Cron: Scheduled action for woocommerce_update_marketplace_suggestions will not be executed as no callbacks are registered.','2023-10-02 08:52:19','2023-10-02 08:52:19'),(688,213,'This action appears to be consistently failing. A new instance will not be scheduled.','2023-10-02 08:52:19','2023-10-02 08:52:19'),(694,240,'action created','2023-10-02 09:37:19','2023-10-02 09:37:19'),(697,241,'action created','2023-10-02 09:37:19','2023-10-02 09:37:19'),(700,242,'action created','2023-10-02 09:37:19','2023-10-02 09:37:19'),(725,240,'action started via Async Request','2023-10-09 21:06:42','2023-10-09 21:06:42'),(726,240,'action failed via Async Request: Scheduled action for wpforms_admin_addons_cache_update will not be executed as no callbacks are registered.','2023-10-09 21:06:42','2023-10-09 21:06:42'),(728,241,'action started via Async Request','2023-10-09 21:06:42','2023-10-09 21:06:42'),(729,241,'action failed via Async Request: Scheduled action for wpforms_admin_builder_templates_cache_update will not be executed as no callbacks are registered.','2023-10-09 21:06:42','2023-10-09 21:06:42'),(731,242,'action started via Async Request','2023-10-09 21:06:42','2023-10-09 21:06:42'),(732,242,'action failed via Async Request: Scheduled action for wpforms_builder_help_cache_update will not be executed as no callbacks are registered.','2023-10-09 21:06:42','2023-10-09 21:06:42'),(19314,6450,'action created','2023-12-11 22:34:23','2023-12-11 22:34:23'),(19317,6451,'action created','2023-12-11 22:34:23','2023-12-11 22:34:23'),(19320,6452,'action created','2023-12-11 22:34:23','2023-12-11 22:34:23'),(25846,6450,'action started via Async Request','2023-12-18 22:34:52','2023-12-18 22:34:52'),(25847,6450,'action failed via Async Request: Scheduled action for wpforms_admin_addons_cache_update will not be executed as no callbacks are registered.','2023-12-18 22:34:52','2023-12-18 22:34:52'),(25849,6451,'action started via Async Request','2023-12-18 22:34:52','2023-12-18 22:34:52'),(25850,6451,'action failed via Async Request: Scheduled action for wpforms_admin_builder_templates_cache_update will not be executed as no callbacks are registered.','2023-12-18 22:34:52','2023-12-18 22:34:52'),(25852,6452,'action started via Async Request','2023-12-18 22:34:52','2023-12-18 22:34:52'),(25853,6452,'action failed via Async Request: Scheduled action for wpforms_builder_help_cache_update will not be executed as no callbacks are registered.','2023-12-18 22:34:52','2023-12-18 22:34:52'),(43025,14355,'action created','2024-01-06 11:50:21','2024-01-06 11:50:21'),(44055,14355,'action started via WP Cron','2024-01-07 12:30:23','2024-01-07 12:30:23'),(44056,14355,'action failed via WP Cron: Scheduled action for woocommerce_cleanup_draft_orders will not be executed as no callbacks are registered.','2024-01-07 12:30:23','2024-01-07 12:30:23'),(44057,14355,'This action appears to be consistently failing. A new instance will not be scheduled.','2024-01-07 12:30:23','2024-01-07 12:30:23'),(53624,17887,'action created','2024-01-22 23:45:42','2024-01-22 23:45:42'),(53627,17888,'action created','2024-01-22 23:45:43','2024-01-22 23:45:43'),(53630,17889,'action created','2024-01-22 23:45:43','2024-01-22 23:45:43'),(53633,17890,'action created','2024-01-22 23:45:43','2024-01-22 23:45:43'),(55574,18537,'action created','2024-01-24 22:33:33','2024-01-24 22:33:33'),(55577,18538,'action created','2024-01-24 22:33:33','2024-01-24 22:33:33'),(56490,18537,'action started via WP Cron','2024-01-25 23:07:57','2024-01-25 23:07:57'),(56491,18537,'action complete via WP Cron','2024-01-25 23:07:57','2024-01-25 23:07:57'),(56492,18843,'action created','2024-01-25 23:07:57','2024-01-25 23:07:57'),(56493,18538,'action started via WP Cron','2024-01-25 23:07:57','2024-01-25 23:07:57'),(56494,18538,'action complete via WP Cron','2024-01-25 23:07:57','2024-01-25 23:07:57'),(56495,18844,'action created','2024-01-25 23:07:57','2024-01-25 23:07:57'),(57225,18843,'action started via WP Cron','2024-01-26 23:38:18','2024-01-26 23:38:18'),(57226,18843,'action complete via WP Cron','2024-01-26 23:38:18','2024-01-26 23:38:18'),(57227,19088,'action created','2024-01-26 23:38:18','2024-01-26 23:38:18'),(57228,18844,'action started via WP Cron','2024-01-26 23:38:18','2024-01-26 23:38:18'),(57229,18844,'action complete via WP Cron','2024-01-26 23:38:18','2024-01-26 23:38:18'),(57230,19089,'action created','2024-01-26 23:38:18','2024-01-26 23:38:18'),(58263,19088,'action started via WP Cron','2024-01-27 23:54:15','2024-01-27 23:54:15'),(58264,19088,'action complete via WP Cron','2024-01-27 23:54:15','2024-01-27 23:54:15'),(58265,19434,'action created','2024-01-27 23:54:15','2024-01-27 23:54:15'),(58266,19089,'action started via WP Cron','2024-01-27 23:54:15','2024-01-27 23:54:15'),(58267,19089,'action complete via WP Cron','2024-01-27 23:54:15','2024-01-27 23:54:15'),(58268,19435,'action created','2024-01-27 23:54:15','2024-01-27 23:54:15'),(58521,19520,'action created','2024-01-28 09:46:31','2024-01-28 09:46:31'),(58522,19520,'action started via WP Cron','2024-01-28 09:46:47','2024-01-28 09:46:47'),(58523,19520,'action complete via WP Cron','2024-01-28 09:46:47','2024-01-28 09:46:47'),(59631,19434,'action started via WP Cron','2024-01-29 00:19:02','2024-01-29 00:19:02'),(59632,19434,'action complete via WP Cron','2024-01-29 00:19:02','2024-01-29 00:19:02'),(59633,19890,'action created','2024-01-29 00:19:02','2024-01-29 00:19:02'),(59634,19435,'action started via WP Cron','2024-01-29 00:19:02','2024-01-29 00:19:02'),(59635,19435,'action complete via WP Cron','2024-01-29 00:19:02','2024-01-29 00:19:02'),(59636,19891,'action created','2024-01-29 00:19:02','2024-01-29 00:19:02'),(60639,20226,'action created','2024-01-29 09:47:15','2024-01-29 09:47:15'),(60640,20226,'action started via WP Cron','2024-01-29 09:47:57','2024-01-29 09:47:57'),(60641,20226,'action complete via WP Cron','2024-01-29 09:47:57','2024-01-29 09:47:57'),(61473,17887,'action started via WP Cron','2024-01-29 23:47:13','2024-01-29 23:47:13'),(61474,17887,'action complete via WP Cron','2024-01-29 23:47:13','2024-01-29 23:47:13'),(61475,20504,'action created','2024-01-29 23:47:13','2024-01-29 23:47:13'),(61476,17888,'action started via WP Cron','2024-01-29 23:47:13','2024-01-29 23:47:13'),(61477,17888,'action complete via WP Cron','2024-01-29 23:47:13','2024-01-29 23:47:13'),(61478,20505,'action created','2024-01-29 23:47:13','2024-01-29 23:47:13'),(61479,17889,'action started via WP Cron','2024-01-29 23:47:13','2024-01-29 23:47:13'),(61480,17889,'action complete via WP Cron','2024-01-29 23:47:14','2024-01-29 23:47:14'),(61481,20506,'action created','2024-01-29 23:47:14','2024-01-29 23:47:14'),(61482,17890,'action started via WP Cron','2024-01-29 23:47:14','2024-01-29 23:47:14'),(61483,17890,'action complete via WP Cron','2024-01-29 23:47:14','2024-01-29 23:47:14'),(61484,20507,'action created','2024-01-29 23:47:14','2024-01-29 23:47:14'),(61497,19890,'action started via WP Cron','2024-01-30 01:02:21','2024-01-30 01:02:21'),(61498,19890,'action complete via WP Cron','2024-01-30 01:02:21','2024-01-30 01:02:21'),(61499,20512,'action created','2024-01-30 01:02:21','2024-01-30 01:02:21'),(61500,19891,'action started via WP Cron','2024-01-30 01:02:21','2024-01-30 01:02:21'),(61501,19891,'action complete via WP Cron','2024-01-30 01:02:21','2024-01-30 01:02:21'),(61502,20513,'action created','2024-01-30 01:02:21','2024-01-30 01:02:21'),(62547,20512,'action started via WP Cron','2024-01-31 01:08:10','2024-01-31 01:08:10'),(62548,20512,'action complete via WP Cron','2024-01-31 01:08:10','2024-01-31 01:08:10'),(62549,20862,'action created','2024-01-31 01:08:10','2024-01-31 01:08:10'),(62550,20513,'action started via WP Cron','2024-01-31 01:08:10','2024-01-31 01:08:10'),(62551,20513,'action complete via WP Cron','2024-01-31 01:08:10','2024-01-31 01:08:10'),(62552,20863,'action created','2024-01-31 01:08:10','2024-01-31 01:08:10'),(63618,20862,'action started via WP Cron','2024-02-01 01:10:27','2024-02-01 01:10:27'),(63619,20862,'action complete via WP Cron','2024-02-01 01:10:27','2024-02-01 01:10:27'),(63620,21219,'action created','2024-02-01 01:10:27','2024-02-01 01:10:27'),(63621,20863,'action started via WP Cron','2024-02-01 01:10:27','2024-02-01 01:10:27'),(63622,20863,'action complete via WP Cron','2024-02-01 01:10:27','2024-02-01 01:10:27'),(63623,21220,'action created','2024-02-01 01:10:27','2024-02-01 01:10:27'),(63993,21344,'action created','2024-02-01 10:57:22','2024-02-01 10:57:22'),(63994,21344,'action started via Async Request','2024-02-01 10:57:25','2024-02-01 10:57:25'),(63995,21344,'action complete via Async Request','2024-02-01 10:57:25','2024-02-01 10:57:25'),(63996,21345,'action created','2024-02-01 10:57:29','2024-02-01 10:57:29'),(63997,21345,'action started via Async Request','2024-02-01 10:57:30','2024-02-01 10:57:30'),(63998,21345,'action complete via Async Request','2024-02-01 10:57:30','2024-02-01 10:57:30'),(64542,21219,'action started via WP Cron','2024-02-02 01:14:27','2024-02-02 01:14:27'),(64543,21219,'action complete via WP Cron','2024-02-02 01:14:27','2024-02-02 01:14:27'),(64544,21527,'action created','2024-02-02 01:14:27','2024-02-02 01:14:27'),(64545,21220,'action started via WP Cron','2024-02-02 01:14:27','2024-02-02 01:14:27'),(64546,21220,'action complete via WP Cron','2024-02-02 01:14:28','2024-02-02 01:14:28'),(64547,21528,'action created','2024-02-02 01:14:28','2024-02-02 01:14:28'),(65577,21527,'action started via WP Cron','2024-02-03 01:39:58','2024-02-03 01:39:58'),(65578,21527,'action complete via WP Cron','2024-02-03 01:39:59','2024-02-03 01:39:59'),(65579,21872,'action created','2024-02-03 01:39:59','2024-02-03 01:39:59'),(65580,21528,'action started via WP Cron','2024-02-03 01:39:59','2024-02-03 01:39:59'),(65581,21528,'action complete via WP Cron','2024-02-03 01:39:59','2024-02-03 01:39:59'),(65582,21873,'action created','2024-02-03 01:39:59','2024-02-03 01:39:59'),(66210,21872,'action started via WP Cron','2024-02-04 01:39:59','2024-02-04 01:39:59'),(66211,21872,'action complete via WP Cron','2024-02-04 01:39:59','2024-02-04 01:39:59'),(66212,22083,'action created','2024-02-04 01:39:59','2024-02-04 01:39:59'),(66213,21873,'action started via WP Cron','2024-02-04 01:39:59','2024-02-04 01:39:59'),(66214,21873,'action complete via WP Cron','2024-02-04 01:39:59','2024-02-04 01:39:59'),(66215,22084,'action created','2024-02-04 01:39:59','2024-02-04 01:39:59'),(66783,22083,'action started via WP Cron','2024-02-05 01:40:03','2024-02-05 01:40:03'),(66784,22083,'action complete via WP Cron','2024-02-05 01:40:04','2024-02-05 01:40:04'),(66785,22274,'action created','2024-02-05 01:40:04','2024-02-05 01:40:04'),(66786,22084,'action started via WP Cron','2024-02-05 01:40:04','2024-02-05 01:40:04'),(66787,22084,'action complete via WP Cron','2024-02-05 01:40:04','2024-02-05 01:40:04'),(66788,22275,'action created','2024-02-05 01:40:04','2024-02-05 01:40:04'),(67452,20504,'action started via WP Cron','2024-02-05 23:48:41','2024-02-05 23:48:41'),(67453,20504,'action complete via WP Cron','2024-02-05 23:48:41','2024-02-05 23:48:41'),(67454,22497,'action created','2024-02-05 23:48:41','2024-02-05 23:48:41'),(67455,20505,'action started via WP Cron','2024-02-05 23:48:41','2024-02-05 23:48:41'),(67456,20505,'action complete via WP Cron','2024-02-05 23:48:41','2024-02-05 23:48:41'),(67457,22498,'action created','2024-02-05 23:48:41','2024-02-05 23:48:41'),(67458,20506,'action started via WP Cron','2024-02-05 23:48:41','2024-02-05 23:48:41'),(67459,20506,'action complete via WP Cron','2024-02-05 23:48:42','2024-02-05 23:48:42'),(67460,22499,'action created','2024-02-05 23:48:42','2024-02-05 23:48:42'),(67461,20507,'action started via WP Cron','2024-02-05 23:48:42','2024-02-05 23:48:42'),(67462,20507,'action complete via WP Cron','2024-02-05 23:48:42','2024-02-05 23:48:42'),(67463,22500,'action created','2024-02-05 23:48:42','2024-02-05 23:48:42'),(67545,22274,'action started via WP Cron','2024-02-06 01:40:21','2024-02-06 01:40:21'),(67546,22274,'action complete via WP Cron','2024-02-06 01:40:21','2024-02-06 01:40:21'),(67547,22528,'action created','2024-02-06 01:40:21','2024-02-06 01:40:21'),(67548,22275,'action started via WP Cron','2024-02-06 01:40:21','2024-02-06 01:40:21'),(67549,22275,'action complete via WP Cron','2024-02-06 01:40:21','2024-02-06 01:40:21'),(67550,22529,'action created','2024-02-06 01:40:21','2024-02-06 01:40:21'),(68490,22528,'action started via WP Cron','2024-02-07 01:42:12','2024-02-07 01:42:12'),(68491,22528,'action complete via WP Cron','2024-02-07 01:42:12','2024-02-07 01:42:12'),(68492,22843,'action created','2024-02-07 01:42:12','2024-02-07 01:42:12'),(68493,22529,'action started via WP Cron','2024-02-07 01:42:12','2024-02-07 01:42:12'),(68494,22529,'action complete via WP Cron','2024-02-07 01:42:12','2024-02-07 01:42:12'),(68495,22844,'action created','2024-02-07 01:42:12','2024-02-07 01:42:12'),(69126,22843,'action started via WP Cron','2024-02-08 02:29:23','2024-02-08 02:29:23'),(69127,22843,'action complete via WP Cron','2024-02-08 02:29:23','2024-02-08 02:29:23'),(69128,23055,'action created','2024-02-08 02:29:23','2024-02-08 02:29:23'),(69129,22844,'action started via WP Cron','2024-02-08 02:29:23','2024-02-08 02:29:23'),(69130,22844,'action complete via WP Cron','2024-02-08 02:29:23','2024-02-08 02:29:23'),(69131,23056,'action created','2024-02-08 02:29:23','2024-02-08 02:29:23'),(69549,23055,'action started via WP Cron','2024-02-09 02:29:54','2024-02-09 02:29:54'),(69550,23055,'action complete via WP Cron','2024-02-09 02:29:54','2024-02-09 02:29:54'),(69551,23196,'action created','2024-02-09 02:29:54','2024-02-09 02:29:54'),(69552,23056,'action started via WP Cron','2024-02-09 02:29:54','2024-02-09 02:29:54'),(69553,23056,'action complete via WP Cron','2024-02-09 02:29:54','2024-02-09 02:29:54'),(69554,23197,'action created','2024-02-09 02:29:54','2024-02-09 02:29:54'),(70023,23196,'action started via WP Cron','2024-02-10 02:44:40','2024-02-10 02:44:40'),(70024,23196,'action complete via WP Cron','2024-02-10 02:44:40','2024-02-10 02:44:40'),(70025,23354,'action created','2024-02-10 02:44:40','2024-02-10 02:44:40'),(70026,23197,'action started via WP Cron','2024-02-10 02:44:40','2024-02-10 02:44:40'),(70027,23197,'action complete via WP Cron','2024-02-10 02:44:40','2024-02-10 02:44:40'),(70028,23355,'action created','2024-02-10 02:44:40','2024-02-10 02:44:40'),(70803,23354,'action started via WP Cron','2024-02-11 03:02:48','2024-02-11 03:02:48'),(70804,23354,'action complete via WP Cron','2024-02-11 03:02:48','2024-02-11 03:02:48'),(70805,23614,'action created','2024-02-11 03:02:48','2024-02-11 03:02:48'),(70806,23355,'action started via WP Cron','2024-02-11 03:02:48','2024-02-11 03:02:48'),(70807,23355,'action complete via WP Cron','2024-02-11 03:02:48','2024-02-11 03:02:48'),(70808,23615,'action created','2024-02-11 03:02:48','2024-02-11 03:02:48'),(71379,23614,'action started via WP Cron','2024-02-12 03:04:41','2024-02-12 03:04:41'),(71380,23614,'action complete via WP Cron','2024-02-12 03:04:42','2024-02-12 03:04:42'),(71381,23806,'action created','2024-02-12 03:04:42','2024-02-12 03:04:42'),(71382,23615,'action started via WP Cron','2024-02-12 03:04:42','2024-02-12 03:04:42'),(71383,23615,'action complete via WP Cron','2024-02-12 03:04:42','2024-02-12 03:04:42'),(71384,23807,'action created','2024-02-12 03:04:42','2024-02-12 03:04:42'),(72003,22497,'action started via WP Cron','2024-02-13 00:02:42','2024-02-13 00:02:42'),(72004,22497,'action complete via WP Cron','2024-02-13 00:02:42','2024-02-13 00:02:42'),(72005,24014,'action created','2024-02-13 00:02:42','2024-02-13 00:02:42'),(72006,22498,'action started via WP Cron','2024-02-13 00:02:42','2024-02-13 00:02:42'),(72007,22498,'action complete via WP Cron','2024-02-13 00:02:42','2024-02-13 00:02:42'),(72008,24015,'action created','2024-02-13 00:02:42','2024-02-13 00:02:42'),(72009,22499,'action started via WP Cron','2024-02-13 00:02:42','2024-02-13 00:02:42'),(72010,22499,'action complete via WP Cron','2024-02-13 00:02:42','2024-02-13 00:02:42'),(72011,24016,'action created','2024-02-13 00:02:42','2024-02-13 00:02:42'),(72012,22500,'action started via WP Cron','2024-02-13 00:02:42','2024-02-13 00:02:42'),(72013,22500,'action complete via WP Cron','2024-02-13 00:02:43','2024-02-13 00:02:43'),(72014,24017,'action created','2024-02-13 00:02:43','2024-02-13 00:02:43'),(72126,23806,'action started via WP Cron','2024-02-13 03:05:28','2024-02-13 03:05:28'),(72127,23806,'action complete via WP Cron','2024-02-13 03:05:28','2024-02-13 03:05:28'),(72128,24055,'action created','2024-02-13 03:05:28','2024-02-13 03:05:28'),(72129,23807,'action started via WP Cron','2024-02-13 03:05:28','2024-02-13 03:05:28'),(72130,23807,'action complete via WP Cron','2024-02-13 03:05:29','2024-02-13 03:05:29'),(72131,24056,'action created','2024-02-13 03:05:29','2024-02-13 03:05:29'),(72768,24055,'action started via WP Cron','2024-02-14 04:08:32','2024-02-14 04:08:32'),(72769,24055,'action complete via WP Cron','2024-02-14 04:08:32','2024-02-14 04:08:32'),(72770,24269,'action created','2024-02-14 04:08:32','2024-02-14 04:08:32'),(72771,24056,'action started via WP Cron','2024-02-14 04:08:32','2024-02-14 04:08:32'),(72772,24056,'action complete via WP Cron','2024-02-14 04:08:32','2024-02-14 04:08:32'),(72773,24270,'action created','2024-02-14 04:08:32','2024-02-14 04:08:32'),(73332,24269,'action started via WP Cron','2024-02-15 05:05:34','2024-02-15 05:05:34'),(73333,24269,'action complete via WP Cron','2024-02-15 05:05:34','2024-02-15 05:05:34'),(73334,24457,'action created','2024-02-15 05:05:34','2024-02-15 05:05:34'),(73335,24270,'action started via WP Cron','2024-02-15 05:05:34','2024-02-15 05:05:34'),(73336,24270,'action complete via WP Cron','2024-02-15 05:05:34','2024-02-15 05:05:34'),(73337,24458,'action created','2024-02-15 05:05:34','2024-02-15 05:05:34'),(73980,24457,'action started via WP Cron','2024-02-16 05:05:44','2024-02-16 05:05:44'),(73981,24457,'action complete via WP Cron','2024-02-16 05:05:44','2024-02-16 05:05:44'),(73982,24673,'action created','2024-02-16 05:05:44','2024-02-16 05:05:44'),(73983,24458,'action started via WP Cron','2024-02-16 05:05:44','2024-02-16 05:05:44'),(73984,24458,'action complete via WP Cron','2024-02-16 05:05:44','2024-02-16 05:05:44'),(73985,24674,'action created','2024-02-16 05:05:44','2024-02-16 05:05:44'),(74670,24673,'action started via WP Cron','2024-02-17 05:28:23','2024-02-17 05:28:23'),(74671,24673,'action complete via WP Cron','2024-02-17 05:28:23','2024-02-17 05:28:23'),(74672,24903,'action created','2024-02-17 05:28:23','2024-02-17 05:28:23'),(74673,24674,'action started via WP Cron','2024-02-17 05:28:23','2024-02-17 05:28:23'),(74674,24674,'action complete via WP Cron','2024-02-17 05:28:23','2024-02-17 05:28:23'),(74675,24904,'action created','2024-02-17 05:28:23','2024-02-17 05:28:23'),(75192,24903,'action started via WP Cron','2024-02-18 08:03:51','2024-02-18 08:03:51'),(75193,24903,'action complete via WP Cron','2024-02-18 08:03:52','2024-02-18 08:03:52'),(75194,25077,'action created','2024-02-18 08:03:52','2024-02-18 08:03:52'),(75195,24904,'action started via WP Cron','2024-02-18 08:03:52','2024-02-18 08:03:52'),(75196,24904,'action complete via WP Cron','2024-02-18 08:03:52','2024-02-18 08:03:52'),(75197,25078,'action created','2024-02-18 08:03:52','2024-02-18 08:03:52'),(75513,25077,'action started via WP Cron','2024-02-19 08:26:03','2024-02-19 08:26:03'),(75514,25077,'action complete via WP Cron','2024-02-19 08:26:04','2024-02-19 08:26:04'),(75515,25184,'action created','2024-02-19 08:26:04','2024-02-19 08:26:04'),(75516,25078,'action started via WP Cron','2024-02-19 08:26:04','2024-02-19 08:26:04'),(75517,25078,'action complete via WP Cron','2024-02-19 08:26:04','2024-02-19 08:26:04'),(75518,25185,'action created','2024-02-19 08:26:04','2024-02-19 08:26:04'),(75843,24014,'action started via WP Cron','2024-02-20 00:50:17','2024-02-20 00:50:17'),(75844,24014,'action complete via WP Cron','2024-02-20 00:50:17','2024-02-20 00:50:17'),(75845,25294,'action created','2024-02-20 00:50:17','2024-02-20 00:50:17'),(75846,24015,'action started via WP Cron','2024-02-20 00:50:17','2024-02-20 00:50:17'),(75847,24015,'action complete via WP Cron','2024-02-20 00:50:17','2024-02-20 00:50:17'),(75848,25295,'action created','2024-02-20 00:50:17','2024-02-20 00:50:17'),(75849,24016,'action started via WP Cron','2024-02-20 00:50:17','2024-02-20 00:50:17'),(75850,24016,'action complete via WP Cron','2024-02-20 00:50:17','2024-02-20 00:50:17'),(75851,25296,'action created','2024-02-20 00:50:17','2024-02-20 00:50:17'),(75852,24017,'action started via WP Cron','2024-02-20 00:50:17','2024-02-20 00:50:17'),(75853,24017,'action complete via WP Cron','2024-02-20 00:50:17','2024-02-20 00:50:17'),(75854,25297,'action created','2024-02-20 00:50:17','2024-02-20 00:50:17'),(75930,25184,'action started via WP Cron','2024-02-20 09:07:44','2024-02-20 09:07:44'),(75931,25184,'action complete via WP Cron','2024-02-20 09:07:44','2024-02-20 09:07:44'),(75932,25323,'action created','2024-02-20 09:07:44','2024-02-20 09:07:44'),(75933,25185,'action started via WP Cron','2024-02-20 09:07:44','2024-02-20 09:07:44'),(75934,25185,'action complete via WP Cron','2024-02-20 09:07:44','2024-02-20 09:07:44'),(75935,25324,'action created','2024-02-20 09:07:44','2024-02-20 09:07:44'),(76545,25323,'action started via WP Cron','2024-02-21 09:12:34','2024-02-21 09:12:34'),(76546,25323,'action complete via WP Cron','2024-02-21 09:12:34','2024-02-21 09:12:34'),(76547,25528,'action created','2024-02-21 09:12:34','2024-02-21 09:12:34'),(76548,25324,'action started via WP Cron','2024-02-21 09:12:34','2024-02-21 09:12:34'),(76549,25324,'action complete via WP Cron','2024-02-21 09:12:34','2024-02-21 09:12:34'),(76550,25529,'action created','2024-02-21 09:12:34','2024-02-21 09:12:34'),(76986,25528,'action started via WP Cron','2024-02-22 09:59:30','2024-02-22 09:59:30'),(76987,25528,'action complete via WP Cron','2024-02-22 09:59:30','2024-02-22 09:59:30'),(76988,25675,'action created','2024-02-22 09:59:30','2024-02-22 09:59:30'),(76989,25529,'action started via WP Cron','2024-02-22 09:59:30','2024-02-22 09:59:30'),(76990,25529,'action complete via WP Cron','2024-02-22 09:59:30','2024-02-22 09:59:30'),(76991,25676,'action created','2024-02-22 09:59:30','2024-02-22 09:59:30'),(77523,25675,'action started via WP Cron','2024-02-23 10:05:57','2024-02-23 10:05:57'),(77524,25675,'action complete via WP Cron','2024-02-23 10:05:58','2024-02-23 10:05:58'),(77525,25854,'action created','2024-02-23 10:05:58','2024-02-23 10:05:58'),(77526,25676,'action started via WP Cron','2024-02-23 10:05:58','2024-02-23 10:05:58'),(77527,25676,'action complete via WP Cron','2024-02-23 10:05:58','2024-02-23 10:05:58'),(77528,25855,'action created','2024-02-23 10:05:58','2024-02-23 10:05:58'),(77976,25854,'action started via WP Cron','2024-02-24 10:06:06','2024-02-24 10:06:06'),(77977,25854,'action complete via WP Cron','2024-02-24 10:06:06','2024-02-24 10:06:06'),(77978,26005,'action created','2024-02-24 10:06:06','2024-02-24 10:06:06'),(77979,25855,'action started via WP Cron','2024-02-24 10:06:06','2024-02-24 10:06:06'),(77980,25855,'action complete via WP Cron','2024-02-24 10:06:06','2024-02-24 10:06:06'),(77981,26006,'action created','2024-02-24 10:06:06','2024-02-24 10:06:06'),(78476,26171,'action created','2024-02-25 07:30:34','2024-02-25 07:30:34'),(78497,26178,'action created','2024-02-25 08:23:04','2024-02-25 08:23:04'),(78500,26179,'action created','2024-02-25 09:33:15','2024-02-25 09:33:15'),(78503,26180,'action created','2024-02-25 09:33:15','2024-02-25 09:33:15'),(78506,26181,'action created','2024-02-25 09:33:15','2024-02-25 09:33:15'),(78509,26182,'action created','2024-02-25 09:33:15','2024-02-25 09:33:15'),(78510,26171,'action started via WP Cron','2024-02-25 09:33:15','2024-02-25 09:33:15'),(78511,26171,'action complete via WP Cron','2024-02-25 09:33:15','2024-02-25 09:33:15'),(78512,26183,'action created','2024-02-25 09:33:15','2024-02-25 09:33:15'),(78513,26179,'action started via WP Cron','2024-02-25 09:34:45','2024-02-25 09:34:45'),(78514,26179,'action complete via WP Cron','2024-02-25 09:34:45','2024-02-25 09:34:45'),(78515,26184,'action created','2024-02-25 09:34:45','2024-02-25 09:34:45'),(78516,26180,'action started via WP Cron','2024-02-25 09:34:45','2024-02-25 09:34:45'),(78517,26180,'action complete via WP Cron','2024-02-25 09:34:45','2024-02-25 09:34:45'),(78518,26185,'action created','2024-02-25 09:34:45','2024-02-25 09:34:45'),(78519,26181,'action started via WP Cron','2024-02-25 09:34:45','2024-02-25 09:34:45'),(78520,26181,'action complete via WP Cron','2024-02-25 09:34:45','2024-02-25 09:34:45'),(78521,26186,'action created','2024-02-25 09:34:45','2024-02-25 09:34:45');

--
-- Table structure for table `wp_chaty_contact_form_leads`
--

CREATE TABLE `wp_chaty_contact_form_leads` (
  `id` bigint(11) NOT NULL AUTO_INCREMENT,
  `widget_id` int(11) DEFAULT NULL,
  `name` varchar(100) COLLATE utf8mb4_unicode_520_ci DEFAULT NULL,
  `email` varchar(100) COLLATE utf8mb4_unicode_520_ci NOT NULL,
  `phone_number` varchar(100) COLLATE utf8mb4_unicode_520_ci DEFAULT NULL,
  `message` text COLLATE utf8mb4_unicode_520_ci NOT NULL,
  `ref_page` text COLLATE utf8mb4_unicode_520_ci NOT NULL,
  `ip_address` varchar(256) COLLATE utf8mb4_unicode_520_ci NOT NULL DEFAULT '0',
  `created_on` datetime DEFAULT NULL,
  PRIMARY KEY (`id`)
) ENGINE=InnoDB DEFAULT CHARSET=utf8mb4 COLLATE=utf8mb4_unicode_520_ci;

--
-- Dumping data for table `wp_chaty_contact_form_leads`
--


--
-- Table structure for table `wp_cky_banners`
--

CREATE TABLE `wp_cky_banners` (
  `banner_id` bigint(20) NOT NULL AUTO_INCREMENT,
  `name` varchar(190) COLLATE utf8mb4_unicode_520_ci NOT NULL DEFAULT '',
  `slug` varchar(190) COLLATE utf8mb4_unicode_520_ci NOT NULL DEFAULT '',
  `status` int(11) NOT NULL DEFAULT '0',
  `settings` longtext COLLATE utf8mb4_unicode_520_ci NOT NULL,
  `banner_default` int(11) NOT NULL DEFAULT '0',
  `contents` longtext COLLATE utf8mb4_unicode_520_ci NOT NULL,
  `date_created` datetime NOT NULL DEFAULT '0000-00-00 00:00:00',
  `date_modified` datetime NOT NULL DEFAULT '0000-00-00 00:00:00',
  PRIMARY KEY (`banner_id`)
) ENGINE=InnoDB AUTO_INCREMENT=3 DEFAULT CHARSET=utf8mb4 COLLATE=utf8mb4_unicode_520_ci;

--
-- Dumping data for table `wp_cky_banners`
--

INSERT INTO `wp_cky_banners` VALUES (1,'GDPR','gdpr-1',1,'{\"settings\":{\"id\":\"banner-1\",\"type\":\"box\",\"position\":\"bottom-left\",\"versionID\":\"6.0.0\",\"applicableLaw\":\"gdpr\",\"languages\":{\"default\":\"en\",\"selected\":[\"en\"]},\"templateGroup\":\"default\",\"customHtml\":{\"status\":false},\"theme\":\"light\",\"consentExpiry\":{\"status\":true,\"value\":\"365\"},\"ruleSet\":[{\"code\":\"ALL\",\"regions\":[]}]},\"behaviours\":{\"reloadBannerOnAccept\":{\"status\":false},\"loadAnalyticsByDefault\":{\"status\":false},\"animations\":{\"onLoad\":\"animate\",\"onHide\":\"sticky\"},\"legacyFunctions\":{\"accept\":{\"action\":\"acceptClose\",\"newTab\":false},\"reject\":{\"action\":\"rejectClose\",\"newTab\":false},\"idle\":{\"action\":\"acceptClose\",\"delay\":\"1000\"},\"navigation\":{\"action\":\"acceptClose\"},\"pageScroll\":{\"action\":\"acceptClose\"}},\"respectGPC\":{\"status\":false}},\"config\":{\"notice\":{\"status\":true,\"tag\":\"notice\",\"type\":\"container\",\"styles\":{\"background-color\":\"#FFFFFF\",\"border-color\":\"#f4f4f4\"},\"elements\":{\"title\":{\"type\":\"text\",\"tag\":\"title\",\"status\":true,\"styles\":{\"color\":\"#212121\"}},\"description\":{\"type\":\"text\",\"tag\":\"description\",\"status\":true,\"styles\":{\"color\":\"#212121\"}},\"brandLogo\":{\"status\":false,\"tag\":\"brand-logo\",\"meta\":{\"url\":\"#\"}},\"buttons\":{\"status\":true,\"tag\":\"notice-buttons\",\"type\":\"container\",\"elements\":{\"accept\":{\"status\":true,\"tag\":\"accept-button\",\"type\":\"button\",\"styles\":{\"color\":\"#FFFFFF\",\"background-color\":\"#1863DC\",\"border-color\":\"#1863DC\"}},\"reject\":{\"status\":true,\"tag\":\"reject-button\",\"type\":\"button\",\"styles\":{\"color\":\"#1863DC\",\"background-color\":\"transparent\",\"border-color\":\"#1863DC\"}},\"settings\":{\"status\":true,\"tag\":\"settings-button\",\"type\":\"button\",\"styles\":{\"color\":\"#1863DC\",\"background-color\":\"transparent\",\"border-color\":\"#1863DC\"}},\"readMore\":{\"status\":false,\"tag\":\"readmore-button\",\"type\":\"link\",\"meta\":{\"noFollow\":true,\"newTab\":true},\"styles\":{\"color\":\"#1863DC\",\"background-color\":\"transparent\",\"border-color\":\"transparent\"}},\"donotSell\":{\"status\":false,\"tag\":\"donotsell-button\",\"type\":\"button\",\"styles\":{\"color\":\"#1863DC\",\"background-color\":\"transparent\",\"border-color\":\"transparent\"}}}},\"closeButton\":{\"status\":false,\"tag\":\"close-button\"}}},\"categoryPreview\":{\"status\":false,\"type\":\"container\",\"tag\":\"detail-category-preview\",\"elements\":{\"title\":{\"type\":\"text\",\"tag\":\"detail-category-preview-title\",\"status\":true,\"styles\":{\"color\":\"#212121\"}},\"toggle\":{\"status\":true,\"tag\":\"detail-category-preview-toggle\",\"type\":\"toggle\",\"states\":{\"active\":{\"styles\":{\"background-color\":\"#1863DC\"}},\"inactive\":{\"styles\":{\"background-color\":\"#D0D5D2\"}}}},\"buttons\":{\"status\":true,\"tag\":\"detail-category-preview-buttons\",\"elements\":{\"save\":{\"status\":true,\"tag\":\"detail-category-preview-save-button\",\"type\":\"button\",\"styles\":{\"color\":\"#1863DC\",\"background-color\":\"transparent\",\"border-color\":\"#1863DC\"}}}}}},\"preferenceCenter\":{\"status\":true,\"tag\":\"detail\",\"type\":\"container\",\"styles\":{\"color\":\"#212121\",\"background-color\":\"#FFFFFF\",\"border-color\":\"#f4f4f4\"},\"elements\":{\"title\":{\"type\":\"text\",\"tag\":\"detail-title\",\"status\":true,\"styles\":{\"color\":\"#212121\"}},\"description\":{\"type\":\"text\",\"tag\":\"detail-description\",\"status\":true,\"styles\":{\"color\":\"#212121\"}},\"closeButton\":{\"status\":true,\"type\":\"button\",\"tag\":\"detail-close\"},\"categories\":{\"status\":true,\"tag\":\"detail-categories\",\"type\":\"container\",\"elements\":{\"title\":{\"type\":\"text\",\"tag\":\"detail-category-title\",\"status\":true,\"styles\":{\"color\":\"#212121\"}},\"description\":{\"type\":\"text\",\"tag\":\"detail-category-description\",\"status\":true,\"styles\":{\"color\":\"#212121\"}},\"toggle\":{\"status\":true,\"tag\":\"detail-category-toggle\",\"type\":\"toggle\",\"states\":{\"active\":{\"styles\":{\"background-color\":\"#1863DC\"}},\"inactive\":{\"styles\":{\"background-color\":\"#D0D5D2\"}}}}}},\"buttons\":{\"status\":true,\"tag\":\"detail-buttons\",\"type\":\"container\",\"elements\":{\"accept\":{\"status\":true,\"tag\":\"detail-accept-button\",\"type\":\"button\",\"styles\":{\"color\":\"#FFFFFF\",\"background-color\":\"#1863DC\",\"border-color\":\"#1863DC\"}},\"reject\":{\"status\":true,\"tag\":\"detail-reject-button\",\"type\":\"button\",\"styles\":{\"color\":\"#1863DC\",\"background-color\":\"transparent\",\"border-color\":\"#1863DC\"}},\"save\":{\"status\":true,\"tag\":\"detail-save-button\",\"type\":\"button\",\"styles\":{\"color\":\"#1863DC\",\"background-color\":\"transparent\",\"border-color\":\"#1863DC\"}}}},\"poweredBy\":{\"status\":true,\"tag\":\"detail-powered-by\",\"styles\":{\"background-color\":\"#EDEDED\",\"color\":\"#293C5B\"}}}},\"optoutPopup\":{\"status\":false,\"tag\":\"optout-popup\",\"type\":\"container\",\"styles\":{\"color\":\"#212121\",\"background-color\":\"#FFFFFF\",\"border-color\":\"#F4F4F4\"},\"elements\":{\"title\":{\"type\":\"text\",\"tag\":\"optout-title\",\"status\":true,\"styles\":{\"color\":\"#212121\"}},\"description\":{\"type\":\"text\",\"tag\":\"optout-description\",\"status\":true,\"styles\":{\"color\":\"#212121\"}},\"optOption\":{\"status\":true,\"tag\":\"optout-option\",\"type\":\"container\",\"elements\":{\"toggle\":{\"status\":true,\"tag\":\"optout-option-toggle\",\"type\":\"toggle\",\"states\":{\"active\":{\"styles\":{\"background-color\":\"#1863dc\"}},\"inactive\":{\"styles\":{\"background-color\":\"#FFFFFF\"}}}},\"title\":{\"type\":\"text\",\"tag\":\"optout-option-title\",\"status\":true,\"styles\":{\"color\":\"#212121\"}}}},\"gpcOption\":{\"type\":\"container\",\"tag\":\"optout-gpc-option\",\"status\":false,\"elements\":{\"description\":{\"type\":\"text\",\"tag\":\"optout-gpc-option-description\",\"status\":true,\"styles\":{\"color\":\"#212121\"}}}},\"poweredBy\":{\"status\":true,\"tag\":\"optout-powered-by\",\"styles\":{\"background-color\":\"#EDEDED\",\"color\":\"#293C5B\"}},\"buttons\":{\"status\":true,\"tag\":\"optout-buttons\",\"type\":\"container\",\"elements\":{\"confirm\":{\"status\":true,\"tag\":\"optout-confirm-button\",\"type\":\"button\",\"styles\":{\"color\":\"#f4f4f4\",\"background-color\":\"#1863dc\",\"border-color\":\"#1863dc\"}},\"cancel\":{\"status\":true,\"tag\":\"optout-cancel-button\",\"type\":\"button\",\"styles\":{\"color\":\"#858585\",\"background-color\":\"#FFFFFF\",\"border-color\":\"#dedfe0\"}}}},\"closeButton\":{\"status\":true,\"tag\":\"optout-close\",\"type\":\"button\"}}},\"auditTable\":{\"status\":true,\"tag\":\"audit-table\",\"type\":\"table\",\"meta\":{\"headers\":[\"id\",\"duration\",\"description\"]},\"styles\":{\"color\":\"#212121\",\"background-color\":\"#f4f4f4\",\"border-color\":\"#ebebeb\"}},\"revisitConsent\":{\"status\":true,\"tag\":\"revisit-consent\",\"position\":\"bottom-left\",\"meta\":{\"url\":\"#\"},\"styles\":{\"background-color\":\"#0056A7\"},\"elements\":{\"title\":{\"type\":\"text\",\"tag\":\"revisit-consent-title\",\"status\":true,\"styles\":{\"color\":\"#0056a7\"}}}},\"videoPlaceholder\":{\"status\":true,\"tag\":\"video-placeholder\",\"styles\":{\"background-color\":\"#000000\",\"border-color\":\"#000000\"},\"elements\":{\"title\":{\"type\":\"text\",\"tag\":\"placeholder-title\",\"status\":true,\"styles\":{\"color\":\"#ffffff\"}}}}},\"meta\":{\"customCSS\":\"\",\"customHTML\":\"\"}}',1,'{\"en\":{\"notice\":{\"elements\":{\"title\":\"We value your privacy\",\"description\":\"<p>We use cookies to enhance your browsing experience, serve personalized ads or content, and analyze our traffic. By clicking \\\"Accept All\\\", you consent to our use of cookies.<\\/p>\",\"privacyLink\":\"\",\"buttons\":{\"elements\":{\"accept\":\"Accept All\",\"reject\":\"Reject All\",\"settings\":\"Customize\",\"readMore\":\"Cookie Policy\",\"donotSell\":\"Do Not Sell or Share My Personal Information\"}},\"closeButton\":\"Close\"}},\"categoryPreview\":{\"elements\":{\"buttons\":{\"elements\":{\"save\":\"Save My Preferences\"}}}},\"preferenceCenter\":{\"elements\":{\"title\":\"Customize Consent Preferences\",\"description\":\"<p>We use cookies to help you navigate efficiently and perform certain functions. You will find detailed information about all cookies under each consent category below.<\\/p><p>The cookies that are categorized as \\\"Necessary\\\" are stored on your browser as they are essential for enabling the basic functionalities of the site. <\\/p><p>We also use third-party cookies that help us analyze how you use this website, store your preferences, and provide the content and advertisements that are relevant to you. These cookies will only be stored in your browser with your prior consent.<\\/p><p>You can choose to enable or disable some or all of these cookies but disabling some of them may affect your browsing experience.<\\/p>\",\"showMore\":\"Show more\",\"showLess\":\"Show less\",\"category\":{\"elements\":{\"alwaysEnabled\":\"Always Active\",\"enable\":\"Enable\",\"disable\":\"Disable\"}},\"buttons\":{\"elements\":{\"accept\":\"Accept All\",\"save\":\"Save My Preferences\",\"reject\":\"Reject All\"}},\"closeButton\":\"Close\"}},\"optoutPopup\":{\"elements\":{\"title\":\"Opt-out Preferences\",\"description\":\"<p>We use third-party cookies that help us analyze how you use this website, store your preferences, and provide the content and advertisements that are relevant to you. However, you can opt out of these cookies by checking \\\"Do Not Sell or Share My Personal Information\\\" and clicking the \\\"Save My Preferences\\\" button. Once you opt out, you can opt in again at any time by unchecking \\\"Do Not Sell or Share My Personal Information\\\" and clicking the \\\"Save My Preferences\\\" button.<\\/p>\",\"optOption\":{\"elements\":{\"title\":\"Do Not Sell or Share My Personal Information\",\"enable\":\"Enable\",\"disable\":\"Disable\"}},\"gpcOption\":{\"elements\":{\"description\":\"<p>Your opt-out settings for this website have been respected since we deteted a <b>Gobal Privacy Control<\\/b> signal from your browser and, therefore, you cannot change this setting.<\\/p>\"}},\"showLess\":\"Show less\",\"showMore\":\"Show more\",\"buttons\":{\"elements\":{\"cancel\":\"Cancel\",\"confirm\":\"Save My Preferences\"}},\"closeButton\":\"Close\"}},\"revisitConsent\":{\"elements\":{\"title\":\"Cookie Settings\"}},\"auditTable\":{\"elements\":{\"headers\":{\"elements\":{\"id\":\"Cookie\",\"duration\":\"Duration\",\"description\":\"Description\"}},\"message\":\"No cookies to display.\"}},\"videoPlaceholder\":{\"elements\":{\"title\":\"Please accept cookies to access this content\"}}}}','2023-08-20 17:04:19','2023-08-20 17:04:19'),(2,'CCPA','ccpa-2',0,'{\"settings\":{\"id\":\"banner-1\",\"type\":\"box\",\"position\":\"bottom-left\",\"versionID\":\"6.0.0\",\"applicableLaw\":\"ccpa\",\"languages\":{\"default\":\"en\",\"selected\":[\"en\"]},\"templateGroup\":\"default\",\"customHtml\":{\"status\":false},\"theme\":\"light\",\"consentExpiry\":{\"status\":true,\"value\":\"365\"},\"ruleSet\":[{\"code\":\"ALL\",\"regions\":[]}]},\"behaviours\":{\"reloadBannerOnAccept\":{\"status\":false},\"loadAnalyticsByDefault\":{\"status\":false},\"animations\":{\"onLoad\":\"animate\",\"onHide\":\"sticky\"},\"legacyFunctions\":{\"accept\":{\"action\":\"acceptClose\",\"newTab\":false},\"reject\":{\"action\":\"rejectClose\",\"newTab\":false},\"idle\":{\"action\":\"acceptClose\",\"delay\":\"1000\"},\"navigation\":{\"action\":\"acceptClose\"},\"pageScroll\":{\"action\":\"acceptClose\"}},\"respectGPC\":{\"status\":false}},\"config\":{\"notice\":{\"status\":true,\"tag\":\"notice\",\"type\":\"container\",\"styles\":{\"background-color\":\"#FFFFFF\",\"border-color\":\"#f4f4f4\"},\"elements\":{\"title\":{\"type\":\"text\",\"tag\":\"title\",\"status\":true,\"styles\":{\"color\":\"#212121\"}},\"description\":{\"type\":\"text\",\"tag\":\"description\",\"status\":true,\"styles\":{\"color\":\"#212121\"}},\"brandLogo\":{\"status\":false,\"tag\":\"brand-logo\",\"meta\":{\"url\":\"#\"}},\"buttons\":{\"status\":true,\"tag\":\"notice-buttons\",\"type\":\"container\",\"elements\":{\"accept\":{\"status\":false,\"tag\":\"accept-button\",\"type\":\"button\",\"styles\":{\"color\":\"#FFFFFF\",\"background-color\":\"#1863DC\",\"border-color\":\"#1863DC\"}},\"reject\":{\"status\":false,\"tag\":\"reject-button\",\"type\":\"button\",\"styles\":{\"color\":\"#1863DC\",\"background-color\":\"transparent\",\"border-color\":\"#1863DC\"}},\"settings\":{\"status\":false,\"tag\":\"settings-button\",\"type\":\"button\",\"styles\":{\"color\":\"#1863DC\",\"background-color\":\"transparent\",\"border-color\":\"#1863DC\"}},\"readMore\":{\"status\":false,\"tag\":\"readmore-button\",\"type\":\"link\",\"meta\":{\"noFollow\":true,\"newTab\":true},\"styles\":{\"color\":\"#1863DC\",\"background-color\":\"transparent\",\"border-color\":\"transparent\"}},\"donotSell\":{\"status\":true,\"tag\":\"donotsell-button\",\"type\":\"button\",\"styles\":{\"color\":\"#1863DC\",\"background-color\":\"transparent\",\"border-color\":\"transparent\"}}}},\"closeButton\":{\"status\":true,\"tag\":\"close-button\"}}},\"categoryPreview\":{\"status\":false,\"type\":\"container\",\"tag\":\"detail-category-preview\",\"elements\":{\"title\":{\"type\":\"text\",\"tag\":\"detail-category-preview-title\",\"status\":true,\"styles\":{\"color\":\"#212121\"}},\"toggle\":{\"status\":true,\"tag\":\"detail-category-preview-toggle\",\"type\":\"toggle\",\"states\":{\"active\":{\"styles\":{\"background-color\":\"#1863DC\"}},\"inactive\":{\"styles\":{\"background-color\":\"#D0D5D2\"}}}},\"buttons\":{\"status\":true,\"tag\":\"detail-category-preview-buttons\",\"elements\":{\"save\":{\"status\":true,\"tag\":\"detail-category-preview-save-button\",\"type\":\"button\",\"styles\":{\"color\":\"#1863DC\",\"background-color\":\"transparent\",\"border-color\":\"#1863DC\"}}}}}},\"preferenceCenter\":{\"status\":false,\"tag\":\"detail\",\"type\":\"container\",\"styles\":{\"color\":\"#212121\",\"background-color\":\"#FFFFFF\",\"border-color\":\"#f4f4f4\"},\"elements\":{\"title\":{\"type\":\"text\",\"tag\":\"detail-title\",\"status\":true,\"styles\":{\"color\":\"#212121\"}},\"description\":{\"type\":\"text\",\"tag\":\"detail-description\",\"status\":true,\"styles\":{\"color\":\"#212121\"}},\"closeButton\":{\"status\":true,\"type\":\"button\",\"tag\":\"detail-close\"},\"categories\":{\"status\":true,\"tag\":\"detail-categories\",\"type\":\"container\",\"elements\":{\"title\":{\"type\":\"text\",\"tag\":\"detail-category-title\",\"status\":true,\"styles\":{\"color\":\"#212121\"}},\"description\":{\"type\":\"text\",\"tag\":\"detail-category-description\",\"status\":true,\"styles\":{\"color\":\"#212121\"}},\"toggle\":{\"status\":true,\"tag\":\"detail-category-toggle\",\"type\":\"toggle\",\"states\":{\"active\":{\"styles\":{\"background-color\":\"#1863DC\"}},\"inactive\":{\"styles\":{\"background-color\":\"#D0D5D2\"}}}}}},\"buttons\":{\"status\":true,\"tag\":\"detail-buttons\",\"type\":\"container\",\"elements\":{\"accept\":{\"status\":true,\"tag\":\"detail-accept-button\",\"type\":\"button\",\"styles\":{\"color\":\"#FFFFFF\",\"background-color\":\"#1863DC\",\"border-color\":\"#1863DC\"}},\"reject\":{\"status\":true,\"tag\":\"detail-reject-button\",\"type\":\"button\",\"styles\":{\"color\":\"#1863DC\",\"background-color\":\"transparent\",\"border-color\":\"#1863DC\"}},\"save\":{\"status\":true,\"tag\":\"detail-save-button\",\"type\":\"button\",\"styles\":{\"color\":\"#1863DC\",\"background-color\":\"transparent\",\"border-color\":\"#1863DC\"}}}},\"poweredBy\":{\"status\":true,\"tag\":\"detail-powered-by\",\"styles\":{\"background-color\":\"#EDEDED\",\"color\":\"#293C5B\"}}}},\"optoutPopup\":{\"status\":true,\"tag\":\"optout-popup\",\"type\":\"container\",\"styles\":{\"color\":\"#212121\",\"background-color\":\"#FFFFFF\",\"border-color\":\"#F4F4F4\"},\"elements\":{\"title\":{\"type\":\"text\",\"tag\":\"optout-title\",\"status\":true,\"styles\":{\"color\":\"#212121\"}},\"description\":{\"type\":\"text\",\"tag\":\"optout-description\",\"status\":true,\"styles\":{\"color\":\"#212121\"}},\"optOption\":{\"status\":true,\"tag\":\"optout-option\",\"type\":\"container\",\"elements\":{\"toggle\":{\"status\":true,\"tag\":\"optout-option-toggle\",\"type\":\"toggle\",\"states\":{\"active\":{\"styles\":{\"background-color\":\"#1863dc\"}},\"inactive\":{\"styles\":{\"background-color\":\"#FFFFFF\"}}}},\"title\":{\"type\":\"text\",\"tag\":\"optout-option-title\",\"status\":true,\"styles\":{\"color\":\"#212121\"}}}},\"gpcOption\":{\"type\":\"container\",\"tag\":\"optout-gpc-option\",\"status\":false,\"elements\":{\"description\":{\"type\":\"text\",\"tag\":\"optout-gpc-option-description\",\"status\":true,\"styles\":{\"color\":\"#212121\"}}}},\"poweredBy\":{\"status\":true,\"tag\":\"optout-powered-by\",\"styles\":{\"background-color\":\"#EDEDED\",\"color\":\"#293C5B\"}},\"buttons\":{\"status\":true,\"tag\":\"optout-buttons\",\"type\":\"container\",\"elements\":{\"confirm\":{\"status\":true,\"tag\":\"optout-confirm-button\",\"type\":\"button\",\"styles\":{\"color\":\"#f4f4f4\",\"background-color\":\"#1863dc\",\"border-color\":\"#1863dc\"}},\"cancel\":{\"status\":true,\"tag\":\"optout-cancel-button\",\"type\":\"button\",\"styles\":{\"color\":\"#858585\",\"background-color\":\"#FFFFFF\",\"border-color\":\"#dedfe0\"}}}},\"closeButton\":{\"status\":true,\"tag\":\"optout-close\",\"type\":\"button\"}}},\"auditTable\":{\"status\":false,\"tag\":\"audit-table\",\"type\":\"table\",\"meta\":{\"headers\":[\"id\",\"duration\",\"description\"]},\"styles\":{\"color\":\"#212121\",\"background-color\":\"#f4f4f4\",\"border-color\":\"#ebebeb\"}},\"revisitConsent\":{\"status\":true,\"tag\":\"revisit-consent\",\"position\":\"bottom-left\",\"meta\":{\"url\":\"#\"},\"styles\":{\"background-color\":\"#0056A7\"},\"elements\":{\"title\":{\"type\":\"text\",\"tag\":\"revisit-consent-title\",\"status\":true,\"styles\":{\"color\":\"#0056a7\"}}}},\"videoPlaceholder\":{\"status\":true,\"tag\":\"video-placeholder\",\"styles\":{\"background-color\":\"#000000\",\"border-color\":\"#000000\"},\"elements\":{\"title\":{\"type\":\"text\",\"tag\":\"placeholder-title\",\"status\":true,\"styles\":{\"color\":\"#ffffff\"}}}}},\"meta\":{\"customCSS\":\"\",\"customHTML\":\"\"}}',0,'{\"en\":{\"notice\":{\"elements\":{\"title\":\"We value your privacy\",\"description\":\"This website or its third-party tools process personal data. You can opt out of the sale of your personal information by clicking on the \\\"Do Not Sell or Share My Personal Information\\\" link.\",\"privacyLink\":\"\",\"buttons\":{\"elements\":{\"accept\":\"Accept All\",\"reject\":\"Reject All\",\"settings\":\"Customize\",\"readMore\":\"Cookie Policy\",\"donotSell\":\"Do Not Sell or Share My Personal Information\"}},\"closeButton\":\"Close\"}},\"categoryPreview\":{\"elements\":{\"buttons\":{\"elements\":{\"save\":\"Save My Preferences\"}}}},\"preferenceCenter\":{\"elements\":{\"title\":\"Customize Consent Preferences\",\"description\":\"<p>We use cookies to help you navigate efficiently and perform certain functions. You will find detailed information about all cookies under each consent category below.<\\/p><p>The cookies that are categorized as \\\"Necessary\\\" are stored on your browser as they are essential for enabling the basic functionalities of the site. <\\/p><p>We also use third-party cookies that help us analyze how you use this website, store your preferences, and provide the content and advertisements that are relevant to you. These cookies will only be stored in your browser with your prior consent.<\\/p><p>You can choose to enable or disable some or all of these cookies but disabling some of them may affect your browsing experience.<\\/p>\",\"showMore\":\"Show more\",\"showLess\":\"Show less\",\"category\":{\"elements\":{\"alwaysEnabled\":\"Always Active\",\"enable\":\"Enable\",\"disable\":\"Disable\"}},\"buttons\":{\"elements\":{\"accept\":\"Accept All\",\"save\":\"Save My Preferences\",\"reject\":\"Reject All\"}},\"closeButton\":\"Close\"}},\"optoutPopup\":{\"elements\":{\"title\":\"Opt-out Preferences\",\"description\":\"<p>We use third-party cookies that help us analyze how you use this website, store your preferences, and provide the content and advertisements that are relevant to you. However, you can opt out of these cookies by checking \\\"Do Not Sell or Share My Personal Information\\\" and clicking the \\\"Save My Preferences\\\" button. Once you opt out, you can opt in again at any time by unchecking \\\"Do Not Sell or Share My Personal Information\\\" and clicking the \\\"Save My Preferences\\\" button.<\\/p>\",\"optOption\":{\"elements\":{\"title\":\"Do Not Sell or Share My Personal Information\",\"enable\":\"Enable\",\"disable\":\"Disable\"}},\"gpcOption\":{\"elements\":{\"description\":\"<p>Your opt-out settings for this website have been respected since we deteted a <b>Gobal Privacy Control<\\/b> signal from your browser and, therefore, you cannot change this setting.<\\/p>\"}},\"showLess\":\"Show less\",\"showMore\":\"Show more\",\"buttons\":{\"elements\":{\"cancel\":\"Cancel\",\"confirm\":\"Save My Preferences\"}},\"closeButton\":\"Close\"}},\"revisitConsent\":{\"elements\":{\"title\":\"Cookie Settings\"}},\"auditTable\":{\"elements\":{\"headers\":{\"elements\":{\"id\":\"Cookie\",\"duration\":\"Duration\",\"description\":\"Description\"}},\"message\":\"No cookies to display.\"}},\"videoPlaceholder\":{\"elements\":{\"title\":\"Please accept cookies to access this content\"}}}}','2023-08-20 17:04:26','2023-08-20 17:04:26');

--
-- Table structure for table `wp_cky_cookie_categories`
--

CREATE TABLE `wp_cky_cookie_categories` (
  `category_id` bigint(20) NOT NULL AUTO_INCREMENT,
  `name` text COLLATE utf8mb4_unicode_520_ci NOT NULL,
  `slug` varchar(190) COLLATE utf8mb4_unicode_520_ci NOT NULL DEFAULT '',
  `description` longtext COLLATE utf8mb4_unicode_520_ci NOT NULL,
  `prior_consent` int(11) NOT NULL DEFAULT '0',
  `visibility` int(11) NOT NULL DEFAULT '1',
  `priority` int(11) NOT NULL DEFAULT '0',
  `sell_personal_data` int(11) NOT NULL DEFAULT '0',
  `meta` longtext COLLATE utf8mb4_unicode_520_ci,
  `date_created` datetime NOT NULL DEFAULT '0000-00-00 00:00:00',
  `date_modified` datetime NOT NULL DEFAULT '0000-00-00 00:00:00',
  PRIMARY KEY (`category_id`),
  UNIQUE KEY `slug` (`slug`)
) ENGINE=InnoDB AUTO_INCREMENT=6 DEFAULT CHARSET=utf8mb4 COLLATE=utf8mb4_unicode_520_ci;

--
-- Dumping data for table `wp_cky_cookie_categories`
--

INSERT INTO `wp_cky_cookie_categories` VALUES (1,'{\"en\":\"Necessary\"}','necessary','{\"en\":\"<p>Necessary cookies are required to enable the basic features of this site, such as providing secure log-in or adjusting your consent preferences. These cookies do not store any personally identifiable data.<\\/p>\"}',1,1,0,1,'[]','0000-00-00 00:00:00','0000-00-00 00:00:00'),(2,'{\"en\":\"Functional\"}','functional','{\"en\":\"<p>Functional cookies help perform certain functionalities like sharing the content of the website on social media platforms, collecting feedback, and other third-party features.<\\/p>\"}',0,1,0,1,'[]','0000-00-00 00:00:00','0000-00-00 00:00:00'),(3,'{\"en\":\"Analytics\"}','analytics','{\"en\":\"<p>Analytical cookies are used to understand how visitors interact with the website. These cookies help provide information on metrics such as the number of visitors, bounce rate, traffic source, etc.<\\/p>\"}',0,1,0,1,'[]','0000-00-00 00:00:00','0000-00-00 00:00:00'),(4,'{\"en\":\"Performance\"}','performance','{\"en\":\"<p>Performance cookies are used to understand and analyze the key performance indexes of the website which helps in delivering a better user experience for the visitors.<\\/p>\"}',0,1,0,1,'[]','0000-00-00 00:00:00','0000-00-00 00:00:00'),(5,'{\"en\":\"Advertisement\"}','advertisement','{\"en\":\"<p>Advertisement cookies are used to provide visitors with customized advertisements based on the pages you visited previously and to analyze the effectiveness of the ad campaigns.<\\/p>\"}',0,1,0,1,'[]','0000-00-00 00:00:00','0000-00-00 00:00:00');

--
-- Table structure for table `wp_cky_cookies`
--

CREATE TABLE `wp_cky_cookies` (
  `cookie_id` bigint(20) NOT NULL AUTO_INCREMENT,
  `name` varchar(190) COLLATE utf8mb4_unicode_520_ci NOT NULL DEFAULT '',
  `slug` varchar(190) COLLATE utf8mb4_unicode_520_ci NOT NULL DEFAULT '',
  `description` longtext COLLATE utf8mb4_unicode_520_ci NOT NULL,
  `duration` text COLLATE utf8mb4_unicode_520_ci NOT NULL,
  `domain` varchar(190) COLLATE utf8mb4_unicode_520_ci NOT NULL DEFAULT '',
  `category` bigint(20) NOT NULL,
  `type` text COLLATE utf8mb4_unicode_520_ci NOT NULL,
  `discovered` int(11) NOT NULL DEFAULT '0',
  `url_pattern` varchar(190) COLLATE utf8mb4_unicode_520_ci DEFAULT '',
  `meta` longtext COLLATE utf8mb4_unicode_520_ci,
  `date_created` datetime NOT NULL DEFAULT '0000-00-00 00:00:00',
  `date_modified` datetime NOT NULL DEFAULT '0000-00-00 00:00:00',
  PRIMARY KEY (`cookie_id`)
) ENGINE=InnoDB DEFAULT CHARSET=utf8mb4 COLLATE=utf8mb4_unicode_520_ci;

--
-- Dumping data for table `wp_cky_cookies`
--


--
-- Table structure for table `wp_commentmeta`
--

CREATE TABLE `wp_commentmeta` (
  `meta_id` bigint(20) unsigned NOT NULL AUTO_INCREMENT,
  `comment_id` bigint(20) unsigned NOT NULL DEFAULT '0',
  `meta_key` varchar(255) DEFAULT NULL,
  `meta_value` longtext,
  PRIMARY KEY (`meta_id`),
  KEY `comment_id` (`comment_id`),
  KEY `meta_key` (`meta_key`(191))
) ENGINE=MyISAM AUTO_INCREMENT=70 DEFAULT CHARSET=utf8;

--
-- Dumping data for table `wp_commentmeta`
--

INSERT INTO `wp_commentmeta` VALUES (4,6,'rating','5'),(5,6,'verified','0');

--
-- Table structure for table `wp_comments`
--

CREATE TABLE `wp_comments` (
  `comment_ID` bigint(20) unsigned NOT NULL AUTO_INCREMENT,
  `comment_post_ID` bigint(20) unsigned NOT NULL DEFAULT '0',
  `comment_author` tinytext NOT NULL,
  `comment_author_email` varchar(100) NOT NULL DEFAULT '',
  `comment_author_url` varchar(200) NOT NULL DEFAULT '',
  `comment_author_IP` varchar(100) NOT NULL DEFAULT '',
  `comment_date` datetime NOT NULL DEFAULT '0000-00-00 00:00:00',
  `comment_date_gmt` datetime NOT NULL DEFAULT '0000-00-00 00:00:00',
  `comment_content` text NOT NULL,
  `comment_karma` int(11) NOT NULL DEFAULT '0',
  `comment_approved` varchar(20) NOT NULL DEFAULT '1',
  `comment_agent` varchar(255) NOT NULL DEFAULT '',
  `comment_type` varchar(20) NOT NULL DEFAULT 'comment',
  `comment_parent` bigint(20) unsigned NOT NULL DEFAULT '0',
  `user_id` bigint(20) unsigned NOT NULL DEFAULT '0',
  PRIMARY KEY (`comment_ID`),
  KEY `comment_post_ID` (`comment_post_ID`),
  KEY `comment_approved_date_gmt` (`comment_approved`,`comment_date_gmt`),
  KEY `comment_date_gmt` (`comment_date_gmt`),
  KEY `comment_parent` (`comment_parent`),
  KEY `comment_author_email` (`comment_author_email`(10)),
  KEY `woo_idx_comment_type` (`comment_type`)
) ENGINE=MyISAM AUTO_INCREMENT=229 DEFAULT CHARSET=utf8;

--
-- Dumping data for table `wp_comments`
--

INSERT INTO `wp_comments` VALUES (2,80,'admin','goran468@gmail.com','','127.0.0.1','2017-05-24 05:17:55','2017-05-24 05:17:55','Nam eu mi eget velit vulputate tempor gravida quis massa. In malesuada condimentum ultrices. Sed et mauris a purus fermentum elementum. Sed tristique semper enim, et gravida orci iaculis et. Nulla facilisi.',0,'post-trashed','Mozilla/5.0 (Windows NT 10.0; Win64; x64; rv:53.0) Gecko/20100101 Firefox/53.0','comment',0,1),(3,80,'admin','goran468@gmail.com','','127.0.0.1','2017-05-24 05:18:05','2017-05-24 05:18:05','Nam eu mi eget velit vulputate tempor gravida quis massa. In malesuada condimentum ultrices. Sed et mauris a purus fermentum elementum. Sed tristique semper enim, et gravida orci iaculis et. Nulla facilisi.',0,'post-trashed','Mozilla/5.0 (Windows NT 10.0; Win64; x64; rv:53.0) Gecko/20100101 Firefox/53.0','comment',2,1),(4,80,'admin','goran468@gmail.com','','127.0.0.1','2017-05-24 05:18:22','2017-05-24 05:18:22','Aliquam eu consectetur libero. Aliquam nec auctor justo. Vestibulum sodales nunc vel bibendum consequat.',0,'post-trashed','Mozilla/5.0 (Windows NT 10.0; Win64; x64; rv:53.0) Gecko/20100101 Firefox/53.0','comment',0,1),(6,632,'admin','goran468@gmail.com','','192.168.1.144','2017-07-17 18:28:46','2017-07-17 18:28:46','Etiam eleifend risus id enim tempor tempor. Etiam accumsan blandit mauris viverra elementum. Nullam urna lorem, auctor euismod neque in, vulputate ultrices lectus. Nullam ut ultricies diam. Praesent sodales, enim a molestie lacinia, erat felis tincidunt ex, vitae pulvinar sem arcu accumsan lacus. Nulla fermentum ligula id risus tincidunt mollis. Vivamus vitae nisl non mauris volutpat rutrum rutrum id elit. Vivamus nisl urna, tempor a justo ut, malesuada ullamcorper dolor. Suspendisse vehicula sed metus a iaculis.',0,'post-trashed','Mozilla/5.0 (Windows NT 10.0; Win64; x64; rv:54.0) Gecko/20100101 Firefox/54.0','comment',0,1),(8,1377,'admin','goran468@gmail.com','','127.0.0.1','2017-08-09 20:58:20','2017-08-09 20:58:20','Aliquam lobortis rhoncus iaculis. Nunc tempus sapien lectus, rutrum maximus enim auctor eget. Cras aliquam faucibus risus ut accumsan. Nunc blandit metus velit, ac elementum turpis placerat vitae. Nulla sed mauris risus. Praesent convallis porttitor fermentum. Proin molestie et est ac cursus. In hac habitasse platea dictumst. Quisque porttitor varius elit non eleifend.',0,'post-trashed','Mozilla/5.0 (Windows NT 10.0; Win64; x64; rv:54.0) Gecko/20100101 Firefox/54.0','comment',0,1),(10,75,'admin','goran468@gmail.com','','127.0.0.1','2017-08-10 11:01:24','2017-08-10 11:01:24','Suspendisse imperdiet tristique orci, a dictum nulla commodo eget. Sed pellentesque pellentesque quam, ac iaculis dui rutrum in. Duis et justo at velit efficitur tristique nec at eros.',0,'post-trashed','Mozilla/5.0 (Windows NT 10.0; Win64; x64; rv:54.0) Gecko/20100101 Firefox/54.0','comment',0,1);

--
-- Table structure for table `wp_e_events`
--

CREATE TABLE `wp_e_events` (
  `id` bigint(20) unsigned NOT NULL AUTO_INCREMENT,
  `event_data` text COLLATE utf8mb4_unicode_520_ci,
  `created_at` datetime NOT NULL,
  PRIMARY KEY (`id`),
  KEY `created_at_index` (`created_at`)
) ENGINE=InnoDB AUTO_INCREMENT=2 DEFAULT CHARSET=utf8mb4 COLLATE=utf8mb4_unicode_520_ci;

--
-- Dumping data for table `wp_e_events`
--

INSERT INTO `wp_e_events` VALUES (1,'{\"event\":\"modal load\",\"version\":\"\",\"details\":\"{\\\"placement\\\":\\\"Onboarding wizard\\\",\\\"step\\\":\\\"account\\\",\\\"user_state\\\":\\\"anon\\\"}\",\"ts\":\"2023-08-07T20:23:51.939-01:00\"}','2023-08-07 20:23:52');

--
-- Table structure for table `wp_frmt_form_entry`
--

CREATE TABLE `wp_frmt_form_entry` (
  `entry_id` bigint(20) unsigned NOT NULL AUTO_INCREMENT,
  `entry_type` varchar(191) COLLATE utf8mb4_unicode_520_ci NOT NULL,
  `draft_id` varchar(12) COLLATE utf8mb4_unicode_520_ci DEFAULT NULL,
  `form_id` bigint(20) unsigned NOT NULL,
  `is_spam` tinyint(1) NOT NULL DEFAULT '0',
  `date_created` datetime NOT NULL DEFAULT '0000-00-00 00:00:00',
  PRIMARY KEY (`entry_id`),
  KEY `entry_is_spam` (`is_spam`),
  KEY `entry_type` (`entry_type`),
  KEY `entry_form_id` (`form_id`)
) ENGINE=InnoDB AUTO_INCREMENT=233 DEFAULT CHARSET=utf8mb4 COLLATE=utf8mb4_unicode_520_ci;

--
-- Dumping data for table `wp_frmt_form_entry`
--

INSERT INTO `wp_frmt_form_entry` VALUES (1,'custom-forms',NULL,12257,0,'2023-09-13 09:30:15'),(2,'custom-forms',NULL,12257,0,'2023-09-13 09:36:04'),(3,'custom-forms',NULL,12222,0,'2023-09-15 21:37:25'),(4,'custom-forms',NULL,12231,0,'2023-09-15 21:38:45'),(5,'custom-forms',NULL,12246,0,'2023-09-15 21:39:32'),(6,'custom-forms',NULL,12250,0,'2023-09-15 21:40:27'),(7,'custom-forms',NULL,12222,0,'2023-09-15 21:41:05'),(8,'custom-forms',NULL,12231,0,'2023-09-15 21:41:33'),(9,'custom-forms',NULL,12246,0,'2023-09-15 21:41:56'),(10,'custom-forms',NULL,12250,0,'2023-09-15 21:42:24'),(11,'custom-forms',NULL,12257,0,'2023-09-15 21:44:34'),(12,'custom-forms',NULL,12257,0,'2023-09-15 22:07:52'),(13,'custom-forms',NULL,12257,0,'2023-09-17 11:28:39'),(14,'custom-forms',NULL,12250,0,'2023-09-17 19:15:55'),(15,'custom-forms',NULL,12257,0,'2023-09-19 11:51:38'),(16,'custom-forms',NULL,12250,0,'2023-09-19 21:08:54'),(17,'custom-forms',NULL,12222,0,'2023-09-22 20:30:26'),(18,'custom-forms',NULL,12250,0,'2023-09-22 21:25:22'),(19,'custom-forms',NULL,12250,0,'2023-09-24 22:04:32'),(20,'custom-forms',NULL,12257,0,'2023-09-29 00:12:48'),(21,'custom-forms',NULL,12257,0,'2023-09-29 10:26:20'),(24,'custom-forms',NULL,12250,0,'2023-10-11 16:39:49'),(25,'custom-forms',NULL,12250,0,'2023-10-12 18:17:55'),(27,'custom-forms',NULL,12257,0,'2023-10-15 14:40:26'),(28,'custom-forms',NULL,12257,0,'2023-10-17 18:17:27'),(29,'custom-forms',NULL,12250,0,'2023-10-18 19:10:35'),(30,'custom-forms',NULL,12257,0,'2023-10-18 19:56:40'),(31,'custom-forms',NULL,12257,0,'2023-10-19 17:25:07'),(32,'custom-forms',NULL,12222,0,'2023-10-19 19:02:34'),(34,'custom-forms',NULL,12222,0,'2023-10-21 19:31:47'),(36,'custom-forms',NULL,12222,0,'2023-10-21 19:45:28'),(37,'custom-forms',NULL,12250,0,'2023-10-23 17:47:29'),(38,'custom-forms',NULL,12222,0,'2023-10-24 15:39:04'),(39,'custom-forms',NULL,12222,0,'2023-10-24 17:24:48'),(40,'custom-forms',NULL,12257,0,'2023-10-25 16:53:11'),(41,'custom-forms',NULL,12222,0,'2023-10-25 18:10:15'),(42,'custom-forms',NULL,12257,0,'2023-10-27 19:12:14'),(43,'custom-forms',NULL,12222,0,'2023-10-27 20:52:27'),(44,'custom-forms',NULL,12231,0,'2023-10-28 17:43:17'),(45,'custom-forms',NULL,12257,0,'2023-10-30 18:38:23'),(46,'custom-forms',NULL,12257,0,'2023-11-01 10:15:57'),(47,'custom-forms',NULL,12257,0,'2023-11-01 10:24:46'),(48,'custom-forms',NULL,12599,0,'2023-11-03 19:08:49'),(49,'custom-forms',NULL,12599,0,'2023-11-04 11:17:37'),(50,'custom-forms',NULL,12222,0,'2023-11-04 20:21:35'),(51,'custom-forms',NULL,12222,0,'2023-11-05 20:40:28'),(52,'custom-forms',NULL,12643,0,'2023-11-06 17:54:28'),(53,'custom-forms',NULL,12643,0,'2023-11-06 18:15:38'),(54,'custom-forms',NULL,12222,0,'2023-11-07 20:41:38'),(55,'custom-forms',NULL,12250,0,'2023-11-08 16:09:45'),(56,'custom-forms',NULL,12222,0,'2023-11-09 20:17:19'),(57,'custom-forms',NULL,12643,0,'2023-11-09 21:08:07'),(58,'custom-forms',NULL,12222,0,'2023-11-10 17:10:02'),(59,'custom-forms',NULL,12222,0,'2023-11-11 13:26:28'),(60,'custom-forms',NULL,12231,0,'2023-11-11 14:44:58'),(61,'custom-forms',NULL,12222,0,'2023-11-11 14:58:18'),(62,'custom-forms',NULL,12222,0,'2023-11-11 16:02:02'),(63,'custom-forms',NULL,12222,0,'2023-11-11 17:36:47'),(64,'custom-forms',NULL,12250,0,'2023-11-12 19:26:16'),(65,'custom-forms',NULL,12250,0,'2023-11-13 21:03:18'),(66,'custom-forms',NULL,12257,0,'2023-11-14 21:34:37'),(67,'custom-forms',NULL,12231,0,'2023-11-15 15:57:18'),(68,'custom-forms',NULL,12250,0,'2023-11-15 16:14:11'),(69,'custom-forms',NULL,12222,0,'2023-11-15 17:41:37'),(70,'custom-forms',NULL,12250,0,'2023-11-16 20:17:01'),(71,'custom-forms',NULL,12222,0,'2023-11-17 15:38:50'),(72,'custom-forms',NULL,12222,0,'2023-11-17 18:09:07'),(73,'custom-forms',NULL,12231,0,'2023-11-18 16:16:35'),(74,'custom-forms',NULL,12257,0,'2023-11-18 16:27:26'),(75,'custom-forms',NULL,12250,0,'2023-11-18 17:14:09'),(76,'custom-forms',NULL,12250,0,'2023-11-18 20:14:48'),(77,'custom-forms',NULL,12222,0,'2023-11-19 16:27:34'),(78,'custom-forms',NULL,12250,0,'2023-11-19 16:47:18'),(80,'custom-forms',NULL,12222,0,'2023-11-19 17:41:29'),(81,'custom-forms',NULL,12250,0,'2023-11-19 18:50:26'),(82,'custom-forms',NULL,12250,0,'2023-11-19 20:41:10'),(83,'custom-forms',NULL,12231,0,'2023-11-19 23:06:36'),(84,'custom-forms',NULL,12830,0,'2023-11-20 05:50:45'),(85,'custom-forms',NULL,12830,0,'2023-11-20 05:53:05'),(86,'custom-forms',NULL,12830,0,'2023-11-20 06:00:03'),(87,'custom-forms',NULL,12830,0,'2023-11-20 06:01:04'),(88,'custom-forms',NULL,12830,0,'2023-11-20 06:01:30'),(89,'custom-forms',NULL,12830,0,'2023-11-20 06:06:32'),(90,'custom-forms',NULL,12830,0,'2023-11-20 06:08:09'),(91,'custom-forms',NULL,12830,0,'2023-11-20 06:12:46'),(92,'custom-forms',NULL,12830,0,'2023-11-20 06:20:59'),(93,'custom-forms',NULL,12830,0,'2023-11-20 06:26:45'),(94,'custom-forms',NULL,12246,0,'2023-11-20 15:09:00'),(95,'custom-forms',NULL,12222,0,'2023-11-20 16:30:39'),(96,'custom-forms',NULL,12222,0,'2023-11-21 17:02:39'),(97,'custom-forms',NULL,12250,0,'2023-11-22 17:41:51'),(98,'custom-forms',NULL,12250,0,'2023-11-22 17:45:27'),(99,'custom-forms',NULL,12250,0,'2023-11-24 14:49:20'),(100,'custom-forms',NULL,12250,0,'2023-11-24 19:08:18'),(101,'custom-forms',NULL,12250,0,'2023-11-24 20:14:51'),(102,'custom-forms',NULL,12222,0,'2023-11-25 15:08:36'),(103,'custom-forms',NULL,12257,0,'2023-11-25 17:04:20'),(104,'custom-forms',NULL,12222,0,'2023-11-25 19:29:49'),(105,'custom-forms',NULL,12250,0,'2023-11-25 20:12:03'),(106,'custom-forms',NULL,12250,0,'2023-11-26 12:57:55'),(107,'custom-forms',NULL,12250,0,'2023-11-26 16:07:59'),(108,'custom-forms',NULL,12257,0,'2023-11-26 16:10:38'),(109,'custom-forms',NULL,12222,0,'2023-11-26 20:09:56'),(110,'custom-forms',NULL,12222,0,'2023-11-26 20:33:15'),(111,'custom-forms',NULL,12246,0,'2023-11-27 13:19:06'),(112,'custom-forms',NULL,12868,0,'2023-11-27 17:21:30'),(113,'custom-forms',NULL,12222,0,'2023-11-28 15:10:28'),(114,'custom-forms',NULL,12246,0,'2023-11-28 15:16:01'),(115,'custom-forms',NULL,12222,0,'2023-11-28 20:15:27'),(116,'custom-forms',NULL,12231,0,'2023-11-29 15:16:36'),(117,'custom-forms',NULL,12222,0,'2023-11-29 19:05:53'),(118,'custom-forms',NULL,12222,0,'2023-11-29 19:45:40'),(119,'custom-forms',NULL,12250,0,'2023-11-30 08:01:19'),(120,'custom-forms',NULL,12222,0,'2023-11-30 16:40:35'),(121,'custom-forms',NULL,12250,0,'2023-11-30 18:20:01'),(122,'custom-forms',NULL,12222,0,'2023-11-30 19:52:14'),(123,'custom-forms',NULL,12222,0,'2023-12-03 16:12:24'),(124,'custom-forms',NULL,12250,0,'2023-12-03 16:33:06'),(125,'custom-forms',NULL,12257,0,'2023-12-03 16:48:39'),(128,'custom-forms',NULL,12231,0,'2023-12-03 18:52:46'),(129,'custom-forms',NULL,12868,0,'2023-12-04 17:15:06'),(130,'custom-forms',NULL,12257,0,'2023-12-05 01:48:57'),(131,'custom-forms',NULL,12250,0,'2023-12-05 12:29:31'),(132,'custom-forms',NULL,12257,0,'2023-12-05 16:06:11'),(133,'custom-forms',NULL,12246,0,'2023-12-07 15:43:03'),(134,'custom-forms',NULL,12250,0,'2023-12-07 19:56:51'),(135,'custom-forms',NULL,12257,0,'2023-12-09 14:18:51'),(136,'custom-forms',NULL,12257,0,'2023-12-09 15:36:10'),(137,'custom-forms',NULL,12222,0,'2023-12-09 18:04:45'),(138,'custom-forms',NULL,12222,0,'2023-12-09 19:22:05'),(139,'custom-forms',NULL,12250,0,'2023-12-10 08:57:07'),(140,'custom-forms',NULL,12222,0,'2023-12-10 11:22:11'),(141,'custom-forms',NULL,12250,0,'2023-12-10 21:38:04'),(142,'custom-forms',NULL,12250,0,'2023-12-11 12:20:59'),(143,'custom-forms',NULL,12246,0,'2023-12-11 17:05:52'),(144,'custom-forms',NULL,12250,0,'2023-12-12 11:27:49'),(145,'custom-forms',NULL,12868,0,'2023-12-12 11:54:16'),(146,'custom-forms',NULL,12222,0,'2023-12-12 16:58:05'),(147,'custom-forms',NULL,12250,0,'2023-12-12 17:30:39'),(148,'custom-forms',NULL,12250,0,'2023-12-12 18:50:24'),(149,'custom-forms',NULL,12250,0,'2023-12-13 14:11:40'),(151,'custom-forms',NULL,12250,0,'2023-12-13 18:51:48'),(152,'custom-forms',NULL,12250,0,'2023-12-13 21:11:59'),(153,'custom-forms',NULL,12250,0,'2023-12-14 17:12:02'),(154,'custom-forms',NULL,12222,0,'2023-12-14 19:12:19'),(155,'custom-forms',NULL,12250,0,'2023-12-14 19:27:43'),(156,'custom-forms',NULL,12250,0,'2023-12-15 17:03:26'),(157,'custom-forms',NULL,12222,0,'2023-12-15 17:39:10'),(158,'custom-forms',NULL,12250,0,'2023-12-16 11:14:32'),(159,'custom-forms',NULL,12250,0,'2023-12-16 11:19:01'),(160,'custom-forms',NULL,12231,0,'2023-12-16 17:55:43'),(161,'custom-forms',NULL,12643,0,'2023-12-16 19:08:46'),(162,'custom-forms',NULL,12643,0,'2023-12-16 19:11:16'),(163,'custom-forms',NULL,12222,0,'2023-12-16 19:13:57'),(164,'custom-forms',NULL,12222,0,'2023-12-16 20:14:28'),(165,'custom-forms',NULL,12222,0,'2023-12-16 20:20:38'),(166,'custom-forms',NULL,12222,0,'2023-12-17 16:43:46'),(167,'custom-forms',NULL,12257,0,'2023-12-17 16:48:40'),(168,'custom-forms',NULL,12222,0,'2023-12-17 19:00:23'),(169,'custom-forms',NULL,12250,0,'2023-12-18 17:09:22'),(170,'custom-forms',NULL,12222,0,'2023-12-18 19:03:49'),(171,'custom-forms',NULL,12222,0,'2023-12-19 20:56:26'),(172,'custom-forms',NULL,12222,0,'2023-12-21 14:45:28'),(173,'custom-forms',NULL,12250,0,'2023-12-22 13:59:21'),(174,'custom-forms',NULL,12250,0,'2023-12-23 19:13:56'),(175,'custom-forms',NULL,12222,0,'2023-12-24 00:28:26'),(176,'custom-forms',NULL,12222,0,'2023-12-24 13:13:50'),(177,'custom-forms',NULL,12222,0,'2023-12-24 14:39:29'),(178,'custom-forms',NULL,12250,0,'2023-12-24 15:59:31'),(179,'custom-forms',NULL,12231,0,'2023-12-24 16:54:48'),(180,'custom-forms',NULL,12250,0,'2023-12-24 20:11:07'),(181,'custom-forms',NULL,12250,0,'2023-12-25 00:45:25'),(182,'custom-forms',NULL,12250,0,'2023-12-25 00:47:06'),(183,'custom-forms',NULL,12222,0,'2023-12-25 09:02:36'),(184,'custom-forms',NULL,12222,0,'2023-12-25 16:34:07'),(185,'custom-forms',NULL,12250,0,'2023-12-25 17:45:35'),(186,'custom-forms',NULL,12250,0,'2023-12-25 20:18:21'),(187,'custom-forms',NULL,12250,0,'2023-12-25 22:37:17'),(188,'custom-forms',NULL,12257,0,'2023-12-26 19:39:05'),(189,'custom-forms',NULL,12250,0,'2023-12-27 17:36:47'),(190,'custom-forms',NULL,12250,0,'2023-12-27 18:50:31'),(191,'custom-forms',NULL,12222,0,'2023-12-28 12:38:26'),(192,'custom-forms',NULL,12231,0,'2023-12-28 13:46:32'),(193,'custom-forms',NULL,12250,0,'2023-12-28 15:20:19'),(194,'custom-forms',NULL,12250,0,'2023-12-28 17:47:09'),(195,'custom-forms',NULL,12250,0,'2023-12-29 10:24:20'),(196,'custom-forms',NULL,12222,0,'2023-12-30 13:47:45'),(197,'custom-forms',NULL,12246,0,'2023-12-30 20:03:36'),(198,'custom-forms',NULL,12222,0,'2023-12-30 20:24:48'),(199,'custom-forms',NULL,12250,0,'2023-12-30 20:54:22'),(200,'custom-forms',NULL,12246,0,'2023-12-30 21:22:38'),(201,'custom-forms',NULL,12250,0,'2023-12-30 21:27:07'),(202,'custom-forms',NULL,12250,0,'2023-12-31 13:52:56'),(203,'custom-forms',NULL,12231,0,'2023-12-31 17:23:15'),(204,'custom-forms',NULL,12257,0,'2023-12-31 17:54:12'),(205,'custom-forms',NULL,12222,0,'2023-12-31 20:07:55'),(206,'custom-forms',NULL,12257,0,'2024-01-01 13:33:29'),(207,'custom-forms',NULL,12250,0,'2024-01-01 13:45:00'),(208,'custom-forms',NULL,12250,0,'2024-01-01 14:18:44'),(209,'custom-forms',NULL,12222,0,'2024-01-01 14:50:31'),(210,'custom-forms',NULL,12250,0,'2024-01-01 17:42:39'),(211,'custom-forms',NULL,12250,0,'2024-01-04 13:27:37'),(212,'custom-forms',NULL,12643,0,'2024-01-04 22:52:43'),(213,'custom-forms',NULL,12643,0,'2024-01-05 14:05:37'),(214,'custom-forms',NULL,12250,0,'2024-01-08 20:35:25'),(215,'custom-forms',NULL,12222,0,'2024-01-10 19:34:53'),(216,'custom-forms',NULL,12250,0,'2024-01-11 13:51:03'),(217,'custom-forms',NULL,12222,0,'2024-01-17 21:21:20'),(218,'custom-forms',NULL,12222,0,'2024-01-18 19:07:17'),(219,'custom-forms',NULL,12222,0,'2024-01-22 18:42:50'),(220,'custom-forms',NULL,12222,0,'2024-01-24 17:20:04'),(221,'custom-forms',NULL,12231,0,'2024-01-24 22:02:48'),(222,'custom-forms',NULL,12250,0,'2024-01-26 12:53:27'),(223,'custom-forms',NULL,12231,0,'2024-01-26 15:10:16'),(224,'custom-forms',NULL,12250,0,'2024-01-27 18:14:08'),(225,'custom-forms',NULL,12250,0,'2024-01-27 18:23:08'),(226,'custom-forms',NULL,12250,0,'2024-01-28 13:07:56'),(227,'custom-forms',NULL,12250,0,'2024-01-30 09:41:07'),(228,'custom-forms',NULL,12231,0,'2024-02-01 18:48:28'),(229,'custom-forms',NULL,12250,0,'2024-02-02 21:45:46'),(230,'custom-forms',NULL,12250,0,'2024-02-02 23:02:18'),(231,'custom-forms',NULL,12222,0,'2024-02-07 05:08:43'),(232,'custom-forms',NULL,12222,0,'2024-02-16 18:21:49');

--
-- Table structure for table `wp_frmt_form_entry_meta`
--

CREATE TABLE `wp_frmt_form_entry_meta` (
  `meta_id` bigint(20) unsigned NOT NULL AUTO_INCREMENT,
  `entry_id` bigint(20) unsigned NOT NULL,
  `meta_key` varchar(191) COLLATE utf8mb4_unicode_520_ci DEFAULT NULL,
  `meta_value` longtext COLLATE utf8mb4_unicode_520_ci,
  `date_created` datetime NOT NULL DEFAULT '0000-00-00 00:00:00',
  `date_updated` datetime NOT NULL DEFAULT '0000-00-00 00:00:00',
  PRIMARY KEY (`meta_id`),
  KEY `meta_key` (`meta_key`),
  KEY `meta_entry_id` (`entry_id`),
  KEY `meta_key_object` (`entry_id`,`meta_key`)
) ENGINE=InnoDB AUTO_INCREMENT=1011 DEFAULT CHARSET=utf8mb4 COLLATE=utf8mb4_unicode_520_ci;

--
-- Dumping data for table `wp_frmt_form_entry_meta`
--

INSERT INTO `wp_frmt_form_entry_meta` VALUES (1,1,'name-1','sz','2023-09-13 09:30:16','0000-00-00 00:00:00'),(2,1,'email-1','sb-dx8gz27356052@personal.example.com','2023-09-13 09:30:16','0000-00-00 00:00:00'),(3,1,'phone-1','+2125498879','2023-09-13 09:30:16','0000-00-00 00:00:00'),(4,1,'_forminator_user_ip','196.206.82.246','2023-09-13 09:30:16','0000-00-00 00:00:00'),(5,1,'paypal-1','a:6:{s:4:\"mode\";s:7:\"sandbox\";s:6:\"status\";s:9:\"COMPLETED\";s:6:\"amount\";s:4:\"1.00\";s:8:\"currency\";s:3:\"EUR\";s:14:\"transaction_id\";s:17:\"8U2117437C592942E\";s:16:\"transaction_link\";s:65:\"https://www.sandbox.paypal.com/activity/payment/8U2117437C592942E\";}','2023-09-13 09:30:16','0000-00-00 00:00:00'),(6,2,'name-1','salah','2023-09-13 09:36:07','0000-00-00 00:00:00'),(7,2,'email-1','salahkessabe@gmail.com','2023-09-13 09:36:07','0000-00-00 00:00:00'),(8,2,'phone-1','+212775459812','2023-09-13 09:36:07','0000-00-00 00:00:00'),(9,2,'_forminator_user_ip','196.206.82.246','2023-09-13 09:36:07','0000-00-00 00:00:00'),(10,2,'paypal-1','a:6:{s:4:\"mode\";s:4:\"live\";s:6:\"status\";s:9:\"COMPLETED\";s:6:\"amount\";s:4:\"0.50\";s:8:\"currency\";s:3:\"EUR\";s:14:\"transaction_id\";s:17:\"5ES278874J806483F\";s:16:\"transaction_link\";s:57:\"https://www.paypal.com/activity/payment/5ES278874J806483F\";}','2023-09-13 09:36:07','0000-00-00 00:00:00'),(11,3,'name-1','sz','2023-09-15 21:37:27','0000-00-00 00:00:00'),(12,3,'email-1','dzd@gmail.com','2023-09-15 21:37:27','0000-00-00 00:00:00'),(13,3,'phone-1','+212663256554','2023-09-15 21:37:27','0000-00-00 00:00:00'),(14,3,'_forminator_user_ip','105.154.194.68','2023-09-15 21:37:27','0000-00-00 00:00:00'),(15,3,'paypal-1','a:6:{s:4:\"mode\";s:7:\"sandbox\";s:6:\"status\";s:9:\"COMPLETED\";s:6:\"amount\";s:5:\"15.00\";s:8:\"currency\";s:3:\"EUR\";s:14:\"transaction_id\";s:17:\"4EL214302D3872729\";s:16:\"transaction_link\";s:65:\"https://www.sandbox.paypal.com/activity/payment/4EL214302D3872729\";}','2023-09-15 21:37:27','0000-00-00 00:00:00'),(16,4,'name-1','sz','2023-09-15 21:38:47','0000-00-00 00:00:00'),(17,4,'email-1','dzd@gmail.com','2023-09-15 21:38:47','0000-00-00 00:00:00'),(18,4,'phone-1','+121545487','2023-09-15 21:38:47','0000-00-00 00:00:00'),(19,4,'_forminator_user_ip','105.154.194.68','2023-09-15 21:38:47','0000-00-00 00:00:00'),(20,4,'paypal-1','a:6:{s:4:\"mode\";s:7:\"sandbox\";s:6:\"status\";s:9:\"COMPLETED\";s:6:\"amount\";s:5:\"25.00\";s:8:\"currency\";s:3:\"EUR\";s:14:\"transaction_id\";s:17:\"8LD04978N1382721D\";s:16:\"transaction_link\";s:65:\"https://www.sandbox.paypal.com/activity/payment/8LD04978N1382721D\";}','2023-09-15 21:38:47','0000-00-00 00:00:00'),(21,5,'name-1','sz','2023-09-15 21:39:34','0000-00-00 00:00:00'),(22,5,'email-1','dzd@gmail.com','2023-09-15 21:39:34','0000-00-00 00:00:00'),(23,5,'phone-1','+21232565485','2023-09-15 21:39:34','0000-00-00 00:00:00'),(24,5,'_forminator_user_ip','105.154.194.68','2023-09-15 21:39:34','0000-00-00 00:00:00'),(25,5,'paypal-1','a:6:{s:4:\"mode\";s:7:\"sandbox\";s:6:\"status\";s:9:\"COMPLETED\";s:6:\"amount\";s:5:\"35.00\";s:8:\"currency\";s:3:\"EUR\";s:14:\"transaction_id\";s:17:\"4BX769584S2545049\";s:16:\"transaction_link\";s:65:\"https://www.sandbox.paypal.com/activity/payment/4BX769584S2545049\";}','2023-09-15 21:39:34','0000-00-00 00:00:00'),(26,6,'name-1','sz','2023-09-15 21:40:29','0000-00-00 00:00:00'),(27,6,'email-1','dzd@gmail.com','2023-09-15 21:40:29','0000-00-00 00:00:00'),(28,6,'phone-1','+2121559','2023-09-15 21:40:29','0000-00-00 00:00:00'),(29,6,'_forminator_user_ip','105.154.194.68','2023-09-15 21:40:29','0000-00-00 00:00:00'),(30,6,'paypal-1','a:6:{s:4:\"mode\";s:7:\"sandbox\";s:6:\"status\";s:9:\"COMPLETED\";s:6:\"amount\";s:5:\"55.00\";s:8:\"currency\";s:3:\"EUR\";s:14:\"transaction_id\";s:17:\"4J973957NN6417259\";s:16:\"transaction_link\";s:65:\"https://www.sandbox.paypal.com/activity/payment/4J973957NN6417259\";}','2023-09-15 21:40:29','0000-00-00 00:00:00'),(31,7,'name-1','sz','2023-09-15 21:41:07','0000-00-00 00:00:00'),(32,7,'email-1','dzd@gmail.com','2023-09-15 21:41:07','0000-00-00 00:00:00'),(33,7,'phone-1','+21251455','2023-09-15 21:41:07','0000-00-00 00:00:00'),(34,7,'_forminator_user_ip','105.154.194.68','2023-09-15 21:41:07','0000-00-00 00:00:00'),(35,7,'paypal-1','a:6:{s:4:\"mode\";s:7:\"sandbox\";s:6:\"status\";s:9:\"COMPLETED\";s:6:\"amount\";s:5:\"15.00\";s:8:\"currency\";s:3:\"EUR\";s:14:\"transaction_id\";s:17:\"51K72607AM6283135\";s:16:\"transaction_link\";s:65:\"https://www.sandbox.paypal.com/activity/payment/51K72607AM6283135\";}','2023-09-15 21:41:07','0000-00-00 00:00:00'),(36,8,'name-1','sz','2023-09-15 21:41:34','0000-00-00 00:00:00'),(37,8,'email-1','dzd@gmail.com','2023-09-15 21:41:34','0000-00-00 00:00:00'),(38,8,'phone-1','+21251455','2023-09-15 21:41:34','0000-00-00 00:00:00'),(39,8,'_forminator_user_ip','105.154.194.68','2023-09-15 21:41:34','0000-00-00 00:00:00'),(40,8,'paypal-1','a:6:{s:4:\"mode\";s:7:\"sandbox\";s:6:\"status\";s:9:\"COMPLETED\";s:6:\"amount\";s:5:\"25.00\";s:8:\"currency\";s:3:\"EUR\";s:14:\"transaction_id\";s:17:\"12M63285X4866341T\";s:16:\"transaction_link\";s:65:\"https://www.sandbox.paypal.com/activity/payment/12M63285X4866341T\";}','2023-09-15 21:41:34','0000-00-00 00:00:00'),(41,9,'name-1','sz','2023-09-15 21:41:58','0000-00-00 00:00:00'),(42,9,'email-1','dzd@gmail.com','2023-09-15 21:41:58','0000-00-00 00:00:00'),(43,9,'phone-1','+21251455','2023-09-15 21:41:58','0000-00-00 00:00:00'),(44,9,'_forminator_user_ip','105.154.194.68','2023-09-15 21:41:58','0000-00-00 00:00:00'),(45,9,'paypal-1','a:6:{s:4:\"mode\";s:7:\"sandbox\";s:6:\"status\";s:9:\"COMPLETED\";s:6:\"amount\";s:5:\"35.00\";s:8:\"currency\";s:3:\"EUR\";s:14:\"transaction_id\";s:17:\"4F0121476A232812G\";s:16:\"transaction_link\";s:65:\"https://www.sandbox.paypal.com/activity/payment/4F0121476A232812G\";}','2023-09-15 21:41:58','0000-00-00 00:00:00'),(46,10,'name-1','sz','2023-09-15 21:42:25','0000-00-00 00:00:00'),(47,10,'email-1','dzd@gmail.com','2023-09-15 21:42:25','0000-00-00 00:00:00'),(48,10,'phone-1','+21251455','2023-09-15 21:42:25','0000-00-00 00:00:00'),(49,10,'_forminator_user_ip','105.154.194.68','2023-09-15 21:42:25','0000-00-00 00:00:00'),(50,10,'paypal-1','a:6:{s:4:\"mode\";s:7:\"sandbox\";s:6:\"status\";s:9:\"COMPLETED\";s:6:\"amount\";s:5:\"55.00\";s:8:\"currency\";s:3:\"EUR\";s:14:\"transaction_id\";s:17:\"22G16849NX2367911\";s:16:\"transaction_link\";s:65:\"https://www.sandbox.paypal.com/activity/payment/22G16849NX2367911\";}','2023-09-15 21:42:25','0000-00-00 00:00:00'),(51,11,'name-1','sz','2023-09-15 21:44:36','0000-00-00 00:00:00'),(52,11,'email-1','dzd@gmail.com','2023-09-15 21:44:36','0000-00-00 00:00:00'),(53,11,'phone-1','+21251455','2023-09-15 21:44:36','0000-00-00 00:00:00'),(54,11,'_forminator_user_ip','105.154.194.68','2023-09-15 21:44:36','0000-00-00 00:00:00'),(55,11,'paypal-1','a:6:{s:4:\"mode\";s:7:\"sandbox\";s:6:\"status\";s:9:\"COMPLETED\";s:6:\"amount\";s:4:\"1.49\";s:8:\"currency\";s:3:\"EUR\";s:14:\"transaction_id\";s:17:\"38N46238P7591413U\";s:16:\"transaction_link\";s:65:\"https://www.sandbox.paypal.com/activity/payment/38N46238P7591413U\";}','2023-09-15 21:44:36','0000-00-00 00:00:00'),(56,12,'name-1','mazirh','2023-09-15 22:07:56','0000-00-00 00:00:00'),(57,12,'email-1','salahkessabe@gmail.com','2023-09-15 22:07:56','0000-00-00 00:00:00'),(58,12,'phone-1','+212775459812','2023-09-15 22:07:56','0000-00-00 00:00:00'),(59,12,'_forminator_user_ip','105.154.194.68','2023-09-15 22:07:56','0000-00-00 00:00:00'),(60,12,'paypal-1','a:6:{s:4:\"mode\";s:4:\"live\";s:6:\"status\";s:9:\"COMPLETED\";s:6:\"amount\";s:4:\"1.49\";s:8:\"currency\";s:3:\"EUR\";s:14:\"transaction_id\";s:17:\"9G3054034A5855031\";s:16:\"transaction_link\";s:57:\"https://www.paypal.com/activity/payment/9G3054034A5855031\";}','2023-09-15 22:07:56','0000-00-00 00:00:00'),(61,13,'name-1','Johan van Wijk','2023-09-17 11:28:42','0000-00-00 00:00:00'),(62,13,'email-1','jlavanwijk@gmail.com','2023-09-17 11:28:42','0000-00-00 00:00:00'),(63,13,'phone-1','0612554596','2023-09-17 11:28:42','0000-00-00 00:00:00'),(64,13,'_forminator_user_ip','2a02:a448:d793:1:84cb:6862:a1c4:7abc','2023-09-17 11:28:42','0000-00-00 00:00:00'),(65,13,'paypal-1','a:6:{s:4:\"mode\";s:4:\"live\";s:6:\"status\";s:9:\"COMPLETED\";s:6:\"amount\";s:4:\"1.49\";s:8:\"currency\";s:3:\"EUR\";s:14:\"transaction_id\";s:17:\"40H412470R9547301\";s:16:\"transaction_link\";s:57:\"https://www.paypal.com/activity/payment/40H412470R9547301\";}','2023-09-17 11:28:42','0000-00-00 00:00:00'),(66,14,'name-1','Valerie Breugelmans','2023-09-17 19:15:58','0000-00-00 00:00:00'),(67,14,'email-1','bartvaleriebrant@gmail.com','2023-09-17 19:15:58','0000-00-00 00:00:00'),(68,14,'phone-1','0476329664','2023-09-17 19:15:58','0000-00-00 00:00:00'),(69,14,'_forminator_user_ip','94.110.122.150','2023-09-17 19:15:58','0000-00-00 00:00:00'),(70,14,'paypal-1','a:6:{s:4:\"mode\";s:4:\"live\";s:6:\"status\";s:9:\"COMPLETED\";s:6:\"amount\";s:5:\"55.00\";s:8:\"currency\";s:3:\"EUR\";s:14:\"transaction_id\";s:17:\"4BT673345N8401030\";s:16:\"transaction_link\";s:57:\"https://www.paypal.com/activity/payment/4BT673345N8401030\";}','2023-09-17 19:15:58','0000-00-00 00:00:00'),(71,15,'name-1','salah','2023-09-19 11:51:41','0000-00-00 00:00:00'),(72,15,'email-1','salahkessabe@gmail.com','2023-09-19 11:51:41','0000-00-00 00:00:00'),(73,15,'_forminator_user_ip','196.77.52.202','2023-09-19 11:51:41','0000-00-00 00:00:00'),(74,15,'paypal-1','a:6:{s:4:\"mode\";s:4:\"live\";s:6:\"status\";s:9:\"COMPLETED\";s:6:\"amount\";s:4:\"1.49\";s:8:\"currency\";s:3:\"EUR\";s:14:\"transaction_id\";s:17:\"2DK82312TD936145V\";s:16:\"transaction_link\";s:57:\"https://www.paypal.com/activity/payment/2DK82312TD936145V\";}','2023-09-19 11:51:41','0000-00-00 00:00:00'),(75,16,'name-1','shpetim shala','2023-09-19 21:08:56','0000-00-00 00:00:00'),(76,16,'email-1','s.shala@live.nl','2023-09-19 21:08:56','0000-00-00 00:00:00'),(77,16,'phone-1','0031683164983','2023-09-19 21:08:56','0000-00-00 00:00:00'),(78,16,'_forminator_user_ip','2a02:a448:a4b4:1:a902:aede:b91d:dee6','2023-09-19 21:08:56','0000-00-00 00:00:00'),(79,16,'paypal-1','a:6:{s:4:\"mode\";s:4:\"live\";s:6:\"status\";s:9:\"COMPLETED\";s:6:\"amount\";s:5:\"55.00\";s:8:\"currency\";s:3:\"EUR\";s:14:\"transaction_id\";s:17:\"2BV61513VF535730L\";s:16:\"transaction_link\";s:57:\"https://www.paypal.com/activity/payment/2BV61513VF535730L\";}','2023-09-19 21:08:56','0000-00-00 00:00:00'),(80,17,'name-1','Berrie Gussenhoven','2023-09-22 20:30:28','0000-00-00 00:00:00'),(81,17,'email-1','bgussnl@yahoo.com','2023-09-22 20:30:28','0000-00-00 00:00:00'),(82,17,'phone-1','0611366167','2023-09-22 20:30:28','0000-00-00 00:00:00'),(83,17,'_forminator_user_ip','2a02:a456:fc5b:1:c8bc:8407:a64e:f108','2023-09-22 20:30:28','0000-00-00 00:00:00'),(84,17,'paypal-1','a:6:{s:4:\"mode\";s:4:\"live\";s:6:\"status\";s:9:\"COMPLETED\";s:6:\"amount\";s:5:\"15.00\";s:8:\"currency\";s:3:\"EUR\";s:14:\"transaction_id\";s:17:\"74A391591D0616623\";s:16:\"transaction_link\";s:57:\"https://www.paypal.com/activity/payment/74A391591D0616623\";}','2023-09-22 20:30:28','0000-00-00 00:00:00'),(85,18,'name-1','Johannes Thenu','2023-09-22 21:25:24','0000-00-00 00:00:00'),(86,18,'email-1','johannes.777@hotmail.com','2023-09-22 21:25:24','0000-00-00 00:00:00'),(87,18,'phone-1','0623599705','2023-09-22 21:25:24','0000-00-00 00:00:00'),(88,18,'_forminator_user_ip','2a02:a451:6553:1:2a87:7e2:4a3e:70ef','2023-09-22 21:25:24','0000-00-00 00:00:00'),(89,18,'paypal-1','a:6:{s:4:\"mode\";s:4:\"live\";s:6:\"status\";s:9:\"COMPLETED\";s:6:\"amount\";s:5:\"55.00\";s:8:\"currency\";s:3:\"EUR\";s:14:\"transaction_id\";s:17:\"40R52198LB595845E\";s:16:\"transaction_link\";s:57:\"https://www.paypal.com/activity/payment/40R52198LB595845E\";}','2023-09-22 21:25:24','0000-00-00 00:00:00'),(90,19,'name-1','Johannes Thenu','2023-09-24 22:04:34','0000-00-00 00:00:00'),(91,19,'email-1','johannes.777@hotmail.com','2023-09-24 22:04:34','0000-00-00 00:00:00'),(92,19,'phone-1','0623599705','2023-09-24 22:04:34','0000-00-00 00:00:00'),(93,19,'_forminator_user_ip','2a02:a451:6553:1:798b:6705:a3e0:cdf4','2023-09-24 22:04:34','0000-00-00 00:00:00'),(94,19,'paypal-1','a:6:{s:4:\"mode\";s:4:\"live\";s:6:\"status\";s:9:\"COMPLETED\";s:6:\"amount\";s:5:\"55.00\";s:8:\"currency\";s:3:\"EUR\";s:14:\"transaction_id\";s:17:\"75T31519B6236443H\";s:16:\"transaction_link\";s:57:\"https://www.paypal.com/activity/payment/75T31519B6236443H\";}','2023-09-24 22:04:34','0000-00-00 00:00:00'),(95,20,'name-1','salah salah','2023-09-29 00:12:52','0000-00-00 00:00:00'),(96,20,'email-1','salahkessabe@gmail.com','2023-09-29 00:12:52','0000-00-00 00:00:00'),(97,20,'phone-1','0775459812','2023-09-29 00:12:52','0000-00-00 00:00:00'),(98,20,'_forminator_user_ip','41.141.219.16','2023-09-29 00:12:52','0000-00-00 00:00:00'),(99,20,'paypal-1','a:6:{s:4:\"mode\";s:4:\"live\";s:6:\"status\";s:9:\"COMPLETED\";s:6:\"amount\";s:4:\"1.49\";s:8:\"currency\";s:3:\"EUR\";s:14:\"transaction_id\";s:17:\"98K63685EN670322W\";s:16:\"transaction_link\";s:57:\"https://www.paypal.com/activity/payment/98K63685EN670322W\";}','2023-09-29 00:12:52','0000-00-00 00:00:00'),(100,21,'name-1','ty','2023-09-29 10:26:22','0000-00-00 00:00:00'),(101,21,'email-1','swakaswaka879@gmail.com','2023-09-29 10:26:22','0000-00-00 00:00:00'),(102,21,'phone-1','0662867788','2023-09-29 10:26:22','0000-00-00 00:00:00'),(103,21,'_forminator_user_ip','212.8.253.162','2023-09-29 10:26:22','0000-00-00 00:00:00'),(104,21,'paypal-1','a:6:{s:4:\"mode\";s:7:\"sandbox\";s:6:\"status\";s:9:\"COMPLETED\";s:6:\"amount\";s:4:\"1.49\";s:8:\"currency\";s:3:\"EUR\";s:14:\"transaction_id\";s:17:\"57C07548ED171203A\";s:16:\"transaction_link\";s:65:\"https://www.sandbox.paypal.com/activity/payment/57C07548ED171203A\";}','2023-09-29 10:26:22','0000-00-00 00:00:00'),(112,24,'name-1','Kenny Van Exaerde','2023-10-11 16:39:52','0000-00-00 00:00:00'),(113,24,'email-1','kenny.vanexaerde@gmail.com','2023-10-11 16:39:52','0000-00-00 00:00:00'),(114,24,'phone-1','+32496267458','2023-10-11 16:39:52','0000-00-00 00:00:00'),(115,24,'_forminator_user_ip','194.196.18.100','2023-10-11 16:39:52','0000-00-00 00:00:00'),(116,24,'paypal-1','a:6:{s:4:\"mode\";s:4:\"live\";s:6:\"status\";s:9:\"COMPLETED\";s:6:\"amount\";s:5:\"55.00\";s:8:\"currency\";s:3:\"EUR\";s:14:\"transaction_id\";s:17:\"9UU66976PH781163C\";s:16:\"transaction_link\";s:57:\"https://www.paypal.com/activity/payment/9UU66976PH781163C\";}','2023-10-11 16:39:52','0000-00-00 00:00:00'),(117,25,'name-1','Chaudhari','2023-10-12 18:17:58','0000-00-00 00:00:00'),(118,25,'email-1','karachi235@gmail.com','2023-10-12 18:17:58','0000-00-00 00:00:00'),(119,25,'phone-1','0032483415069','2023-10-12 18:17:58','0000-00-00 00:00:00'),(120,25,'_forminator_user_ip','2a02:1808:5:daf6:151c:2ae1:9a32:9301','2023-10-12 18:17:58','0000-00-00 00:00:00'),(121,25,'paypal-1','a:6:{s:4:\"mode\";s:4:\"live\";s:6:\"status\";s:9:\"COMPLETED\";s:6:\"amount\";s:5:\"55.00\";s:8:\"currency\";s:3:\"EUR\";s:14:\"transaction_id\";s:17:\"5JC5713258409971V\";s:16:\"transaction_link\";s:57:\"https://www.paypal.com/activity/payment/5JC5713258409971V\";}','2023-10-12 18:17:58','0000-00-00 00:00:00'),(127,27,'name-1','Frans van Eijk','2023-10-15 14:40:28','0000-00-00 00:00:00'),(128,27,'email-1','fraroble@gmail.com','2023-10-15 14:40:28','0000-00-00 00:00:00'),(129,27,'phone-1','+31634652753','2023-10-15 14:40:28','0000-00-00 00:00:00'),(130,27,'_forminator_user_ip','81.59.78.96','2023-10-15 14:40:28','0000-00-00 00:00:00'),(131,27,'paypal-1','a:6:{s:4:\"mode\";s:4:\"live\";s:6:\"status\";s:9:\"COMPLETED\";s:6:\"amount\";s:4:\"1.49\";s:8:\"currency\";s:3:\"EUR\";s:14:\"transaction_id\";s:17:\"0U7781925H197935F\";s:16:\"transaction_link\";s:57:\"https://www.paypal.com/activity/payment/0U7781925H197935F\";}','2023-10-15 14:40:28','0000-00-00 00:00:00'),(132,28,'name-1','Ramadani Muhamet','2023-10-17 18:17:31','0000-00-00 00:00:00'),(133,28,'email-1','ramadanim845@gmail.com','2023-10-17 18:17:31','0000-00-00 00:00:00'),(134,28,'phone-1','0032477680163','2023-10-17 18:17:31','0000-00-00 00:00:00'),(135,28,'_forminator_user_ip','2a02:1808:180:5bbd:40bf:4a0d:5e33:6c6a','2023-10-17 18:17:31','0000-00-00 00:00:00'),(136,28,'paypal-1','a:6:{s:4:\"mode\";s:4:\"live\";s:6:\"status\";s:9:\"COMPLETED\";s:6:\"amount\";s:4:\"1.49\";s:8:\"currency\";s:3:\"EUR\";s:14:\"transaction_id\";s:17:\"5HJ61545N3854401M\";s:16:\"transaction_link\";s:57:\"https://www.paypal.com/activity/payment/5HJ61545N3854401M\";}','2023-10-17 18:17:31','0000-00-00 00:00:00'),(137,29,'name-1','Ramadani Muhamet','2023-10-18 19:10:38','0000-00-00 00:00:00'),(138,29,'email-1','ramadanim845@gmail.com','2023-10-18 19:10:38','0000-00-00 00:00:00'),(139,29,'phone-1','0032477680173','2023-10-18 19:10:38','0000-00-00 00:00:00'),(140,29,'_forminator_user_ip','2a02:1808:101:2fdb:1dd1:d93a:f1eb:d3b0','2023-10-18 19:10:38','0000-00-00 00:00:00'),(141,29,'paypal-1','a:6:{s:4:\"mode\";s:4:\"live\";s:6:\"status\";s:9:\"COMPLETED\";s:6:\"amount\";s:5:\"55.00\";s:8:\"currency\";s:3:\"EUR\";s:14:\"transaction_id\";s:17:\"6FA77565T1399780Y\";s:16:\"transaction_link\";s:57:\"https://www.paypal.com/activity/payment/6FA77565T1399780Y\";}','2023-10-18 19:10:38','0000-00-00 00:00:00'),(142,30,'name-1','Borghs David','2023-10-18 19:56:42','0000-00-00 00:00:00'),(143,30,'email-1','David.borghs1@gmail.com','2023-10-18 19:56:42','0000-00-00 00:00:00'),(144,30,'phone-1','0032491236792','2023-10-18 19:56:42','0000-00-00 00:00:00'),(145,30,'_forminator_user_ip','2a02:1808:101:af2:fc23:aeb:adf7:7654','2023-10-18 19:56:42','0000-00-00 00:00:00'),(146,30,'paypal-1','a:6:{s:4:\"mode\";s:4:\"live\";s:6:\"status\";s:9:\"COMPLETED\";s:6:\"amount\";s:4:\"1.99\";s:8:\"currency\";s:3:\"EUR\";s:14:\"transaction_id\";s:17:\"2H188680NS4135202\";s:16:\"transaction_link\";s:57:\"https://www.paypal.com/activity/payment/2H188680NS4135202\";}','2023-10-18 19:56:42','0000-00-00 00:00:00'),(147,31,'name-1','Dave','2023-10-19 17:25:09','0000-00-00 00:00:00'),(148,31,'email-1','dfewuyts@gmail.com','2023-10-19 17:25:10','0000-00-00 00:00:00'),(149,31,'phone-1','0031621254104','2023-10-19 17:25:10','0000-00-00 00:00:00'),(150,31,'_forminator_user_ip','2a02:26f7:fb00:4146:0:1475:d377:6d2d','2023-10-19 17:25:10','0000-00-00 00:00:00'),(151,31,'paypal-1','a:6:{s:4:\"mode\";s:4:\"live\";s:6:\"status\";s:9:\"COMPLETED\";s:6:\"amount\";s:4:\"1.99\";s:8:\"currency\";s:3:\"EUR\";s:14:\"transaction_id\";s:17:\"7CM89579RN851501J\";s:16:\"transaction_link\";s:57:\"https://www.paypal.com/activity/payment/7CM89579RN851501J\";}','2023-10-19 17:25:10','0000-00-00 00:00:00'),(152,32,'name-1','Martin Geurts','2023-10-19 19:02:38','0000-00-00 00:00:00'),(153,32,'email-1','martin.geurts@telenet.be','2023-10-19 19:02:38','0000-00-00 00:00:00'),(154,32,'phone-1','+32478362884','2023-10-19 19:02:38','0000-00-00 00:00:00'),(155,32,'_forminator_user_ip','2a02:1810:c424:ae00:9498:f42a:12df:da1b','2023-10-19 19:02:38','0000-00-00 00:00:00'),(156,32,'paypal-1','a:6:{s:4:\"mode\";s:4:\"live\";s:6:\"status\";s:9:\"COMPLETED\";s:6:\"amount\";s:5:\"15.00\";s:8:\"currency\";s:3:\"EUR\";s:14:\"transaction_id\";s:17:\"2WJ17403LY806431A\";s:16:\"transaction_link\";s:57:\"https://www.paypal.com/activity/payment/2WJ17403LY806431A\";}','2023-10-19 19:02:38','0000-00-00 00:00:00'),(162,34,'name-1','Arthur','2023-10-21 19:31:49','0000-00-00 00:00:00'),(163,34,'email-1','arthurbuelens@gmail.com','2023-10-21 19:31:49','0000-00-00 00:00:00'),(164,34,'phone-1','0479354937','2023-10-21 19:31:49','0000-00-00 00:00:00'),(165,34,'_forminator_user_ip','2a02:1810:4d47:9f00:e4d8:f83f:ae28:b11a','2023-10-21 19:31:49','0000-00-00 00:00:00'),(166,34,'paypal-1','a:6:{s:4:\"mode\";s:4:\"live\";s:6:\"status\";s:9:\"COMPLETED\";s:6:\"amount\";s:5:\"15.00\";s:8:\"currency\";s:3:\"EUR\";s:14:\"transaction_id\";s:17:\"5NJ27508J8973110F\";s:16:\"transaction_link\";s:57:\"https://www.paypal.com/activity/payment/5NJ27508J8973110F\";}','2023-10-21 19:31:49','0000-00-00 00:00:00'),(167,36,'name-1','Arthur Buelens','2023-10-21 19:45:31','0000-00-00 00:00:00'),(168,36,'email-1','arthurbuelens@hotmail.com','2023-10-21 19:45:31','0000-00-00 00:00:00'),(169,36,'phone-1','0479354937','2023-10-21 19:45:31','0000-00-00 00:00:00'),(170,36,'_forminator_user_ip','178.144.184.228','2023-10-21 19:45:31','0000-00-00 00:00:00'),(171,36,'paypal-1','a:6:{s:4:\"mode\";s:4:\"live\";s:6:\"status\";s:9:\"COMPLETED\";s:6:\"amount\";s:5:\"15.00\";s:8:\"currency\";s:3:\"EUR\";s:14:\"transaction_id\";s:17:\"0BN95306MT953850N\";s:16:\"transaction_link\";s:57:\"https://www.paypal.com/activity/payment/0BN95306MT953850N\";}','2023-10-21 19:45:31','0000-00-00 00:00:00'),(172,37,'name-1','Christine herman','2023-10-23 17:47:33','0000-00-00 00:00:00'),(173,37,'email-1','christine.herman1211@gmail.com','2023-10-23 17:47:33','0000-00-00 00:00:00'),(174,37,'phone-1','0032475262431','2023-10-23 17:47:33','0000-00-00 00:00:00'),(175,37,'_forminator_user_ip','94.109.219.70','2023-10-23 17:47:33','0000-00-00 00:00:00'),(176,37,'paypal-1','a:6:{s:4:\"mode\";s:4:\"live\";s:6:\"status\";s:9:\"COMPLETED\";s:6:\"amount\";s:5:\"59.00\";s:8:\"currency\";s:3:\"EUR\";s:14:\"transaction_id\";s:17:\"6JB94147HN571340W\";s:16:\"transaction_link\";s:57:\"https://www.paypal.com/activity/payment/6JB94147HN571340W\";}','2023-10-23 17:47:33','0000-00-00 00:00:00'),(177,38,'name-1','Jeroen Vandebeek','2023-10-24 15:39:06','0000-00-00 00:00:00'),(178,38,'email-1','jeroenvdb1995@hotmail.com','2023-10-24 15:39:06','0000-00-00 00:00:00'),(179,38,'phone-1','0491135653','2023-10-24 15:39:06','0000-00-00 00:00:00'),(180,38,'_forminator_user_ip','2a02:1810:cc21:1200:15ea:5399:7e60:d2c0','2023-10-24 15:39:06','0000-00-00 00:00:00'),(181,38,'paypal-1','a:6:{s:4:\"mode\";s:4:\"live\";s:6:\"status\";s:9:\"COMPLETED\";s:6:\"amount\";s:5:\"15.00\";s:8:\"currency\";s:3:\"EUR\";s:14:\"transaction_id\";s:17:\"6CA675159V7494716\";s:16:\"transaction_link\";s:57:\"https://www.paypal.com/activity/payment/6CA675159V7494716\";}','2023-10-24 15:39:06','0000-00-00 00:00:00'),(182,39,'name-1','Ayhan','2023-10-24 17:24:51','0000-00-00 00:00:00'),(183,39,'email-1','ayhan_uck@hotmail.com','2023-10-24 17:24:51','0000-00-00 00:00:00'),(184,39,'phone-1','0032488223745','2023-10-24 17:24:51','0000-00-00 00:00:00'),(185,39,'_forminator_user_ip','213.119.163.114','2023-10-24 17:24:51','0000-00-00 00:00:00'),(186,39,'paypal-1','a:6:{s:4:\"mode\";s:4:\"live\";s:6:\"status\";s:9:\"COMPLETED\";s:6:\"amount\";s:5:\"15.00\";s:8:\"currency\";s:3:\"EUR\";s:14:\"transaction_id\";s:17:\"1F956973G73883403\";s:16:\"transaction_link\";s:57:\"https://www.paypal.com/activity/payment/1F956973G73883403\";}','2023-10-24 17:24:51','0000-00-00 00:00:00'),(187,40,'name-1','Helmut Ceulemans','2023-10-25 16:53:13','0000-00-00 00:00:00'),(188,40,'email-1','helmut.ceulemans@icloud.com','2023-10-25 16:53:13','0000-00-00 00:00:00'),(189,40,'phone-1','0499776601','2023-10-25 16:53:13','0000-00-00 00:00:00'),(190,40,'_forminator_user_ip','2a02:a03f:863d:e200:11d7:afb5:753a:f795','2023-10-25 16:53:13','0000-00-00 00:00:00'),(191,40,'paypal-1','a:6:{s:4:\"mode\";s:4:\"live\";s:6:\"status\";s:9:\"COMPLETED\";s:6:\"amount\";s:4:\"1.99\";s:8:\"currency\";s:3:\"EUR\";s:14:\"transaction_id\";s:17:\"7L111282EE416813U\";s:16:\"transaction_link\";s:57:\"https://www.paypal.com/activity/payment/7L111282EE416813U\";}','2023-10-25 16:53:13','0000-00-00 00:00:00'),(192,41,'name-1','Quentin Bonbled','2023-10-25 18:10:18','0000-00-00 00:00:00'),(193,41,'email-1','bonbledquentin@gmail.com','2023-10-25 18:10:18','0000-00-00 00:00:00'),(194,41,'_forminator_user_ip','81.240.18.60','2023-10-25 18:10:18','0000-00-00 00:00:00'),(195,41,'paypal-1','a:6:{s:4:\"mode\";s:4:\"live\";s:6:\"status\";s:9:\"COMPLETED\";s:6:\"amount\";s:5:\"15.00\";s:8:\"currency\";s:3:\"EUR\";s:14:\"transaction_id\";s:17:\"4N6340670N753334R\";s:16:\"transaction_link\";s:57:\"https://www.paypal.com/activity/payment/4N6340670N753334R\";}','2023-10-25 18:10:18','0000-00-00 00:00:00'),(196,42,'name-1','Sebahat Rahimovski','2023-10-27 19:12:17','0000-00-00 00:00:00'),(197,42,'email-1','big2omarion@hotmail.com','2023-10-27 19:12:17','0000-00-00 00:00:00'),(198,42,'phone-1','0486276862','2023-10-27 19:12:17','0000-00-00 00:00:00'),(199,42,'_forminator_user_ip','94.109.202.1','2023-10-27 19:12:17','0000-00-00 00:00:00'),(200,42,'paypal-1','a:6:{s:4:\"mode\";s:4:\"live\";s:6:\"status\";s:9:\"COMPLETED\";s:6:\"amount\";s:4:\"1.99\";s:8:\"currency\";s:3:\"EUR\";s:14:\"transaction_id\";s:17:\"3K521064HX570943W\";s:16:\"transaction_link\";s:57:\"https://www.paypal.com/activity/payment/3K521064HX570943W\";}','2023-10-27 19:12:17','0000-00-00 00:00:00'),(201,43,'name-1','Colart Laurent','2023-10-27 20:52:29','0000-00-00 00:00:00'),(202,43,'email-1','colart.laurent@gmail.com','2023-10-27 20:52:29','0000-00-00 00:00:00'),(203,43,'phone-1','+32479347950','2023-10-27 20:52:29','0000-00-00 00:00:00'),(204,43,'_forminator_user_ip','2a02:2788:275:f50e:90ca:7f96:456b:9107','2023-10-27 20:52:29','0000-00-00 00:00:00'),(205,43,'paypal-1','a:6:{s:4:\"mode\";s:4:\"live\";s:6:\"status\";s:9:\"COMPLETED\";s:6:\"amount\";s:5:\"15.00\";s:8:\"currency\";s:3:\"EUR\";s:14:\"transaction_id\";s:17:\"03K16388M5802833P\";s:16:\"transaction_link\";s:57:\"https://www.paypal.com/activity/payment/03K16388M5802833P\";}','2023-10-27 20:52:29','0000-00-00 00:00:00'),(206,44,'name-1','Jeruchimowicz','2023-10-28 17:43:20','0000-00-00 00:00:00'),(207,44,'email-1','jeruchimowiczalexandra@hotmail.com','2023-10-28 17:43:20','0000-00-00 00:00:00'),(208,44,'phone-1','0032497415284','2023-10-28 17:43:20','0000-00-00 00:00:00'),(209,44,'_forminator_user_ip','2a09:bac3:4a7:30f::4e:51','2023-10-28 17:43:20','0000-00-00 00:00:00'),(210,44,'paypal-1','a:6:{s:4:\"mode\";s:4:\"live\";s:6:\"status\";s:9:\"COMPLETED\";s:6:\"amount\";s:5:\"25.00\";s:8:\"currency\";s:3:\"EUR\";s:14:\"transaction_id\";s:17:\"21738275HY167321V\";s:16:\"transaction_link\";s:57:\"https://www.paypal.com/activity/payment/21738275HY167321V\";}','2023-10-28 17:43:20','0000-00-00 00:00:00'),(211,45,'name-1','Artan Hasanovski','2023-10-30 18:38:26','0000-00-00 00:00:00'),(212,45,'email-1','hasanovskia@gmail.com','2023-10-30 18:38:26','0000-00-00 00:00:00'),(213,45,'phone-1','0465549670','2023-10-30 18:38:26','0000-00-00 00:00:00'),(214,45,'_forminator_user_ip','2a02:a03f:60be:f000:1d97:d417:586f:94f6','2023-10-30 18:38:26','0000-00-00 00:00:00'),(215,45,'paypal-1','a:6:{s:4:\"mode\";s:4:\"live\";s:6:\"status\";s:9:\"COMPLETED\";s:6:\"amount\";s:4:\"1.99\";s:8:\"currency\";s:3:\"EUR\";s:14:\"transaction_id\";s:17:\"0UU72679YY301264F\";s:16:\"transaction_link\";s:57:\"https://www.paypal.com/activity/payment/0UU72679YY301264F\";}','2023-10-30 18:38:26','0000-00-00 00:00:00'),(216,47,'name-1','Guzzo','2023-11-01 10:24:49','0000-00-00 00:00:00'),(217,47,'email-1','pascalguzzo@hotmail.com','2023-11-01 10:24:49','0000-00-00 00:00:00'),(218,47,'phone-1','0495686598','2023-11-01 10:24:49','0000-00-00 00:00:00'),(219,47,'_forminator_user_ip','94.109.11.20','2023-11-01 10:24:49','0000-00-00 00:00:00'),(220,47,'paypal-1','a:6:{s:4:\"mode\";s:4:\"live\";s:6:\"status\";s:9:\"COMPLETED\";s:6:\"amount\";s:4:\"1.99\";s:8:\"currency\";s:3:\"EUR\";s:14:\"transaction_id\";s:17:\"7UB12815MY5935234\";s:16:\"transaction_link\";s:57:\"https://www.paypal.com/activity/payment/7UB12815MY5935234\";}','2023-11-01 10:24:49','0000-00-00 00:00:00'),(221,48,'name-1','Martin Geurts','2023-11-03 19:08:55','0000-00-00 00:00:00'),(222,48,'email-1','martin.geurts@telenet.be','2023-11-03 19:08:55','0000-00-00 00:00:00'),(223,48,'phone-1','+32478362884','2023-11-03 19:08:55','0000-00-00 00:00:00'),(224,48,'_forminator_user_ip','2a02:1810:c424:ae00:50e4:9d8a:b056:401a','2023-11-03 19:08:55','0000-00-00 00:00:00'),(225,48,'paypal-1','a:6:{s:4:\"mode\";s:4:\"live\";s:6:\"status\";s:9:\"COMPLETED\";s:6:\"amount\";s:5:\"44.00\";s:8:\"currency\";s:3:\"EUR\";s:14:\"transaction_id\";s:17:\"4GT97133S3739081L\";s:16:\"transaction_link\";s:57:\"https://www.paypal.com/activity/payment/4GT97133S3739081L\";}','2023-11-03 19:08:55','0000-00-00 00:00:00'),(226,49,'name-1','Borghs David','2023-11-04 11:17:40','0000-00-00 00:00:00'),(227,49,'email-1','David.borghs1@gmail.com','2023-11-04 11:17:40','0000-00-00 00:00:00'),(228,49,'phone-1','0032491236792','2023-11-04 11:17:40','0000-00-00 00:00:00'),(229,49,'_forminator_user_ip','2a02:1808:100:24d0:849a:c52f:2471:17ee','2023-11-04 11:17:40','0000-00-00 00:00:00'),(230,49,'paypal-1','a:6:{s:4:\"mode\";s:4:\"live\";s:6:\"status\";s:9:\"COMPLETED\";s:6:\"amount\";s:5:\"44.00\";s:8:\"currency\";s:3:\"EUR\";s:14:\"transaction_id\";s:17:\"0JN82052ES5335203\";s:16:\"transaction_link\";s:57:\"https://www.paypal.com/activity/payment/0JN82052ES5335203\";}','2023-11-04 11:17:40','0000-00-00 00:00:00'),(231,50,'name-1','BERNARD HERMAND','2023-11-04 20:21:38','0000-00-00 00:00:00'),(232,50,'email-1','hermandben@hotmail.com','2023-11-04 20:21:38','0000-00-00 00:00:00'),(233,50,'phone-1','0495871084','2023-11-04 20:21:38','0000-00-00 00:00:00'),(234,50,'_forminator_user_ip','109.89.33.177','2023-11-04 20:21:38','0000-00-00 00:00:00'),(235,50,'paypal-1','a:6:{s:4:\"mode\";s:4:\"live\";s:6:\"status\";s:9:\"COMPLETED\";s:6:\"amount\";s:5:\"13.00\";s:8:\"currency\";s:3:\"EUR\";s:14:\"transaction_id\";s:17:\"28920523L06585923\";s:16:\"transaction_link\";s:57:\"https://www.paypal.com/activity/payment/28920523L06585923\";}','2023-11-04 20:21:38','0000-00-00 00:00:00'),(236,51,'name-1','Marco','2023-11-05 20:40:29','0000-00-00 00:00:00'),(237,51,'email-1','prosim009@gmail.com','2023-11-05 20:40:29','0000-00-00 00:00:00'),(238,51,'_forminator_user_ip','178.51.236.234','2023-11-05 20:40:29','0000-00-00 00:00:00'),(239,51,'paypal-1','a:6:{s:4:\"mode\";s:4:\"live\";s:6:\"status\";s:9:\"COMPLETED\";s:6:\"amount\";s:5:\"13.00\";s:8:\"currency\";s:3:\"EUR\";s:14:\"transaction_id\";s:17:\"8L651989NK6157708\";s:16:\"transaction_link\";s:57:\"https://www.paypal.com/activity/payment/8L651989NK6157708\";}','2023-11-05 20:40:29','0000-00-00 00:00:00'),(240,52,'name-1','Ayhan Uckuyulu','2023-11-06 17:54:31','0000-00-00 00:00:00'),(241,52,'email-1','ayhan_uck@hotmail.com','2023-11-06 17:54:31','0000-00-00 00:00:00'),(242,52,'phone-1','0032488223745','2023-11-06 17:54:31','0000-00-00 00:00:00'),(243,52,'_forminator_user_ip','213.119.201.187','2023-11-06 17:54:31','0000-00-00 00:00:00'),(244,52,'paypal-1','a:6:{s:4:\"mode\";s:4:\"live\";s:6:\"status\";s:9:\"COMPLETED\";s:6:\"amount\";s:5:\"48.00\";s:8:\"currency\";s:3:\"EUR\";s:14:\"transaction_id\";s:17:\"7UH44064LR8350638\";s:16:\"transaction_link\";s:57:\"https://www.paypal.com/activity/payment/7UH44064LR8350638\";}','2023-11-06 17:54:31','0000-00-00 00:00:00'),(245,53,'name-1','Ayhan Uckuyulu','2023-11-06 18:15:41','0000-00-00 00:00:00'),(246,53,'email-1','ayhan_uck@hotmail.com','2023-11-06 18:15:41','0000-00-00 00:00:00'),(247,53,'phone-1','0032488223745','2023-11-06 18:15:41','0000-00-00 00:00:00'),(248,53,'_forminator_user_ip','213.119.201.187','2023-11-06 18:15:41','0000-00-00 00:00:00'),(249,53,'paypal-1','a:6:{s:4:\"mode\";s:4:\"live\";s:6:\"status\";s:9:\"COMPLETED\";s:6:\"amount\";s:5:\"48.00\";s:8:\"currency\";s:3:\"EUR\";s:14:\"transaction_id\";s:17:\"30Y57990SD810482D\";s:16:\"transaction_link\";s:57:\"https://www.paypal.com/activity/payment/30Y57990SD810482D\";}','2023-11-06 18:15:41','0000-00-00 00:00:00'),(250,54,'name-1','Sipan','2023-11-07 20:41:41','0000-00-00 00:00:00'),(251,54,'email-1','sipan24@hotmail.com','2023-11-07 20:41:41','0000-00-00 00:00:00'),(252,54,'phone-1','0483582195','2023-11-07 20:41:41','0000-00-00 00:00:00'),(253,54,'_forminator_user_ip','81.244.178.217','2023-11-07 20:41:41','0000-00-00 00:00:00'),(254,54,'paypal-1','a:6:{s:4:\"mode\";s:4:\"live\";s:6:\"status\";s:9:\"COMPLETED\";s:6:\"amount\";s:5:\"13.00\";s:8:\"currency\";s:3:\"EUR\";s:14:\"transaction_id\";s:17:\"48E602348A5452638\";s:16:\"transaction_link\";s:57:\"https://www.paypal.com/activity/payment/48E602348A5452638\";}','2023-11-07 20:41:41','0000-00-00 00:00:00'),(255,55,'name-1','Jordan Vercauteren','2023-11-08 16:09:48','0000-00-00 00:00:00'),(256,55,'email-1','jordan.vercauteren@gmail.com','2023-11-08 16:09:48','0000-00-00 00:00:00'),(257,55,'phone-1','+32476880224','2023-11-08 16:09:48','0000-00-00 00:00:00'),(258,55,'_forminator_user_ip','212.233.21.163','2023-11-08 16:09:48','0000-00-00 00:00:00'),(259,55,'paypal-1','a:6:{s:4:\"mode\";s:4:\"live\";s:6:\"status\";s:9:\"COMPLETED\";s:6:\"amount\";s:5:\"54.00\";s:8:\"currency\";s:3:\"EUR\";s:14:\"transaction_id\";s:17:\"4HR37725D23693512\";s:16:\"transaction_link\";s:57:\"https://www.paypal.com/activity/payment/4HR37725D23693512\";}','2023-11-08 16:09:48','0000-00-00 00:00:00'),(260,56,'name-1','Robert ANTOINE','2023-11-09 20:17:21','0000-00-00 00:00:00'),(261,56,'email-1','robant@outlook.be','2023-11-09 20:17:21','0000-00-00 00:00:00'),(262,56,'phone-1','0032455138684','2023-11-09 20:17:21','0000-00-00 00:00:00'),(263,56,'_forminator_user_ip','2a02:2788:1d4:8dd:9dd6:bf72:6b35:f2b5','2023-11-09 20:17:21','0000-00-00 00:00:00'),(264,56,'paypal-1','a:6:{s:4:\"mode\";s:4:\"live\";s:6:\"status\";s:9:\"COMPLETED\";s:6:\"amount\";s:4:\"9.00\";s:8:\"currency\";s:3:\"EUR\";s:14:\"transaction_id\";s:17:\"51J321371D6822506\";s:16:\"transaction_link\";s:57:\"https://www.paypal.com/activity/payment/51J321371D6822506\";}','2023-11-09 20:17:21','0000-00-00 00:00:00'),(265,57,'name-1','Ayhan Uckuyulu','2023-11-09 21:08:10','0000-00-00 00:00:00'),(266,57,'email-1','ayhan_uck@hotmail.com','2023-11-09 21:08:10','0000-00-00 00:00:00'),(267,57,'phone-1','0032488223748','2023-11-09 21:08:10','0000-00-00 00:00:00'),(268,57,'_forminator_user_ip','188.188.196.235','2023-11-09 21:08:10','0000-00-00 00:00:00'),(269,57,'paypal-1','a:6:{s:4:\"mode\";s:4:\"live\";s:6:\"status\";s:9:\"COMPLETED\";s:6:\"amount\";s:5:\"48.00\";s:8:\"currency\";s:3:\"EUR\";s:14:\"transaction_id\";s:17:\"3KS70943UR918262B\";s:16:\"transaction_link\";s:57:\"https://www.paypal.com/activity/payment/3KS70943UR918262B\";}','2023-11-09 21:08:10','0000-00-00 00:00:00'),(270,58,'name-1','Jonathan Leger','2023-11-10 17:10:04','0000-00-00 00:00:00'),(271,58,'email-1','Jonathanleger216@gmail.com','2023-11-10 17:10:04','0000-00-00 00:00:00'),(272,58,'phone-1','0494489833','2023-11-10 17:10:04','0000-00-00 00:00:00'),(273,58,'_forminator_user_ip','178.51.181.205','2023-11-10 17:10:04','0000-00-00 00:00:00'),(274,58,'paypal-1','a:6:{s:4:\"mode\";s:4:\"live\";s:6:\"status\";s:9:\"COMPLETED\";s:6:\"amount\";s:4:\"9.00\";s:8:\"currency\";s:3:\"EUR\";s:14:\"transaction_id\";s:17:\"4GW34901V6040503C\";s:16:\"transaction_link\";s:57:\"https://www.paypal.com/activity/payment/4GW34901V6040503C\";}','2023-11-10 17:10:04','0000-00-00 00:00:00'),(275,59,'name-1','Jay Dawg','2023-11-11 13:26:31','0000-00-00 00:00:00'),(276,59,'email-1','jeanfrancois.goffioul@gmail.com','2023-11-11 13:26:31','0000-00-00 00:00:00'),(277,59,'phone-1','0032470102865','2023-11-11 13:26:31','0000-00-00 00:00:00'),(278,59,'_forminator_user_ip','37.62.72.108','2023-11-11 13:26:31','0000-00-00 00:00:00'),(279,59,'paypal-1','a:6:{s:4:\"mode\";s:4:\"live\";s:6:\"status\";s:9:\"COMPLETED\";s:6:\"amount\";s:4:\"9.00\";s:8:\"currency\";s:3:\"EUR\";s:14:\"transaction_id\";s:17:\"03800357PF889893W\";s:16:\"transaction_link\";s:57:\"https://www.paypal.com/activity/payment/03800357PF889893W\";}','2023-11-11 13:26:31','0000-00-00 00:00:00'),(280,60,'name-1','ruben lukusa','2023-11-11 14:45:01','0000-00-00 00:00:00'),(281,60,'email-1','rubenlukusa109@gmail.com','2023-11-11 14:45:01','0000-00-00 00:00:00'),(282,60,'phone-1','0466366157','2023-11-11 14:45:01','0000-00-00 00:00:00'),(283,60,'_forminator_user_ip','2a02:1811:1412:e600:e898:465c:5309:5c09','2023-11-11 14:45:01','0000-00-00 00:00:00'),(284,60,'paypal-1','a:6:{s:4:\"mode\";s:4:\"live\";s:6:\"status\";s:9:\"COMPLETED\";s:6:\"amount\";s:5:\"25.00\";s:8:\"currency\";s:3:\"EUR\";s:14:\"transaction_id\";s:17:\"3DT90564GV128912F\";s:16:\"transaction_link\";s:57:\"https://www.paypal.com/activity/payment/3DT90564GV128912F\";}','2023-11-11 14:45:01','0000-00-00 00:00:00'),(285,61,'name-1','Nathalie Serneels','2023-11-11 14:58:21','0000-00-00 00:00:00'),(286,61,'email-1','nathalie.serneels87@gmail.com','2023-11-11 14:58:21','0000-00-00 00:00:00'),(287,61,'phone-1','0032468250882','2023-11-11 14:58:21','0000-00-00 00:00:00'),(288,61,'_forminator_user_ip','2a02:1808:285:3b88:c1ab:b47e:e98f:69a3','2023-11-11 14:58:21','0000-00-00 00:00:00'),(289,61,'paypal-1','a:6:{s:4:\"mode\";s:4:\"live\";s:6:\"status\";s:9:\"COMPLETED\";s:6:\"amount\";s:4:\"9.00\";s:8:\"currency\";s:3:\"EUR\";s:14:\"transaction_id\";s:17:\"46P314077S6066623\";s:16:\"transaction_link\";s:57:\"https://www.paypal.com/activity/payment/46P314077S6066623\";}','2023-11-11 14:58:21','0000-00-00 00:00:00'),(290,62,'name-1','henno','2023-11-11 16:02:04','0000-00-00 00:00:00'),(291,62,'email-1','ludovic.henno@sfr.fr','2023-11-11 16:02:04','0000-00-00 00:00:00'),(292,62,'phone-1','0680074867','2023-11-11 16:02:04','0000-00-00 00:00:00'),(293,62,'_forminator_user_ip','2a02:842b:3f6:f001:e53b:8f3c:fec5:b082','2023-11-11 16:02:04','0000-00-00 00:00:00'),(294,62,'paypal-1','a:6:{s:4:\"mode\";s:4:\"live\";s:6:\"status\";s:9:\"COMPLETED\";s:6:\"amount\";s:4:\"9.00\";s:8:\"currency\";s:3:\"EUR\";s:14:\"transaction_id\";s:17:\"6EC990065C1815309\";s:16:\"transaction_link\";s:57:\"https://www.paypal.com/activity/payment/6EC990065C1815309\";}','2023-11-11 16:02:04','0000-00-00 00:00:00'),(295,63,'name-1','Guest','2023-11-11 17:36:49','0000-00-00 00:00:00'),(296,63,'email-1','guest.dekeyser@gmail.com','2023-11-11 17:36:49','0000-00-00 00:00:00'),(297,63,'phone-1','+32478882968','2023-11-11 17:36:49','0000-00-00 00:00:00'),(298,63,'_forminator_user_ip','85.26.3.29','2023-11-11 17:36:49','0000-00-00 00:00:00'),(299,63,'paypal-1','a:6:{s:4:\"mode\";s:4:\"live\";s:6:\"status\";s:9:\"COMPLETED\";s:6:\"amount\";s:4:\"9.00\";s:8:\"currency\";s:3:\"EUR\";s:14:\"transaction_id\";s:17:\"60730648WE5142624\";s:16:\"transaction_link\";s:57:\"https://www.paypal.com/activity/payment/60730648WE5142624\";}','2023-11-11 17:36:49','0000-00-00 00:00:00'),(300,64,'name-1','Jonathan Notaert','2023-11-12 19:26:19','0000-00-00 00:00:00'),(301,64,'email-1','jonathan.notaert@live.be','2023-11-12 19:26:19','0000-00-00 00:00:00'),(302,64,'phone-1','0032494981864','2023-11-12 19:26:19','0000-00-00 00:00:00'),(303,64,'_forminator_user_ip','2a02:a020:3d1:209:8b3:26c4:6b50:3b0c','2023-11-12 19:26:19','0000-00-00 00:00:00'),(304,64,'paypal-1','a:6:{s:4:\"mode\";s:4:\"live\";s:6:\"status\";s:9:\"COMPLETED\";s:6:\"amount\";s:5:\"54.00\";s:8:\"currency\";s:3:\"EUR\";s:14:\"transaction_id\";s:17:\"0WX641563F736420R\";s:16:\"transaction_link\";s:57:\"https://www.paypal.com/activity/payment/0WX641563F736420R\";}','2023-11-12 19:26:19','0000-00-00 00:00:00'),(305,65,'name-1','Neqrat','2023-11-13 21:03:20','0000-00-00 00:00:00'),(306,65,'email-1','naneq@hotmail.be','2023-11-13 21:03:20','0000-00-00 00:00:00'),(307,65,'phone-1','0472636886','2023-11-13 21:03:20','0000-00-00 00:00:00'),(308,65,'_forminator_user_ip','2a02:2788:768:101:18ff:2727:9b21:b581','2023-11-13 21:03:20','0000-00-00 00:00:00'),(309,65,'paypal-1','a:6:{s:4:\"mode\";s:4:\"live\";s:6:\"status\";s:9:\"COMPLETED\";s:6:\"amount\";s:5:\"54.00\";s:8:\"currency\";s:3:\"EUR\";s:14:\"transaction_id\";s:17:\"8B5852980G359043U\";s:16:\"transaction_link\";s:57:\"https://www.paypal.com/activity/payment/8B5852980G359043U\";}','2023-11-13 21:03:20','0000-00-00 00:00:00'),(310,66,'name-1','Marchot','2023-11-14 21:34:39','0000-00-00 00:00:00'),(311,66,'email-1','chrmarchot@yahoo.fr','2023-11-14 21:34:39','0000-00-00 00:00:00'),(312,66,'_forminator_user_ip','2a02:a03f:bd2f:6600:8d8c:57d2:d619:3d95','2023-11-14 21:34:39','0000-00-00 00:00:00'),(313,66,'paypal-1','a:6:{s:4:\"mode\";s:4:\"live\";s:6:\"status\";s:9:\"COMPLETED\";s:6:\"amount\";s:4:\"1.99\";s:8:\"currency\";s:3:\"EUR\";s:14:\"transaction_id\";s:17:\"57261631SK9329918\";s:16:\"transaction_link\";s:57:\"https://www.paypal.com/activity/payment/57261631SK9329918\";}','2023-11-14 21:34:39','0000-00-00 00:00:00'),(314,67,'name-1','Malburny','2023-11-15 15:57:22','0000-00-00 00:00:00'),(315,67,'email-1','malburnymax@gmail.com','2023-11-15 15:57:22','0000-00-00 00:00:00'),(316,67,'phone-1','0495759623','2023-11-15 15:57:22','0000-00-00 00:00:00'),(317,67,'_forminator_user_ip','2a02:2788:9e5:e6fa:f9fb:daea:a7df:2ac6','2023-11-15 15:57:22','0000-00-00 00:00:00'),(318,67,'paypal-1','a:6:{s:4:\"mode\";s:4:\"live\";s:6:\"status\";s:9:\"COMPLETED\";s:6:\"amount\";s:5:\"25.00\";s:8:\"currency\";s:3:\"EUR\";s:14:\"transaction_id\";s:17:\"3J455210JC544263R\";s:16:\"transaction_link\";s:57:\"https://www.paypal.com/activity/payment/3J455210JC544263R\";}','2023-11-15 15:57:22','0000-00-00 00:00:00'),(319,68,'name-1','Drumy GT','2023-11-15 16:14:13','0000-00-00 00:00:00'),(320,68,'email-1','drumy75@gmail.com','2023-11-15 16:14:13','0000-00-00 00:00:00'),(321,68,'phone-1','+32496645444','2023-11-15 16:14:13','0000-00-00 00:00:00'),(322,68,'_forminator_user_ip','2a02:a03f:c881:1e00:d0c8:e536:ee41:751b','2023-11-15 16:14:13','0000-00-00 00:00:00'),(323,68,'paypal-1','a:6:{s:4:\"mode\";s:4:\"live\";s:6:\"status\";s:9:\"COMPLETED\";s:6:\"amount\";s:5:\"54.00\";s:8:\"currency\";s:3:\"EUR\";s:14:\"transaction_id\";s:17:\"0AA61665DX198825S\";s:16:\"transaction_link\";s:57:\"https://www.paypal.com/activity/payment/0AA61665DX198825S\";}','2023-11-15 16:14:13','0000-00-00 00:00:00'),(324,69,'name-1','Lmtc','2023-11-15 17:41:40','0000-00-00 00:00:00'),(325,69,'email-1','messaoud.lens@gmail.com','2023-11-15 17:41:40','0000-00-00 00:00:00'),(326,69,'phone-1','0032498181675','2023-11-15 17:41:40','0000-00-00 00:00:00'),(327,69,'_forminator_user_ip','2a02:a03f:640d:5a00:54ae:a9e8:94eb:95','2023-11-15 17:41:40','0000-00-00 00:00:00'),(328,69,'paypal-1','a:6:{s:4:\"mode\";s:4:\"live\";s:6:\"status\";s:9:\"COMPLETED\";s:6:\"amount\";s:4:\"9.00\";s:8:\"currency\";s:3:\"EUR\";s:14:\"transaction_id\";s:17:\"3WS15669AM962341R\";s:16:\"transaction_link\";s:57:\"https://www.paypal.com/activity/payment/3WS15669AM962341R\";}','2023-11-15 17:41:40','0000-00-00 00:00:00'),(329,70,'name-1','Bertini','2023-11-16 20:17:04','0000-00-00 00:00:00'),(330,70,'email-1','greg_dancer@live.be','2023-11-16 20:17:04','0000-00-00 00:00:00'),(331,70,'phone-1','0493673261','2023-11-16 20:17:04','0000-00-00 00:00:00'),(332,70,'_forminator_user_ip','94.109.67.251','2023-11-16 20:17:04','0000-00-00 00:00:00'),(333,70,'paypal-1','a:6:{s:4:\"mode\";s:4:\"live\";s:6:\"status\";s:9:\"COMPLETED\";s:6:\"amount\";s:5:\"54.00\";s:8:\"currency\";s:3:\"EUR\";s:14:\"transaction_id\";s:17:\"11X68389KA7427939\";s:16:\"transaction_link\";s:57:\"https://www.paypal.com/activity/payment/11X68389KA7427939\";}','2023-11-16 20:17:04','0000-00-00 00:00:00'),(334,71,'name-1','Dylan Gtbk','2023-11-17 15:38:53','0000-00-00 00:00:00'),(335,71,'email-1','dynashion@gmail.com','2023-11-17 15:38:53','0000-00-00 00:00:00'),(336,71,'_forminator_user_ip','94.109.42.32','2023-11-17 15:38:53','0000-00-00 00:00:00'),(337,71,'paypal-1','a:6:{s:4:\"mode\";s:4:\"live\";s:6:\"status\";s:9:\"COMPLETED\";s:6:\"amount\";s:4:\"9.00\";s:8:\"currency\";s:3:\"EUR\";s:14:\"transaction_id\";s:17:\"1A4171939B350311T\";s:16:\"transaction_link\";s:57:\"https://www.paypal.com/activity/payment/1A4171939B350311T\";}','2023-11-17 15:38:53','0000-00-00 00:00:00'),(338,72,'name-1','Denis Berisha','2023-11-17 18:09:10','0000-00-00 00:00:00'),(339,72,'email-1','Denis-berisha@outlook.be','2023-11-17 18:09:10','0000-00-00 00:00:00'),(340,72,'phone-1','0465550422','2023-11-17 18:09:10','0000-00-00 00:00:00'),(341,72,'_forminator_user_ip','193.121.146.18','2023-11-17 18:09:10','0000-00-00 00:00:00'),(342,72,'paypal-1','a:6:{s:4:\"mode\";s:4:\"live\";s:6:\"status\";s:9:\"COMPLETED\";s:6:\"amount\";s:4:\"9.00\";s:8:\"currency\";s:3:\"EUR\";s:14:\"transaction_id\";s:17:\"08R41352CK1715042\";s:16:\"transaction_link\";s:57:\"https://www.paypal.com/activity/payment/08R41352CK1715042\";}','2023-11-17 18:09:10','0000-00-00 00:00:00'),(343,73,'name-1','Chauderlot Rudy','2023-11-18 16:16:37','0000-00-00 00:00:00'),(344,73,'email-1','chauderlot@hotmail.com','2023-11-18 16:16:37','0000-00-00 00:00:00'),(345,73,'_forminator_user_ip','178.51.242.73','2023-11-18 16:16:37','0000-00-00 00:00:00'),(346,73,'paypal-1','a:6:{s:4:\"mode\";s:4:\"live\";s:6:\"status\";s:9:\"COMPLETED\";s:6:\"amount\";s:5:\"25.00\";s:8:\"currency\";s:3:\"EUR\";s:14:\"transaction_id\";s:17:\"9WG21252X71978403\";s:16:\"transaction_link\";s:57:\"https://www.paypal.com/activity/payment/9WG21252X71978403\";}','2023-11-18 16:16:37','0000-00-00 00:00:00'),(347,74,'name-1','De wolf','2023-11-18 16:27:29','0000-00-00 00:00:00'),(348,74,'email-1','sergedewolf2910@gmail.com','2023-11-18 16:27:29','0000-00-00 00:00:00'),(349,74,'_forminator_user_ip','2a02:a03f:64de:6e00:6959:83a0:a94e:419b','2023-11-18 16:27:29','0000-00-00 00:00:00'),(350,74,'paypal-1','a:6:{s:4:\"mode\";s:4:\"live\";s:6:\"status\";s:9:\"COMPLETED\";s:6:\"amount\";s:4:\"1.99\";s:8:\"currency\";s:3:\"EUR\";s:14:\"transaction_id\";s:17:\"1S6238604V578315M\";s:16:\"transaction_link\";s:57:\"https://www.paypal.com/activity/payment/1S6238604V578315M\";}','2023-11-18 16:27:29','0000-00-00 00:00:00'),(351,75,'name-1','Kévin Houston','2023-11-18 17:14:12','0000-00-00 00:00:00'),(352,75,'email-1','yakama68h@gmail.com','2023-11-18 17:14:12','0000-00-00 00:00:00'),(353,75,'phone-1','0491225357','2023-11-18 17:14:12','0000-00-00 00:00:00'),(354,75,'_forminator_user_ip','178.51.153.219','2023-11-18 17:14:12','0000-00-00 00:00:00'),(355,75,'paypal-1','a:6:{s:4:\"mode\";s:4:\"live\";s:6:\"status\";s:9:\"COMPLETED\";s:6:\"amount\";s:5:\"54.00\";s:8:\"currency\";s:3:\"EUR\";s:14:\"transaction_id\";s:17:\"17E803490C666543W\";s:16:\"transaction_link\";s:57:\"https://www.paypal.com/activity/payment/17E803490C666543W\";}','2023-11-18 17:14:12','0000-00-00 00:00:00'),(356,76,'name-1','Hamza','2023-11-18 20:14:50','0000-00-00 00:00:00'),(357,76,'email-1','hamza.tabarrant@hotmail.com','2023-11-18 20:14:50','0000-00-00 00:00:00'),(358,76,'_forminator_user_ip','2a02:a03f:c732:3b00:ccb7:351e:70e3:417f','2023-11-18 20:14:50','0000-00-00 00:00:00'),(359,76,'paypal-1','a:6:{s:4:\"mode\";s:4:\"live\";s:6:\"status\";s:9:\"COMPLETED\";s:6:\"amount\";s:5:\"54.00\";s:8:\"currency\";s:3:\"EUR\";s:14:\"transaction_id\";s:17:\"31X91893CJ3444809\";s:16:\"transaction_link\";s:57:\"https://www.paypal.com/activity/payment/31X91893CJ3444809\";}','2023-11-18 20:14:50','0000-00-00 00:00:00'),(360,77,'name-1','Emeline Delvaux','2023-11-19 16:27:37','0000-00-00 00:00:00'),(361,77,'email-1','delvauxeme@gmail.com','2023-11-19 16:27:37','0000-00-00 00:00:00'),(362,77,'phone-1','0494224976','2023-11-19 16:27:37','0000-00-00 00:00:00'),(363,77,'_forminator_user_ip','85.27.1.19','2023-11-19 16:27:37','0000-00-00 00:00:00'),(364,77,'paypal-1','a:6:{s:4:\"mode\";s:4:\"live\";s:6:\"status\";s:9:\"COMPLETED\";s:6:\"amount\";s:5:\"13.00\";s:8:\"currency\";s:3:\"EUR\";s:14:\"transaction_id\";s:17:\"31H382448A106924S\";s:16:\"transaction_link\";s:57:\"https://www.paypal.com/activity/payment/31H382448A106924S\";}','2023-11-19 16:27:37','0000-00-00 00:00:00'),(365,78,'name-1','christian','2023-11-19 16:47:21','0000-00-00 00:00:00'),(366,78,'email-1','zaffzaff21@outlook.fr','2023-11-19 16:47:21','0000-00-00 00:00:00'),(367,78,'_forminator_user_ip','87.65.183.254','2023-11-19 16:47:21','0000-00-00 00:00:00'),(368,78,'paypal-1','a:6:{s:4:\"mode\";s:4:\"live\";s:6:\"status\";s:9:\"COMPLETED\";s:6:\"amount\";s:5:\"54.00\";s:8:\"currency\";s:3:\"EUR\";s:14:\"transaction_id\";s:17:\"6U301547T0401890P\";s:16:\"transaction_link\";s:57:\"https://www.paypal.com/activity/payment/6U301547T0401890P\";}','2023-11-19 16:47:21','0000-00-00 00:00:00'),(369,80,'name-1','Boussar','2023-11-19 17:41:31','0000-00-00 00:00:00'),(370,80,'email-1','asboulkarima@hotmail.com','2023-11-19 17:41:31','0000-00-00 00:00:00'),(371,80,'_forminator_user_ip','109.133.2.2','2023-11-19 17:41:31','0000-00-00 00:00:00'),(372,80,'paypal-1','a:6:{s:4:\"mode\";s:4:\"live\";s:6:\"status\";s:9:\"COMPLETED\";s:6:\"amount\";s:5:\"13.00\";s:8:\"currency\";s:3:\"EUR\";s:14:\"transaction_id\";s:17:\"7DY6860832508532M\";s:16:\"transaction_link\";s:57:\"https://www.paypal.com/activity/payment/7DY6860832508532M\";}','2023-11-19 17:41:31','0000-00-00 00:00:00'),(373,81,'name-1','Vanzeveren','2023-11-19 18:50:29','0000-00-00 00:00:00'),(374,81,'email-1','lucas.vanzeveren@gmail.com','2023-11-19 18:50:29','0000-00-00 00:00:00'),(375,81,'_forminator_user_ip','2a02:a03f:e61a:5e00:758c:68b4:7048:a43e','2023-11-19 18:50:29','0000-00-00 00:00:00'),(376,81,'paypal-1','a:6:{s:4:\"mode\";s:4:\"live\";s:6:\"status\";s:9:\"COMPLETED\";s:6:\"amount\";s:5:\"54.00\";s:8:\"currency\";s:3:\"EUR\";s:14:\"transaction_id\";s:17:\"3S978358HC2727545\";s:16:\"transaction_link\";s:57:\"https://www.paypal.com/activity/payment/3S978358HC2727545\";}','2023-11-19 18:50:29','0000-00-00 00:00:00'),(377,82,'name-1','Saïd Belkacemi','2023-11-19 20:41:11','0000-00-00 00:00:00'),(378,82,'email-1','belkacemi.said1@gmail.com','2023-11-19 20:41:11','0000-00-00 00:00:00'),(379,82,'phone-1','32483608606','2023-11-19 20:41:11','0000-00-00 00:00:00'),(380,82,'_forminator_user_ip','2a02:a03f:697a:1e00:709e:9ad6:24ad:d086','2023-11-19 20:41:11','0000-00-00 00:00:00'),(381,82,'paypal-1','a:6:{s:4:\"mode\";s:4:\"live\";s:6:\"status\";s:9:\"COMPLETED\";s:6:\"amount\";s:5:\"54.00\";s:8:\"currency\";s:3:\"EUR\";s:14:\"transaction_id\";s:17:\"70550802SA348151E\";s:16:\"transaction_link\";s:57:\"https://www.paypal.com/activity/payment/70550802SA348151E\";}','2023-11-19 20:41:11','0000-00-00 00:00:00'),(382,83,'name-1','Vanzeveren','2023-11-19 23:06:39','0000-00-00 00:00:00'),(383,83,'email-1','martin.vanzeveren@gmail.com','2023-11-19 23:06:39','0000-00-00 00:00:00'),(384,83,'_forminator_user_ip','2a02:a020:3d0:8dc5:609a:2854:d8ce:f465','2023-11-19 23:06:39','0000-00-00 00:00:00'),(385,83,'paypal-1','a:6:{s:4:\"mode\";s:4:\"live\";s:6:\"status\";s:9:\"COMPLETED\";s:6:\"amount\";s:5:\"25.00\";s:8:\"currency\";s:3:\"EUR\";s:14:\"transaction_id\";s:17:\"5KP075554C0677625\";s:16:\"transaction_link\";s:57:\"https://www.paypal.com/activity/payment/5KP075554C0677625\";}','2023-11-19 23:06:39','0000-00-00 00:00:00'),(386,84,'name-1','sz','2023-11-20 05:50:47','0000-00-00 00:00:00'),(387,84,'_forminator_user_ip','41.141.247.18','2023-11-20 05:50:48','0000-00-00 00:00:00'),(388,84,'paypal-1','a:6:{s:4:\"mode\";s:7:\"sandbox\";s:6:\"status\";s:9:\"COMPLETED\";s:6:\"amount\";s:4:\"2.00\";s:8:\"currency\";s:3:\"EUR\";s:14:\"transaction_id\";s:17:\"1FK82527504638526\";s:16:\"transaction_link\";s:65:\"https://www.sandbox.paypal.com/activity/payment/1FK82527504638526\";}','2023-11-20 05:50:48','0000-00-00 00:00:00'),(389,85,'name-1','sz','2023-11-20 05:53:07','0000-00-00 00:00:00'),(390,85,'_forminator_user_ip','41.141.247.18','2023-11-20 05:53:07','0000-00-00 00:00:00'),(391,85,'paypal-1','a:6:{s:4:\"mode\";s:7:\"sandbox\";s:6:\"status\";s:9:\"COMPLETED\";s:6:\"amount\";s:4:\"2.00\";s:8:\"currency\";s:3:\"EUR\";s:14:\"transaction_id\";s:17:\"40K75264EV193110C\";s:16:\"transaction_link\";s:65:\"https://www.sandbox.paypal.com/activity/payment/40K75264EV193110C\";}','2023-11-20 05:53:07','0000-00-00 00:00:00'),(392,86,'name-1','sz','2023-11-20 06:00:05','0000-00-00 00:00:00'),(393,86,'_forminator_user_ip','41.141.247.18','2023-11-20 06:00:05','0000-00-00 00:00:00'),(394,86,'paypal-1','a:6:{s:4:\"mode\";s:7:\"sandbox\";s:6:\"status\";s:9:\"COMPLETED\";s:6:\"amount\";s:4:\"2.00\";s:8:\"currency\";s:3:\"EUR\";s:14:\"transaction_id\";s:17:\"4T0439011K897604J\";s:16:\"transaction_link\";s:65:\"https://www.sandbox.paypal.com/activity/payment/4T0439011K897604J\";}','2023-11-20 06:00:05','0000-00-00 00:00:00'),(395,87,'name-1','sz','2023-11-20 06:01:06','0000-00-00 00:00:00'),(396,87,'_forminator_user_ip','41.141.247.18','2023-11-20 06:01:06','0000-00-00 00:00:00'),(397,87,'paypal-1','a:6:{s:4:\"mode\";s:7:\"sandbox\";s:6:\"status\";s:9:\"COMPLETED\";s:6:\"amount\";s:4:\"2.00\";s:8:\"currency\";s:3:\"EUR\";s:14:\"transaction_id\";s:17:\"6XH267376L7684834\";s:16:\"transaction_link\";s:65:\"https://www.sandbox.paypal.com/activity/payment/6XH267376L7684834\";}','2023-11-20 06:01:06','0000-00-00 00:00:00'),(398,88,'name-1','sz','2023-11-20 06:01:32','0000-00-00 00:00:00'),(399,88,'_forminator_user_ip','41.141.247.18','2023-11-20 06:01:32','0000-00-00 00:00:00'),(400,88,'paypal-1','a:6:{s:4:\"mode\";s:7:\"sandbox\";s:6:\"status\";s:9:\"COMPLETED\";s:6:\"amount\";s:4:\"2.00\";s:8:\"currency\";s:3:\"EUR\";s:14:\"transaction_id\";s:17:\"1K080887378881701\";s:16:\"transaction_link\";s:65:\"https://www.sandbox.paypal.com/activity/payment/1K080887378881701\";}','2023-11-20 06:01:32','0000-00-00 00:00:00'),(401,89,'name-1','sz','2023-11-20 06:06:34','0000-00-00 00:00:00'),(402,89,'_forminator_user_ip','41.141.247.18','2023-11-20 06:06:34','0000-00-00 00:00:00'),(403,89,'paypal-1','a:6:{s:4:\"mode\";s:7:\"sandbox\";s:6:\"status\";s:9:\"COMPLETED\";s:6:\"amount\";s:4:\"2.00\";s:8:\"currency\";s:3:\"EUR\";s:14:\"transaction_id\";s:17:\"0UU056015W7728239\";s:16:\"transaction_link\";s:65:\"https://www.sandbox.paypal.com/activity/payment/0UU056015W7728239\";}','2023-11-20 06:06:34','0000-00-00 00:00:00'),(404,90,'name-1','sz','2023-11-20 06:08:11','0000-00-00 00:00:00'),(405,90,'_forminator_user_ip','41.141.247.18','2023-11-20 06:08:11','0000-00-00 00:00:00'),(406,90,'paypal-1','a:6:{s:4:\"mode\";s:7:\"sandbox\";s:6:\"status\";s:9:\"COMPLETED\";s:6:\"amount\";s:4:\"2.00\";s:8:\"currency\";s:3:\"EUR\";s:14:\"transaction_id\";s:17:\"4GD247984J9228808\";s:16:\"transaction_link\";s:65:\"https://www.sandbox.paypal.com/activity/payment/4GD247984J9228808\";}','2023-11-20 06:08:11','0000-00-00 00:00:00'),(407,91,'name-1','sz','2023-11-20 06:12:54','0000-00-00 00:00:00'),(408,91,'_forminator_user_ip','41.141.247.18','2023-11-20 06:12:54','0000-00-00 00:00:00'),(409,91,'paypal-1','a:6:{s:4:\"mode\";s:7:\"sandbox\";s:6:\"status\";s:9:\"COMPLETED\";s:6:\"amount\";s:4:\"2.00\";s:8:\"currency\";s:3:\"EUR\";s:14:\"transaction_id\";s:17:\"87C54112BX521943P\";s:16:\"transaction_link\";s:65:\"https://www.sandbox.paypal.com/activity/payment/87C54112BX521943P\";}','2023-11-20 06:12:54','0000-00-00 00:00:00'),(410,92,'name-1','sz','2023-11-20 06:21:01','0000-00-00 00:00:00'),(411,92,'_forminator_user_ip','41.141.247.18','2023-11-20 06:21:01','0000-00-00 00:00:00'),(412,92,'paypal-1','a:6:{s:4:\"mode\";s:7:\"sandbox\";s:6:\"status\";s:9:\"COMPLETED\";s:6:\"amount\";s:4:\"2.00\";s:8:\"currency\";s:3:\"EUR\";s:14:\"transaction_id\";s:17:\"5MW28042J52992029\";s:16:\"transaction_link\";s:65:\"https://www.sandbox.paypal.com/activity/payment/5MW28042J52992029\";}','2023-11-20 06:21:01','0000-00-00 00:00:00'),(413,93,'name-1','sz','2023-11-20 06:26:48','0000-00-00 00:00:00'),(414,93,'_forminator_user_ip','41.141.247.18','2023-11-20 06:26:48','0000-00-00 00:00:00'),(415,93,'paypal-1','a:6:{s:4:\"mode\";s:7:\"sandbox\";s:6:\"status\";s:9:\"COMPLETED\";s:6:\"amount\";s:4:\"2.00\";s:8:\"currency\";s:3:\"EUR\";s:14:\"transaction_id\";s:17:\"2DC653436V093242J\";s:16:\"transaction_link\";s:65:\"https://www.sandbox.paypal.com/activity/payment/2DC653436V093242J\";}','2023-11-20 06:26:48','0000-00-00 00:00:00'),(416,94,'name-1','Nidal El Amrani','2023-11-20 15:09:02','0000-00-00 00:00:00'),(417,94,'email-1','danilarmani@hotmail.com','2023-11-20 15:09:02','0000-00-00 00:00:00'),(418,94,'phone-1','0484769474','2023-11-20 15:09:02','0000-00-00 00:00:00'),(419,94,'_forminator_user_ip','109.136.24.39','2023-11-20 15:09:02','0000-00-00 00:00:00'),(420,94,'paypal-1','a:6:{s:4:\"mode\";s:4:\"live\";s:6:\"status\";s:9:\"COMPLETED\";s:6:\"amount\";s:5:\"39.00\";s:8:\"currency\";s:3:\"EUR\";s:14:\"transaction_id\";s:17:\"590232653P548082R\";s:16:\"transaction_link\";s:57:\"https://www.paypal.com/activity/payment/590232653P548082R\";}','2023-11-20 15:09:02','0000-00-00 00:00:00'),(421,95,'name-1','Julian Courtoy','2023-11-20 16:30:41','0000-00-00 00:00:00'),(422,95,'email-1','j.courtoy@gmail.com','2023-11-20 16:30:41','0000-00-00 00:00:00'),(423,95,'phone-1','0470281023','2023-11-20 16:30:41','0000-00-00 00:00:00'),(424,95,'_forminator_user_ip','2a02:a03f:61bc:e800:e0f9:9be9:1bb1:dc49','2023-11-20 16:30:41','0000-00-00 00:00:00'),(425,95,'paypal-1','a:6:{s:4:\"mode\";s:4:\"live\";s:6:\"status\";s:9:\"COMPLETED\";s:6:\"amount\";s:5:\"13.00\";s:8:\"currency\";s:3:\"EUR\";s:14:\"transaction_id\";s:17:\"62A11860UF972293S\";s:16:\"transaction_link\";s:57:\"https://www.paypal.com/activity/payment/62A11860UF972293S\";}','2023-11-20 16:30:41','0000-00-00 00:00:00'),(426,96,'name-1','Brol','2023-11-21 17:02:41','0000-00-00 00:00:00'),(427,96,'email-1','quentink74@gmail.com','2023-11-21 17:02:41','0000-00-00 00:00:00'),(428,96,'_forminator_user_ip','87.67.107.90','2023-11-21 17:02:41','0000-00-00 00:00:00'),(429,96,'paypal-1','a:6:{s:4:\"mode\";s:4:\"live\";s:6:\"status\";s:9:\"COMPLETED\";s:6:\"amount\";s:5:\"13.00\";s:8:\"currency\";s:3:\"EUR\";s:14:\"transaction_id\";s:17:\"0SN68631DM145614F\";s:16:\"transaction_link\";s:57:\"https://www.paypal.com/activity/payment/0SN68631DM145614F\";}','2023-11-21 17:02:41','0000-00-00 00:00:00'),(430,97,'name-1','seb','2023-11-22 17:41:52','0000-00-00 00:00:00'),(431,97,'email-1','hasquinsebastien@gmail.com','2023-11-22 17:41:52','0000-00-00 00:00:00'),(432,97,'_forminator_user_ip','2a02:a03f:adbc:5a00:e8d4:e449:d072:93b8','2023-11-22 17:41:52','0000-00-00 00:00:00'),(433,97,'paypal-1','a:6:{s:4:\"mode\";s:4:\"live\";s:6:\"status\";s:9:\"COMPLETED\";s:6:\"amount\";s:5:\"54.00\";s:8:\"currency\";s:3:\"EUR\";s:14:\"transaction_id\";s:17:\"2298420263254111F\";s:16:\"transaction_link\";s:57:\"https://www.paypal.com/activity/payment/2298420263254111F\";}','2023-11-22 17:41:52','0000-00-00 00:00:00'),(434,98,'name-1','Johnny Paquay','2023-11-22 17:45:30','0000-00-00 00:00:00'),(435,98,'email-1','johnny.paquay@hotmail.be','2023-11-22 17:45:30','0000-00-00 00:00:00'),(436,98,'phone-1','+32479098077','2023-11-22 17:45:30','0000-00-00 00:00:00'),(437,98,'_forminator_user_ip','81.11.141.242','2023-11-22 17:45:30','0000-00-00 00:00:00'),(438,98,'paypal-1','a:6:{s:4:\"mode\";s:4:\"live\";s:6:\"status\";s:9:\"COMPLETED\";s:6:\"amount\";s:5:\"54.00\";s:8:\"currency\";s:3:\"EUR\";s:14:\"transaction_id\";s:17:\"3W190271TD3133729\";s:16:\"transaction_link\";s:57:\"https://www.paypal.com/activity/payment/3W190271TD3133729\";}','2023-11-22 17:45:30','0000-00-00 00:00:00'),(439,99,'name-1','Patrick Schneider','2023-11-24 14:49:22','0000-00-00 00:00:00'),(440,99,'email-1','patconsult001@gmail.com','2023-11-24 14:49:22','0000-00-00 00:00:00'),(441,99,'_forminator_user_ip','213.213.221.71','2023-11-24 14:49:22','0000-00-00 00:00:00'),(442,99,'paypal-1','a:6:{s:4:\"mode\";s:4:\"live\";s:6:\"status\";s:9:\"COMPLETED\";s:6:\"amount\";s:5:\"54.00\";s:8:\"currency\";s:3:\"EUR\";s:14:\"transaction_id\";s:17:\"33B89048J2135645L\";s:16:\"transaction_link\";s:57:\"https://www.paypal.com/activity/payment/33B89048J2135645L\";}','2023-11-24 14:49:22','0000-00-00 00:00:00'),(443,101,'name-1','Chansay Olivier','2023-11-24 20:14:53','0000-00-00 00:00:00'),(444,101,'email-1','chansayolivier@gmail.com','2023-11-24 20:14:53','0000-00-00 00:00:00'),(445,101,'_forminator_user_ip','2a02:a03f:c23d:7200:c4c1:a5e4:929f:7b47','2023-11-24 20:14:53','0000-00-00 00:00:00'),(446,101,'paypal-1','a:6:{s:4:\"mode\";s:4:\"live\";s:6:\"status\";s:9:\"COMPLETED\";s:6:\"amount\";s:5:\"54.00\";s:8:\"currency\";s:3:\"EUR\";s:14:\"transaction_id\";s:17:\"9E2128582L473832X\";s:16:\"transaction_link\";s:57:\"https://www.paypal.com/activity/payment/9E2128582L473832X\";}','2023-11-24 20:14:53','0000-00-00 00:00:00'),(447,102,'name-1','Chaineux Virginie','2023-11-25 15:08:39','0000-00-00 00:00:00'),(448,102,'email-1','virginiechaineux19@gmail.com','2023-11-25 15:08:39','0000-00-00 00:00:00'),(449,102,'phone-1','0470542305','2023-11-25 15:08:39','0000-00-00 00:00:00'),(450,102,'_forminator_user_ip','2a02:2788:1d4:7b4:5def:8c4c:3d02:2106','2023-11-25 15:08:39','0000-00-00 00:00:00'),(451,102,'paypal-1','a:6:{s:4:\"mode\";s:4:\"live\";s:6:\"status\";s:9:\"COMPLETED\";s:6:\"amount\";s:5:\"13.00\";s:8:\"currency\";s:3:\"EUR\";s:14:\"transaction_id\";s:17:\"1D849706B1494083C\";s:16:\"transaction_link\";s:57:\"https://www.paypal.com/activity/payment/1D849706B1494083C\";}','2023-11-25 15:08:39','0000-00-00 00:00:00'),(452,103,'name-1','Parmentier','2023-11-25 17:04:22','0000-00-00 00:00:00'),(453,103,'email-1','kadtug@hotmail.com','2023-11-25 17:04:22','0000-00-00 00:00:00'),(454,103,'_forminator_user_ip','2a02:2788:848:cc:357c:b021:1ac4:e93e','2023-11-25 17:04:22','0000-00-00 00:00:00'),(455,103,'paypal-1','a:6:{s:4:\"mode\";s:4:\"live\";s:6:\"status\";s:9:\"COMPLETED\";s:6:\"amount\";s:4:\"1.99\";s:8:\"currency\";s:3:\"EUR\";s:14:\"transaction_id\";s:17:\"6JH24841XN695291V\";s:16:\"transaction_link\";s:57:\"https://www.paypal.com/activity/payment/6JH24841XN695291V\";}','2023-11-25 17:04:22','0000-00-00 00:00:00'),(456,104,'name-1','Rosario Dibello','2023-11-25 19:29:52','0000-00-00 00:00:00'),(457,104,'email-1','dibs48@icloud.com','2023-11-25 19:29:52','0000-00-00 00:00:00'),(458,104,'phone-1','0467622155','2023-11-25 19:29:52','0000-00-00 00:00:00'),(459,104,'_forminator_user_ip','2a02:2788:8c6:2acf:7908:e74c:4ca9:c4a7','2023-11-25 19:29:52','0000-00-00 00:00:00'),(460,104,'paypal-1','a:6:{s:4:\"mode\";s:4:\"live\";s:6:\"status\";s:9:\"COMPLETED\";s:6:\"amount\";s:5:\"13.00\";s:8:\"currency\";s:3:\"EUR\";s:14:\"transaction_id\";s:17:\"3PD43078BE3720946\";s:16:\"transaction_link\";s:57:\"https://www.paypal.com/activity/payment/3PD43078BE3720946\";}','2023-11-25 19:29:52','0000-00-00 00:00:00'),(461,105,'name-1','Yvan Loko','2023-11-25 20:12:05','0000-00-00 00:00:00'),(462,105,'email-1','yvan.loko@gmail.com','2023-11-25 20:12:05','0000-00-00 00:00:00'),(463,105,'phone-1','07727666506','2023-11-25 20:12:05','0000-00-00 00:00:00'),(464,105,'_forminator_user_ip','2a02:2788:11b4:f2:d0d0:cafb:197e:a5e6','2023-11-25 20:12:05','0000-00-00 00:00:00'),(465,105,'paypal-1','a:6:{s:4:\"mode\";s:4:\"live\";s:6:\"status\";s:9:\"COMPLETED\";s:6:\"amount\";s:5:\"54.00\";s:8:\"currency\";s:3:\"EUR\";s:14:\"transaction_id\";s:17:\"435140713S620062H\";s:16:\"transaction_link\";s:57:\"https://www.paypal.com/activity/payment/435140713S620062H\";}','2023-11-25 20:12:05','0000-00-00 00:00:00'),(466,106,'name-1','Etienne Choque','2023-11-26 12:57:57','0000-00-00 00:00:00'),(467,106,'email-1','etienne.choque@gmail.com','2023-11-26 12:57:57','0000-00-00 00:00:00'),(468,106,'_forminator_user_ip','149.154.255.216','2023-11-26 12:57:57','0000-00-00 00:00:00'),(469,106,'paypal-1','a:6:{s:4:\"mode\";s:4:\"live\";s:6:\"status\";s:9:\"COMPLETED\";s:6:\"amount\";s:5:\"54.00\";s:8:\"currency\";s:3:\"EUR\";s:14:\"transaction_id\";s:17:\"24E43276L05053313\";s:16:\"transaction_link\";s:57:\"https://www.paypal.com/activity/payment/24E43276L05053313\";}','2023-11-26 12:57:57','0000-00-00 00:00:00'),(470,107,'name-1','Tony','2023-11-26 16:08:01','0000-00-00 00:00:00'),(471,107,'email-1','w.h.lah.crh@gmail.com','2023-11-26 16:08:01','0000-00-00 00:00:00'),(472,107,'phone-1','0498725523','2023-11-26 16:08:01','0000-00-00 00:00:00'),(473,107,'_forminator_user_ip','94.109.44.58','2023-11-26 16:08:01','0000-00-00 00:00:00'),(474,107,'paypal-1','a:6:{s:4:\"mode\";s:4:\"live\";s:6:\"status\";s:9:\"COMPLETED\";s:6:\"amount\";s:5:\"54.00\";s:8:\"currency\";s:3:\"EUR\";s:14:\"transaction_id\";s:17:\"5LP9828924506442A\";s:16:\"transaction_link\";s:57:\"https://www.paypal.com/activity/payment/5LP9828924506442A\";}','2023-11-26 16:08:01','0000-00-00 00:00:00'),(475,108,'name-1','Fabienne Steffen','2023-11-26 16:10:41','0000-00-00 00:00:00'),(476,108,'email-1','wiccaselena@gmail.com','2023-11-26 16:10:41','0000-00-00 00:00:00'),(477,108,'phone-1','0472331319','2023-11-26 16:10:41','0000-00-00 00:00:00'),(478,108,'_forminator_user_ip','2a02:a03f:a548:d900:bd:4768:dc16:d84','2023-11-26 16:10:41','0000-00-00 00:00:00'),(479,108,'paypal-1','a:6:{s:4:\"mode\";s:4:\"live\";s:6:\"status\";s:9:\"COMPLETED\";s:6:\"amount\";s:4:\"1.99\";s:8:\"currency\";s:3:\"EUR\";s:14:\"transaction_id\";s:17:\"6KV71683X4736714Y\";s:16:\"transaction_link\";s:57:\"https://www.paypal.com/activity/payment/6KV71683X4736714Y\";}','2023-11-26 16:10:41','0000-00-00 00:00:00'),(480,109,'name-1','Yves De Cecco','2023-11-26 20:09:58','0000-00-00 00:00:00'),(481,109,'email-1','yves.dececco@gmail.com','2023-11-26 20:09:58','0000-00-00 00:00:00'),(482,109,'phone-1','0496444041','2023-11-26 20:09:58','0000-00-00 00:00:00'),(483,109,'_forminator_user_ip','2a02:2788:136:b065:94fd:de97:dfe5:34b8','2023-11-26 20:09:58','0000-00-00 00:00:00'),(484,109,'paypal-1','a:6:{s:4:\"mode\";s:4:\"live\";s:6:\"status\";s:9:\"COMPLETED\";s:6:\"amount\";s:5:\"13.00\";s:8:\"currency\";s:3:\"EUR\";s:14:\"transaction_id\";s:17:\"39W10080G3408534W\";s:16:\"transaction_link\";s:57:\"https://www.paypal.com/activity/payment/39W10080G3408534W\";}','2023-11-26 20:09:58','0000-00-00 00:00:00'),(485,110,'name-1','Christophe Michielse','2023-11-26 20:33:17','0000-00-00 00:00:00'),(486,110,'email-1','michielse.c@gmail.com','2023-11-26 20:33:17','0000-00-00 00:00:00'),(487,110,'phone-1','0468385894','2023-11-26 20:33:17','0000-00-00 00:00:00'),(488,110,'_forminator_user_ip','91.86.187.187','2023-11-26 20:33:17','0000-00-00 00:00:00'),(489,110,'paypal-1','a:6:{s:4:\"mode\";s:4:\"live\";s:6:\"status\";s:9:\"COMPLETED\";s:6:\"amount\";s:5:\"13.00\";s:8:\"currency\";s:3:\"EUR\";s:14:\"transaction_id\";s:17:\"1YY87184LE885961V\";s:16:\"transaction_link\";s:57:\"https://www.paypal.com/activity/payment/1YY87184LE885961V\";}','2023-11-26 20:33:17','0000-00-00 00:00:00'),(490,111,'name-1','Fabienne Steffen','2023-11-27 13:19:09','0000-00-00 00:00:00'),(491,111,'email-1','wiccaselena@gmail.com','2023-11-27 13:19:09','0000-00-00 00:00:00'),(492,111,'phone-1','0472331319','2023-11-27 13:19:09','0000-00-00 00:00:00'),(493,111,'_forminator_user_ip','91.178.84.204','2023-11-27 13:19:09','0000-00-00 00:00:00'),(494,111,'paypal-1','a:6:{s:4:\"mode\";s:4:\"live\";s:6:\"status\";s:9:\"COMPLETED\";s:6:\"amount\";s:5:\"39.00\";s:8:\"currency\";s:3:\"EUR\";s:14:\"transaction_id\";s:17:\"8TY34048C8664615S\";s:16:\"transaction_link\";s:57:\"https://www.paypal.com/activity/payment/8TY34048C8664615S\";}','2023-11-27 13:19:09','0000-00-00 00:00:00'),(495,112,'name-1','Dave Wuyts','2023-11-27 17:21:32','0000-00-00 00:00:00'),(496,112,'email-1','dfewuyts@gmail.com','2023-11-27 17:21:32','0000-00-00 00:00:00'),(497,112,'phone-1','0621254104','2023-11-27 17:21:32','0000-00-00 00:00:00'),(498,112,'_forminator_user_ip','2a09:bac3:4a1:c8::14:1d2','2023-11-27 17:21:32','0000-00-00 00:00:00'),(499,112,'paypal-1','a:6:{s:4:\"mode\";s:4:\"live\";s:6:\"status\";s:9:\"COMPLETED\";s:6:\"amount\";s:4:\"5.00\";s:8:\"currency\";s:3:\"EUR\";s:14:\"transaction_id\";s:17:\"75L21008MC983811P\";s:16:\"transaction_link\";s:57:\"https://www.paypal.com/activity/payment/75L21008MC983811P\";}','2023-11-27 17:21:32','0000-00-00 00:00:00'),(500,114,'name-1','Florian bu','2023-11-28 15:16:03','0000-00-00 00:00:00'),(501,114,'email-1','florianbuthmann57@gmail.com','2023-11-28 15:16:03','0000-00-00 00:00:00'),(502,114,'_forminator_user_ip','2a02:8440:8403:e2dc:b4b5:9192:68db:f83a','2023-11-28 15:16:03','0000-00-00 00:00:00'),(503,114,'paypal-1','a:6:{s:4:\"mode\";s:4:\"live\";s:6:\"status\";s:9:\"COMPLETED\";s:6:\"amount\";s:5:\"39.00\";s:8:\"currency\";s:3:\"EUR\";s:14:\"transaction_id\";s:17:\"04L099821L0116144\";s:16:\"transaction_link\";s:57:\"https://www.paypal.com/activity/payment/04L099821L0116144\";}','2023-11-28 15:16:03','0000-00-00 00:00:00'),(504,115,'name-1','Ampolini','2023-11-28 20:15:30','0000-00-00 00:00:00'),(505,115,'email-1','romainampolini03@gmail.com','2023-11-28 20:15:30','0000-00-00 00:00:00'),(506,115,'_forminator_user_ip','2a02:a03f:acc9:5f01:b507:c39d:1c2b:3f6c','2023-11-28 20:15:30','0000-00-00 00:00:00'),(507,115,'paypal-1','a:6:{s:4:\"mode\";s:4:\"live\";s:6:\"status\";s:9:\"COMPLETED\";s:6:\"amount\";s:5:\"13.00\";s:8:\"currency\";s:3:\"EUR\";s:14:\"transaction_id\";s:17:\"9LD49539B5298720U\";s:16:\"transaction_link\";s:57:\"https://www.paypal.com/activity/payment/9LD49539B5298720U\";}','2023-11-28 20:15:30','0000-00-00 00:00:00'),(508,116,'name-1','DECOOMAN','2023-11-29 15:16:39','0000-00-00 00:00:00'),(509,116,'email-1','decoomanm@hotmail.com','2023-11-29 15:16:39','0000-00-00 00:00:00'),(510,116,'phone-1','0032495788990','2023-11-29 15:16:39','0000-00-00 00:00:00'),(511,116,'_forminator_user_ip','78.129.71.27','2023-11-29 15:16:39','0000-00-00 00:00:00'),(512,116,'paypal-1','a:6:{s:4:\"mode\";s:4:\"live\";s:6:\"status\";s:9:\"COMPLETED\";s:6:\"amount\";s:5:\"25.00\";s:8:\"currency\";s:3:\"EUR\";s:14:\"transaction_id\";s:17:\"84E661700T166450C\";s:16:\"transaction_link\";s:57:\"https://www.paypal.com/activity/payment/84E661700T166450C\";}','2023-11-29 15:16:39','0000-00-00 00:00:00'),(513,117,'name-1','Verbrugge','2023-11-29 19:05:55','0000-00-00 00:00:00'),(514,117,'email-1','bigdav1942@hotmail.com','2023-11-29 19:05:55','0000-00-00 00:00:00'),(515,117,'phone-1','0032473970233','2023-11-29 19:05:55','0000-00-00 00:00:00'),(516,117,'_forminator_user_ip','85.201.110.205','2023-11-29 19:05:55','0000-00-00 00:00:00'),(517,117,'paypal-1','a:6:{s:4:\"mode\";s:4:\"live\";s:6:\"status\";s:9:\"COMPLETED\";s:6:\"amount\";s:5:\"13.00\";s:8:\"currency\";s:3:\"EUR\";s:14:\"transaction_id\";s:17:\"163326944Y840243P\";s:16:\"transaction_link\";s:57:\"https://www.paypal.com/activity/payment/163326944Y840243P\";}','2023-11-29 19:05:55','0000-00-00 00:00:00'),(518,118,'name-1','Lebrun','2023-11-29 19:45:43','0000-00-00 00:00:00'),(519,118,'email-1','valentin-lebrun09@live.fr','2023-11-29 19:45:43','0000-00-00 00:00:00'),(520,118,'phone-1','0471791058','2023-11-29 19:45:43','0000-00-00 00:00:00'),(521,118,'_forminator_user_ip','94.109.199.70','2023-11-29 19:45:43','0000-00-00 00:00:00'),(522,118,'paypal-1','a:6:{s:4:\"mode\";s:4:\"live\";s:6:\"status\";s:9:\"COMPLETED\";s:6:\"amount\";s:5:\"13.00\";s:8:\"currency\";s:3:\"EUR\";s:14:\"transaction_id\";s:17:\"6KS065418C677333F\";s:16:\"transaction_link\";s:57:\"https://www.paypal.com/activity/payment/6KS065418C677333F\";}','2023-11-29 19:45:43','0000-00-00 00:00:00'),(523,119,'name-1','Laurent deltenre','2023-11-30 08:01:21','0000-00-00 00:00:00'),(524,119,'email-1','laurentdeltenre@yahoo.fr','2023-11-30 08:01:21','0000-00-00 00:00:00'),(525,119,'_forminator_user_ip','2a02:2788:3f5:f413:99d7:b757:bb6:ac31','2023-11-30 08:01:21','0000-00-00 00:00:00'),(526,119,'paypal-1','a:6:{s:4:\"mode\";s:4:\"live\";s:6:\"status\";s:9:\"COMPLETED\";s:6:\"amount\";s:5:\"54.00\";s:8:\"currency\";s:3:\"EUR\";s:14:\"transaction_id\";s:17:\"7GX440933T935825J\";s:16:\"transaction_link\";s:57:\"https://www.paypal.com/activity/payment/7GX440933T935825J\";}','2023-11-30 08:01:21','0000-00-00 00:00:00'),(527,120,'name-1','Feramuz Secginli','2023-11-30 16:40:37','0000-00-00 00:00:00'),(528,120,'email-1','secgin001@msn.com','2023-11-30 16:40:37','0000-00-00 00:00:00'),(529,120,'phone-1','0483086533','2023-11-30 16:40:37','0000-00-00 00:00:00'),(530,120,'_forminator_user_ip','2a02:1810:a4ae:3100:54c9:7ac8:19:3425','2023-11-30 16:40:37','0000-00-00 00:00:00'),(531,120,'paypal-1','a:6:{s:4:\"mode\";s:4:\"live\";s:6:\"status\";s:9:\"COMPLETED\";s:6:\"amount\";s:5:\"13.00\";s:8:\"currency\";s:3:\"EUR\";s:14:\"transaction_id\";s:17:\"43E47731PT7843140\";s:16:\"transaction_link\";s:57:\"https://www.paypal.com/activity/payment/43E47731PT7843140\";}','2023-11-30 16:40:37','0000-00-00 00:00:00'),(532,121,'name-1','Saad Brahim','2023-11-30 18:20:04','0000-00-00 00:00:00'),(533,121,'email-1','Saadbrahim@hotmail.com','2023-11-30 18:20:04','0000-00-00 00:00:00'),(534,121,'phone-1','+32467739758','2023-11-30 18:20:04','0000-00-00 00:00:00'),(535,121,'_forminator_user_ip','2a02:a03f:88d7:b301:7434:6a30:4fcf:82ef','2023-11-30 18:20:04','0000-00-00 00:00:00'),(536,121,'paypal-1','a:6:{s:4:\"mode\";s:4:\"live\";s:6:\"status\";s:9:\"COMPLETED\";s:6:\"amount\";s:5:\"54.00\";s:8:\"currency\";s:3:\"EUR\";s:14:\"transaction_id\";s:17:\"3M825594PL0105421\";s:16:\"transaction_link\";s:57:\"https://www.paypal.com/activity/payment/3M825594PL0105421\";}','2023-11-30 18:20:04','0000-00-00 00:00:00'),(537,122,'name-1','Ross Smith','2023-11-30 19:52:16','0000-00-00 00:00:00'),(538,122,'email-1','roses84@outlook.it','2023-11-30 19:52:16','0000-00-00 00:00:00'),(539,122,'_forminator_user_ip','85.94.238.82','2023-11-30 19:52:16','0000-00-00 00:00:00'),(540,122,'paypal-1','a:6:{s:4:\"mode\";s:4:\"live\";s:6:\"status\";s:9:\"COMPLETED\";s:6:\"amount\";s:5:\"13.00\";s:8:\"currency\";s:3:\"EUR\";s:14:\"transaction_id\";s:17:\"2WA45332G4581050Y\";s:16:\"transaction_link\";s:57:\"https://www.paypal.com/activity/payment/2WA45332G4581050Y\";}','2023-11-30 19:52:16','0000-00-00 00:00:00'),(541,123,'name-1','Dietrich','2023-12-03 16:12:27','0000-00-00 00:00:00'),(542,123,'email-1','blondin_1397@hotmail.com','2023-12-03 16:12:27','0000-00-00 00:00:00'),(543,123,'phone-1','0473345325','2023-12-03 16:12:27','0000-00-00 00:00:00'),(544,123,'_forminator_user_ip','2a02:a03f:e6c6:e600:1c0c:4624:31a1:170c','2023-12-03 16:12:27','0000-00-00 00:00:00'),(545,123,'paypal-1','a:6:{s:4:\"mode\";s:4:\"live\";s:6:\"status\";s:9:\"COMPLETED\";s:6:\"amount\";s:5:\"13.00\";s:8:\"currency\";s:3:\"EUR\";s:14:\"transaction_id\";s:17:\"7J515991LF125245U\";s:16:\"transaction_link\";s:57:\"https://www.paypal.com/activity/payment/7J515991LF125245U\";}','2023-12-03 16:12:27','0000-00-00 00:00:00'),(546,124,'name-1','Mehdi Mak','2023-12-03 16:33:08','0000-00-00 00:00:00'),(547,124,'email-1','mmaknani@gmail.com','2023-12-03 16:33:08','0000-00-00 00:00:00'),(548,124,'phone-1','0033651897345','2023-12-03 16:33:08','0000-00-00 00:00:00'),(549,124,'_forminator_user_ip','2a02:2788:2b4:5a6:4d9c:f03a:44a1:6a89','2023-12-03 16:33:08','0000-00-00 00:00:00'),(550,124,'paypal-1','a:6:{s:4:\"mode\";s:4:\"live\";s:6:\"status\";s:9:\"COMPLETED\";s:6:\"amount\";s:5:\"54.00\";s:8:\"currency\";s:3:\"EUR\";s:14:\"transaction_id\";s:17:\"9NJ172773A0292904\";s:16:\"transaction_link\";s:57:\"https://www.paypal.com/activity/payment/9NJ172773A0292904\";}','2023-12-03 16:33:08','0000-00-00 00:00:00'),(551,125,'name-1','Liblanc','2023-12-03 16:48:41','0000-00-00 00:00:00'),(552,125,'email-1','cedric.liblanc@gmail.com','2023-12-03 16:48:41','0000-00-00 00:00:00'),(553,125,'_forminator_user_ip','2a02:a03f:a5fd:2800:3dfa:c978:17db:4c5d','2023-12-03 16:48:41','0000-00-00 00:00:00'),(554,125,'paypal-1','a:6:{s:4:\"mode\";s:4:\"live\";s:6:\"status\";s:9:\"COMPLETED\";s:6:\"amount\";s:4:\"1.99\";s:8:\"currency\";s:3:\"EUR\";s:14:\"transaction_id\";s:17:\"8HG19366DC7590636\";s:16:\"transaction_link\";s:57:\"https://www.paypal.com/activity/payment/8HG19366DC7590636\";}','2023-12-03 16:48:41','0000-00-00 00:00:00'),(555,128,'name-1','Ben Keller','2023-12-03 18:52:48','0000-00-00 00:00:00'),(556,128,'email-1','keller.ben81@gmail.com','2023-12-03 18:52:48','0000-00-00 00:00:00'),(557,128,'_forminator_user_ip','91.86.22.90','2023-12-03 18:52:48','0000-00-00 00:00:00'),(558,128,'paypal-1','a:6:{s:4:\"mode\";s:4:\"live\";s:6:\"status\";s:9:\"COMPLETED\";s:6:\"amount\";s:5:\"25.00\";s:8:\"currency\";s:3:\"EUR\";s:14:\"transaction_id\";s:17:\"4FH18755J08180310\";s:16:\"transaction_link\";s:57:\"https://www.paypal.com/activity/payment/4FH18755J08180310\";}','2023-12-03 18:52:48','0000-00-00 00:00:00'),(559,129,'name-1','Ced','2023-12-04 17:15:08','0000-00-00 00:00:00'),(560,129,'email-1','cedric.liblanc@gmail.com','2023-12-04 17:15:08','0000-00-00 00:00:00'),(561,129,'_forminator_user_ip','2a02:a03f:a5fd:2800:8d46:7cc0:3efc:dc69','2023-12-04 17:15:08','0000-00-00 00:00:00'),(562,129,'paypal-1','a:6:{s:4:\"mode\";s:4:\"live\";s:6:\"status\";s:9:\"COMPLETED\";s:6:\"amount\";s:4:\"5.00\";s:8:\"currency\";s:3:\"EUR\";s:14:\"transaction_id\";s:17:\"97923147BX8901231\";s:16:\"transaction_link\";s:57:\"https://www.paypal.com/activity/payment/97923147BX8901231\";}','2023-12-04 17:15:08','0000-00-00 00:00:00'),(563,130,'name-1','Alla abdellah','2023-12-05 01:49:00','0000-00-00 00:00:00'),(564,130,'email-1','abdellahe.alla@gmail.com','2023-12-05 01:49:00','0000-00-00 00:00:00'),(565,130,'phone-1','0032466261824','2023-12-05 01:49:00','0000-00-00 00:00:00'),(566,130,'_forminator_user_ip','2a02:1808:89:2cf:bc2a:3dff:fefc:cba1','2023-12-05 01:49:00','0000-00-00 00:00:00'),(567,130,'paypal-1','a:6:{s:4:\"mode\";s:4:\"live\";s:6:\"status\";s:9:\"COMPLETED\";s:6:\"amount\";s:4:\"1.99\";s:8:\"currency\";s:3:\"EUR\";s:14:\"transaction_id\";s:17:\"2CY230107U7380252\";s:16:\"transaction_link\";s:57:\"https://www.paypal.com/activity/payment/2CY230107U7380252\";}','2023-12-05 01:49:00','0000-00-00 00:00:00'),(568,131,'name-1','Cedric Liblanc','2023-12-05 12:29:33','0000-00-00 00:00:00'),(569,131,'email-1','cedric.liblanc@gmail.com','2023-12-05 12:29:33','0000-00-00 00:00:00'),(570,131,'_forminator_user_ip','2a02:a03f:a5fd:2800:e48e:a910:26c:e229','2023-12-05 12:29:33','0000-00-00 00:00:00'),(571,131,'paypal-1','a:6:{s:4:\"mode\";s:4:\"live\";s:6:\"status\";s:9:\"COMPLETED\";s:6:\"amount\";s:5:\"54.00\";s:8:\"currency\";s:3:\"EUR\";s:14:\"transaction_id\";s:17:\"2AA83089EY9626948\";s:16:\"transaction_link\";s:57:\"https://www.paypal.com/activity/payment/2AA83089EY9626948\";}','2023-12-05 12:29:33','0000-00-00 00:00:00'),(572,132,'name-1','Valkeneers Nicolas','2023-12-05 16:06:14','0000-00-00 00:00:00'),(573,132,'email-1','valkeneers.nicolas@gmail.com','2023-12-05 16:06:14','0000-00-00 00:00:00'),(574,132,'phone-1','0491580159','2023-12-05 16:06:14','0000-00-00 00:00:00'),(575,132,'_forminator_user_ip','85.27.28.81','2023-12-05 16:06:14','0000-00-00 00:00:00'),(576,132,'paypal-1','a:6:{s:4:\"mode\";s:4:\"live\";s:6:\"status\";s:9:\"COMPLETED\";s:6:\"amount\";s:4:\"1.99\";s:8:\"currency\";s:3:\"EUR\";s:14:\"transaction_id\";s:17:\"5NX160665G238772X\";s:16:\"transaction_link\";s:57:\"https://www.paypal.com/activity/payment/5NX160665G238772X\";}','2023-12-05 16:06:14','0000-00-00 00:00:00'),(577,133,'name-1','Albano','2023-12-07 15:43:05','0000-00-00 00:00:00'),(578,133,'email-1','info@albanoweb.be','2023-12-07 15:43:05','0000-00-00 00:00:00'),(579,133,'_forminator_user_ip','2a02:a03f:c86c:3c00:90df:9b70:8aca:7ce3','2023-12-07 15:43:05','0000-00-00 00:00:00'),(580,133,'paypal-1','a:6:{s:4:\"mode\";s:4:\"live\";s:6:\"status\";s:9:\"COMPLETED\";s:6:\"amount\";s:5:\"39.00\";s:8:\"currency\";s:3:\"EUR\";s:14:\"transaction_id\";s:17:\"0BH53267UF447171B\";s:16:\"transaction_link\";s:57:\"https://www.paypal.com/activity/payment/0BH53267UF447171B\";}','2023-12-07 15:43:05','0000-00-00 00:00:00'),(581,134,'name-1','Vincent KULIK','2023-12-07 19:56:54','0000-00-00 00:00:00'),(582,134,'email-1','vincentkulik@hotmail.fr','2023-12-07 19:56:54','0000-00-00 00:00:00'),(583,134,'phone-1','+33626394729','2023-12-07 19:56:54','0000-00-00 00:00:00'),(584,134,'_forminator_user_ip','2a01:e0a:3f5:5430:f885:f981:c954:197e','2023-12-07 19:56:54','0000-00-00 00:00:00'),(585,134,'paypal-1','a:6:{s:4:\"mode\";s:4:\"live\";s:6:\"status\";s:9:\"COMPLETED\";s:6:\"amount\";s:5:\"54.00\";s:8:\"currency\";s:3:\"EUR\";s:14:\"transaction_id\";s:17:\"8NC38472919135802\";s:16:\"transaction_link\";s:57:\"https://www.paypal.com/activity/payment/8NC38472919135802\";}','2023-12-07 19:56:54','0000-00-00 00:00:00'),(586,135,'name-1','Seb','2023-12-09 14:18:54','0000-00-00 00:00:00'),(587,135,'email-1','sebastien_pimont@yahoo.fr','2023-12-09 14:18:54','0000-00-00 00:00:00'),(588,135,'_forminator_user_ip','2a01:cb0d:a054:1fd9:3504:ed86:9b48:9b00','2023-12-09 14:18:54','0000-00-00 00:00:00'),(589,135,'paypal-1','a:6:{s:4:\"mode\";s:4:\"live\";s:6:\"status\";s:9:\"COMPLETED\";s:6:\"amount\";s:4:\"1.99\";s:8:\"currency\";s:3:\"EUR\";s:14:\"transaction_id\";s:17:\"273064291U763333X\";s:16:\"transaction_link\";s:57:\"https://www.paypal.com/activity/payment/273064291U763333X\";}','2023-12-09 14:18:54','0000-00-00 00:00:00'),(590,136,'name-1','Messina','2023-12-09 15:36:12','0000-00-00 00:00:00'),(591,136,'email-1','michel.messina.247@outlook.com','2023-12-09 15:36:12','0000-00-00 00:00:00'),(592,136,'_forminator_user_ip','109.128.198.49','2023-12-09 15:36:12','0000-00-00 00:00:00'),(593,136,'paypal-1','a:6:{s:4:\"mode\";s:4:\"live\";s:6:\"status\";s:9:\"COMPLETED\";s:6:\"amount\";s:4:\"1.99\";s:8:\"currency\";s:3:\"EUR\";s:14:\"transaction_id\";s:17:\"7XT48483UR020874V\";s:16:\"transaction_link\";s:57:\"https://www.paypal.com/activity/payment/7XT48483UR020874V\";}','2023-12-09 15:36:12','0000-00-00 00:00:00'),(594,137,'name-1','Boch francois','2023-12-09 18:04:48','0000-00-00 00:00:00'),(595,137,'email-1','fanboch@gmail.com','2023-12-09 18:04:48','0000-00-00 00:00:00'),(596,137,'_forminator_user_ip','109.134.219.125','2023-12-09 18:04:48','0000-00-00 00:00:00'),(597,137,'paypal-1','a:6:{s:4:\"mode\";s:4:\"live\";s:6:\"status\";s:9:\"COMPLETED\";s:6:\"amount\";s:5:\"13.00\";s:8:\"currency\";s:3:\"EUR\";s:14:\"transaction_id\";s:17:\"8JW06500VG140350A\";s:16:\"transaction_link\";s:57:\"https://www.paypal.com/activity/payment/8JW06500VG140350A\";}','2023-12-09 18:04:48','0000-00-00 00:00:00'),(598,138,'name-1','REGNIER','2023-12-09 19:22:08','0000-00-00 00:00:00'),(599,138,'email-1','regnierdamien@hotmail.fr','2023-12-09 19:22:08','0000-00-00 00:00:00'),(600,138,'phone-1','0628722858','2023-12-09 19:22:08','0000-00-00 00:00:00'),(601,138,'_forminator_user_ip','2a01:e0a:17d:3270:51df:b882:c2b0:b88','2023-12-09 19:22:08','0000-00-00 00:00:00'),(602,138,'paypal-1','a:6:{s:4:\"mode\";s:4:\"live\";s:6:\"status\";s:9:\"COMPLETED\";s:6:\"amount\";s:5:\"13.00\";s:8:\"currency\";s:3:\"EUR\";s:14:\"transaction_id\";s:17:\"6CK65206S1564312T\";s:16:\"transaction_link\";s:57:\"https://www.paypal.com/activity/payment/6CK65206S1564312T\";}','2023-12-09 19:22:08','0000-00-00 00:00:00'),(603,139,'name-1','Sclamender Josette','2023-12-10 08:57:09','0000-00-00 00:00:00'),(604,139,'email-1','1310joe@gmail.com','2023-12-10 08:57:09','0000-00-00 00:00:00'),(605,139,'_forminator_user_ip','151.237.131.139','2023-12-10 08:57:09','0000-00-00 00:00:00'),(606,139,'paypal-1','a:6:{s:4:\"mode\";s:4:\"live\";s:6:\"status\";s:9:\"COMPLETED\";s:6:\"amount\";s:5:\"54.00\";s:8:\"currency\";s:3:\"EUR\";s:14:\"transaction_id\";s:17:\"83839654XV753032M\";s:16:\"transaction_link\";s:57:\"https://www.paypal.com/activity/payment/83839654XV753032M\";}','2023-12-10 08:57:09','0000-00-00 00:00:00'),(607,140,'name-1','Seb','2023-12-10 11:22:13','0000-00-00 00:00:00'),(608,140,'email-1','sebastien_pimont@yahoo.fr','2023-12-10 11:22:13','0000-00-00 00:00:00'),(609,140,'_forminator_user_ip','2a01:cb0d:a054:1fd9:3504:ed86:9b48:9b00','2023-12-10 11:22:13','0000-00-00 00:00:00'),(610,140,'paypal-1','a:6:{s:4:\"mode\";s:4:\"live\";s:6:\"status\";s:9:\"COMPLETED\";s:6:\"amount\";s:5:\"13.00\";s:8:\"currency\";s:3:\"EUR\";s:14:\"transaction_id\";s:17:\"256226862X093070F\";s:16:\"transaction_link\";s:57:\"https://www.paypal.com/activity/payment/256226862X093070F\";}','2023-12-10 11:22:13','0000-00-00 00:00:00'),(611,141,'name-1','Marc Defrère','2023-12-10 21:38:07','0000-00-00 00:00:00'),(612,141,'email-1','marc690620@hotmail.com','2023-12-10 21:38:07','0000-00-00 00:00:00'),(613,141,'_forminator_user_ip','2a02:2788:3f5:e37a:cc68:dc03:ff5d:bd31','2023-12-10 21:38:07','0000-00-00 00:00:00'),(614,141,'paypal-1','a:6:{s:4:\"mode\";s:4:\"live\";s:6:\"status\";s:9:\"COMPLETED\";s:6:\"amount\";s:5:\"54.00\";s:8:\"currency\";s:3:\"EUR\";s:14:\"transaction_id\";s:17:\"3Y920393DW062491H\";s:16:\"transaction_link\";s:57:\"https://www.paypal.com/activity/payment/3Y920393DW062491H\";}','2023-12-10 21:38:07','0000-00-00 00:00:00'),(615,142,'name-1','Jay','2023-12-11 12:21:02','0000-00-00 00:00:00'),(616,142,'email-1','jeanfrancois.goffioul@gmail.com','2023-12-11 12:21:02','0000-00-00 00:00:00'),(617,142,'phone-1','0470102865','2023-12-11 12:21:02','0000-00-00 00:00:00'),(618,142,'_forminator_user_ip','46.179.215.190','2023-12-11 12:21:02','0000-00-00 00:00:00'),(619,142,'paypal-1','a:6:{s:4:\"mode\";s:4:\"live\";s:6:\"status\";s:9:\"COMPLETED\";s:6:\"amount\";s:5:\"54.00\";s:8:\"currency\";s:3:\"EUR\";s:14:\"transaction_id\";s:17:\"4BS56669U17029109\";s:16:\"transaction_link\";s:57:\"https://www.paypal.com/activity/payment/4BS56669U17029109\";}','2023-12-11 12:21:02','0000-00-00 00:00:00'),(620,143,'name-1','DC OLIVIER','2023-12-11 17:05:54','0000-00-00 00:00:00'),(621,143,'email-1','oliverbelg@yahoo.ca','2023-12-11 17:05:54','0000-00-00 00:00:00'),(622,143,'_forminator_user_ip','2a02:a03f:a089:e101:2cd8:e68:6ab9:55a7','2023-12-11 17:05:54','0000-00-00 00:00:00'),(623,143,'paypal-1','a:6:{s:4:\"mode\";s:4:\"live\";s:6:\"status\";s:9:\"COMPLETED\";s:6:\"amount\";s:5:\"39.00\";s:8:\"currency\";s:3:\"EUR\";s:14:\"transaction_id\";s:17:\"2Y763524A7072854F\";s:16:\"transaction_link\";s:57:\"https://www.paypal.com/activity/payment/2Y763524A7072854F\";}','2023-12-11 17:05:54','0000-00-00 00:00:00'),(624,144,'name-1','Platte Raymond','2023-12-12 11:27:52','0000-00-00 00:00:00'),(625,144,'email-1','monplatte@gmail.com','2023-12-12 11:27:52','0000-00-00 00:00:00'),(626,144,'phone-1','0031631029007','2023-12-12 11:27:52','0000-00-00 00:00:00'),(627,144,'_forminator_user_ip','2a02:1810:cc29:5e00:55e:1a9e:e1d5:428e','2023-12-12 11:27:52','0000-00-00 00:00:00'),(628,144,'paypal-1','a:6:{s:4:\"mode\";s:4:\"live\";s:6:\"status\";s:9:\"COMPLETED\";s:6:\"amount\";s:5:\"54.00\";s:8:\"currency\";s:3:\"EUR\";s:14:\"transaction_id\";s:17:\"9Y699069FD861144L\";s:16:\"transaction_link\";s:57:\"https://www.paypal.com/activity/payment/9Y699069FD861144L\";}','2023-12-12 11:27:52','0000-00-00 00:00:00'),(629,145,'name-1','Dave','2023-12-12 11:54:18','0000-00-00 00:00:00'),(630,145,'email-1','Wuyts','2023-12-12 11:54:18','0000-00-00 00:00:00'),(631,145,'phone-1','621254104','2023-12-12 11:54:18','0000-00-00 00:00:00'),(632,145,'_forminator_user_ip','2a09:bac2:4b9:c8::14:17e','2023-12-12 11:54:18','0000-00-00 00:00:00'),(633,145,'paypal-1','a:6:{s:4:\"mode\";s:4:\"live\";s:6:\"status\";s:9:\"COMPLETED\";s:6:\"amount\";s:4:\"5.00\";s:8:\"currency\";s:3:\"EUR\";s:14:\"transaction_id\";s:17:\"2TV07884D72949210\";s:16:\"transaction_link\";s:57:\"https://www.paypal.com/activity/payment/2TV07884D72949210\";}','2023-12-12 11:54:18','0000-00-00 00:00:00'),(634,147,'name-1','Lylian Thomas','2023-12-12 17:30:41','0000-00-00 00:00:00'),(635,147,'email-1','thomaslylian@gmail.com','2023-12-12 17:30:41','0000-00-00 00:00:00'),(636,147,'_forminator_user_ip','109.17.188.73','2023-12-12 17:30:41','0000-00-00 00:00:00'),(637,147,'paypal-1','a:6:{s:4:\"mode\";s:4:\"live\";s:6:\"status\";s:9:\"COMPLETED\";s:6:\"amount\";s:5:\"54.00\";s:8:\"currency\";s:3:\"EUR\";s:14:\"transaction_id\";s:17:\"7PU28853RU685840X\";s:16:\"transaction_link\";s:57:\"https://www.paypal.com/activity/payment/7PU28853RU685840X\";}','2023-12-12 17:30:41','0000-00-00 00:00:00'),(638,148,'name-1','Messina Michel','2023-12-12 18:50:26','0000-00-00 00:00:00'),(639,148,'email-1','michel.messina.247@outlook.com','2023-12-12 18:50:26','0000-00-00 00:00:00'),(640,148,'_forminator_user_ip','2a02:a03f:d87f:9400:8827:f0dc:1c89:3a57','2023-12-12 18:50:26','0000-00-00 00:00:00'),(641,148,'paypal-1','a:6:{s:4:\"mode\";s:4:\"live\";s:6:\"status\";s:9:\"COMPLETED\";s:6:\"amount\";s:5:\"54.00\";s:8:\"currency\";s:3:\"EUR\";s:14:\"transaction_id\";s:17:\"0Y676123T76969450\";s:16:\"transaction_link\";s:57:\"https://www.paypal.com/activity/payment/0Y676123T76969450\";}','2023-12-12 18:50:26','0000-00-00 00:00:00'),(642,149,'name-1','jack alin','2023-12-13 14:11:42','0000-00-00 00:00:00'),(643,149,'email-1','jackalin@gmail.com','2023-12-13 14:11:42','0000-00-00 00:00:00'),(644,149,'_forminator_user_ip','196.77.4.170','2023-12-13 14:11:42','0000-00-00 00:00:00'),(645,149,'paypal-1','a:6:{s:4:\"mode\";s:7:\"sandbox\";s:6:\"status\";s:9:\"COMPLETED\";s:6:\"amount\";s:5:\"54.00\";s:8:\"currency\";s:3:\"EUR\";s:14:\"transaction_id\";s:17:\"0L368269JC747410D\";s:16:\"transaction_link\";s:65:\"https://www.sandbox.paypal.com/activity/payment/0L368269JC747410D\";}','2023-12-13 14:11:42','0000-00-00 00:00:00'),(646,151,'name-1','Meddy','2023-12-13 18:51:51','0000-00-00 00:00:00'),(647,151,'email-1','idemonepromotion@gmail.com','2023-12-13 18:51:51','0000-00-00 00:00:00'),(648,151,'phone-1','0032465162423','2023-12-13 18:51:51','0000-00-00 00:00:00'),(649,151,'_forminator_user_ip','2a02:a03f:c35d:8100:2074:b5f:ce4d:4e5c','2023-12-13 18:51:51','0000-00-00 00:00:00'),(650,151,'paypal-1','a:6:{s:4:\"mode\";s:4:\"live\";s:6:\"status\";s:9:\"COMPLETED\";s:6:\"amount\";s:5:\"54.00\";s:8:\"currency\";s:3:\"EUR\";s:14:\"transaction_id\";s:17:\"84465630LU824822B\";s:16:\"transaction_link\";s:57:\"https://www.paypal.com/activity/payment/84465630LU824822B\";}','2023-12-13 18:51:51','0000-00-00 00:00:00'),(651,152,'name-1','Arthur','2023-12-13 21:12:01','0000-00-00 00:00:00'),(652,152,'email-1','arthurbuelens@gmail.com','2023-12-13 21:12:01','0000-00-00 00:00:00'),(653,152,'phone-1','00320479354937','2023-12-13 21:12:01','0000-00-00 00:00:00'),(654,152,'_forminator_user_ip','2800:2206:6000:76c:71a1:b53f:dcc8:5d71','2023-12-13 21:12:01','0000-00-00 00:00:00'),(655,152,'paypal-1','a:6:{s:4:\"mode\";s:4:\"live\";s:6:\"status\";s:9:\"COMPLETED\";s:6:\"amount\";s:5:\"54.00\";s:8:\"currency\";s:3:\"EUR\";s:14:\"transaction_id\";s:17:\"6HJ165171X7949838\";s:16:\"transaction_link\";s:57:\"https://www.paypal.com/activity/payment/6HJ165171X7949838\";}','2023-12-13 21:12:01','0000-00-00 00:00:00'),(656,153,'name-1','michel Buyse','2023-12-14 17:12:04','0000-00-00 00:00:00'),(657,153,'email-1','michel.buyse.be@gmail.com','2023-12-14 17:12:04','0000-00-00 00:00:00'),(658,153,'_forminator_user_ip','2a02:2788:415:e283:ed15:bb:caa7:23df','2023-12-14 17:12:04','0000-00-00 00:00:00'),(659,153,'paypal-1','a:6:{s:4:\"mode\";s:4:\"live\";s:6:\"status\";s:9:\"COMPLETED\";s:6:\"amount\";s:5:\"54.00\";s:8:\"currency\";s:3:\"EUR\";s:14:\"transaction_id\";s:17:\"6CH39845RL0105443\";s:16:\"transaction_link\";s:57:\"https://www.paypal.com/activity/payment/6CH39845RL0105443\";}','2023-12-14 17:12:04','0000-00-00 00:00:00'),(660,154,'name-1','Geoffrey','2023-12-14 19:12:21','0000-00-00 00:00:00'),(661,154,'email-1','geoffrey.luts@gmail.com','2023-12-14 19:12:21','0000-00-00 00:00:00'),(662,154,'phone-1','0032497326479','2023-12-14 19:12:21','0000-00-00 00:00:00'),(663,154,'_forminator_user_ip','94.109.230.191','2023-12-14 19:12:21','0000-00-00 00:00:00'),(664,154,'paypal-1','a:6:{s:4:\"mode\";s:4:\"live\";s:6:\"status\";s:9:\"COMPLETED\";s:6:\"amount\";s:5:\"13.00\";s:8:\"currency\";s:3:\"EUR\";s:14:\"transaction_id\";s:17:\"1AB68984G1458384A\";s:16:\"transaction_link\";s:57:\"https://www.paypal.com/activity/payment/1AB68984G1458384A\";}','2023-12-14 19:12:21','0000-00-00 00:00:00'),(665,155,'name-1','Klinkenberg','2023-12-14 19:27:46','0000-00-00 00:00:00'),(666,155,'email-1','sandrineklinkenberg@hotmail.fr','2023-12-14 19:27:46','0000-00-00 00:00:00'),(667,155,'phone-1','0032498724651','2023-12-14 19:27:46','0000-00-00 00:00:00'),(668,155,'_forminator_user_ip','2a02:2788:d4:829:111e:346e:6bef:6734','2023-12-14 19:27:46','0000-00-00 00:00:00'),(669,155,'paypal-1','a:6:{s:4:\"mode\";s:4:\"live\";s:6:\"status\";s:9:\"COMPLETED\";s:6:\"amount\";s:5:\"54.00\";s:8:\"currency\";s:3:\"EUR\";s:14:\"transaction_id\";s:17:\"5LH03125RY205835R\";s:16:\"transaction_link\";s:57:\"https://www.paypal.com/activity/payment/5LH03125RY205835R\";}','2023-12-14 19:27:46','0000-00-00 00:00:00'),(670,156,'name-1','Juju310131','2023-12-15 17:03:28','0000-00-00 00:00:00'),(671,156,'email-1','jeanmarcdeweeck@yahoo.fr','2023-12-15 17:03:28','0000-00-00 00:00:00'),(672,156,'_forminator_user_ip','2a02:1811:1426:5800:d1ca:adc7:55c3:aaaa','2023-12-15 17:03:28','0000-00-00 00:00:00'),(673,156,'paypal-1','a:6:{s:4:\"mode\";s:4:\"live\";s:6:\"status\";s:9:\"COMPLETED\";s:6:\"amount\";s:5:\"54.00\";s:8:\"currency\";s:3:\"EUR\";s:14:\"transaction_id\";s:17:\"1JN5998634321162U\";s:16:\"transaction_link\";s:57:\"https://www.paypal.com/activity/payment/1JN5998634321162U\";}','2023-12-15 17:03:28','0000-00-00 00:00:00'),(674,157,'name-1','Kamdem pierre','2023-12-15 17:39:12','0000-00-00 00:00:00'),(675,157,'email-1','nguimdjiojustin@yahoo.fr','2023-12-15 17:39:12','0000-00-00 00:00:00'),(676,157,'_forminator_user_ip','2a02:a03f:e3e5:c900:557c:35f2:8a0c:fa81','2023-12-15 17:39:12','0000-00-00 00:00:00'),(677,157,'paypal-1','a:6:{s:4:\"mode\";s:4:\"live\";s:6:\"status\";s:9:\"COMPLETED\";s:6:\"amount\";s:5:\"13.00\";s:8:\"currency\";s:3:\"EUR\";s:14:\"transaction_id\";s:17:\"4SL76941E3012854B\";s:16:\"transaction_link\";s:57:\"https://www.paypal.com/activity/payment/4SL76941E3012854B\";}','2023-12-15 17:39:12','0000-00-00 00:00:00'),(678,158,'name-1','john doe','2023-12-16 11:14:34','0000-00-00 00:00:00'),(679,158,'email-1','johndoe@gmail.com','2023-12-16 11:14:34','0000-00-00 00:00:00'),(680,158,'_forminator_user_ip','185.177.124.208','2023-12-16 11:14:34','0000-00-00 00:00:00'),(681,158,'paypal-1','a:6:{s:4:\"mode\";s:7:\"sandbox\";s:6:\"status\";s:9:\"COMPLETED\";s:6:\"amount\";s:5:\"54.00\";s:8:\"currency\";s:3:\"EUR\";s:14:\"transaction_id\";s:17:\"7FU46880FA976083D\";s:16:\"transaction_link\";s:65:\"https://www.sandbox.paypal.com/activity/payment/7FU46880FA976083D\";}','2023-12-16 11:14:34','0000-00-00 00:00:00'),(682,159,'name-1','john doe','2023-12-16 11:19:03','0000-00-00 00:00:00'),(683,159,'email-1','johndoe@gmail.com','2023-12-16 11:19:03','0000-00-00 00:00:00'),(684,159,'_forminator_user_ip','185.177.124.208','2023-12-16 11:19:03','0000-00-00 00:00:00'),(685,159,'paypal-1','a:6:{s:4:\"mode\";s:7:\"sandbox\";s:6:\"status\";s:9:\"COMPLETED\";s:6:\"amount\";s:5:\"54.00\";s:8:\"currency\";s:3:\"EUR\";s:14:\"transaction_id\";s:17:\"3GJ42523ET4912018\";s:16:\"transaction_link\";s:65:\"https://www.sandbox.paypal.com/activity/payment/3GJ42523ET4912018\";}','2023-12-16 11:19:03','0000-00-00 00:00:00'),(686,160,'name-1','nathalie serneels','2023-12-16 17:55:46','0000-00-00 00:00:00'),(687,160,'email-1','nathalie.serneels87@gmail.com','2023-12-16 17:55:46','0000-00-00 00:00:00'),(688,160,'phone-1','0468250882','2023-12-16 17:55:46','0000-00-00 00:00:00'),(689,160,'_forminator_user_ip','2a02:1808:204:6108:e5ca:563c:d13d:ec39','2023-12-16 17:55:46','0000-00-00 00:00:00'),(690,160,'paypal-1','a:6:{s:4:\"mode\";s:4:\"live\";s:6:\"status\";s:9:\"COMPLETED\";s:6:\"amount\";s:5:\"25.00\";s:8:\"currency\";s:3:\"EUR\";s:14:\"transaction_id\";s:17:\"0EH19678D1120424J\";s:16:\"transaction_link\";s:57:\"https://www.paypal.com/activity/payment/0EH19678D1120424J\";}','2023-12-16 17:55:46','0000-00-00 00:00:00'),(691,162,'name-1','Lens','2023-12-16 19:11:18','0000-00-00 00:00:00'),(692,162,'email-1','messaoud.lens@gmail.com','2023-12-16 19:11:18','0000-00-00 00:00:00'),(693,162,'phone-1','0498181675','2023-12-16 19:11:18','0000-00-00 00:00:00'),(694,162,'_forminator_user_ip','2a02:a03f:640d:5a00:5d5d:e49:b6e7:938d','2023-12-16 19:11:18','0000-00-00 00:00:00'),(695,162,'paypal-1','a:6:{s:4:\"mode\";s:4:\"live\";s:6:\"status\";s:9:\"COMPLETED\";s:6:\"amount\";s:5:\"48.00\";s:8:\"currency\";s:3:\"EUR\";s:14:\"transaction_id\";s:17:\"9J1371451J243634W\";s:16:\"transaction_link\";s:57:\"https://www.paypal.com/activity/payment/9J1371451J243634W\";}','2023-12-16 19:11:18','0000-00-00 00:00:00'),(696,163,'name-1','Cavanda','2023-12-16 19:13:59','0000-00-00 00:00:00'),(697,163,'email-1','theghost39@outlook.com','2023-12-16 19:13:59','0000-00-00 00:00:00'),(698,163,'_forminator_user_ip','2a09:bac2:4c2:30f::4e:2b','2023-12-16 19:13:59','0000-00-00 00:00:00'),(699,163,'paypal-1','a:6:{s:4:\"mode\";s:4:\"live\";s:6:\"status\";s:9:\"COMPLETED\";s:6:\"amount\";s:5:\"13.00\";s:8:\"currency\";s:3:\"EUR\";s:14:\"transaction_id\";s:17:\"4BU53360AW5791250\";s:16:\"transaction_link\";s:57:\"https://www.paypal.com/activity/payment/4BU53360AW5791250\";}','2023-12-16 19:13:59','0000-00-00 00:00:00'),(700,164,'name-1','Therese steve','2023-12-16 20:14:31','0000-00-00 00:00:00'),(701,164,'email-1','therese.steve1@gmail.com','2023-12-16 20:14:31','0000-00-00 00:00:00'),(702,164,'_forminator_user_ip','2a02:1808:1:e003:80f4:7ff4:199d:a7f6','2023-12-16 20:14:31','0000-00-00 00:00:00'),(703,164,'paypal-1','a:6:{s:4:\"mode\";s:4:\"live\";s:6:\"status\";s:9:\"COMPLETED\";s:6:\"amount\";s:5:\"13.00\";s:8:\"currency\";s:3:\"EUR\";s:14:\"transaction_id\";s:17:\"08120016XK051290S\";s:16:\"transaction_link\";s:57:\"https://www.paypal.com/activity/payment/08120016XK051290S\";}','2023-12-16 20:14:31','0000-00-00 00:00:00'),(704,165,'name-1','Cindy','2023-12-16 20:20:41','0000-00-00 00:00:00'),(705,165,'email-1','vandevelde.cindy1@gmail.com','2023-12-16 20:20:41','0000-00-00 00:00:00'),(706,165,'_forminator_user_ip','2a02:1811:4c20:d300:2879:10d6:d3dc:6d6e','2023-12-16 20:20:41','0000-00-00 00:00:00'),(707,165,'paypal-1','a:6:{s:4:\"mode\";s:4:\"live\";s:6:\"status\";s:9:\"COMPLETED\";s:6:\"amount\";s:5:\"13.00\";s:8:\"currency\";s:3:\"EUR\";s:14:\"transaction_id\";s:17:\"9YK56815EV249384B\";s:16:\"transaction_link\";s:57:\"https://www.paypal.com/activity/payment/9YK56815EV249384B\";}','2023-12-16 20:20:41','0000-00-00 00:00:00'),(708,166,'name-1','Dotremont','2023-12-17 16:43:48','0000-00-00 00:00:00'),(709,166,'email-1','cadotremont@gmail.com','2023-12-17 16:43:48','0000-00-00 00:00:00'),(710,166,'_forminator_user_ip','2a02:a020:4c0:cd90:5c75:e6f2:ce11:22ad','2023-12-17 16:43:48','0000-00-00 00:00:00'),(711,166,'paypal-1','a:6:{s:4:\"mode\";s:4:\"live\";s:6:\"status\";s:9:\"COMPLETED\";s:6:\"amount\";s:5:\"13.00\";s:8:\"currency\";s:3:\"EUR\";s:14:\"transaction_id\";s:17:\"5XH134530U0130830\";s:16:\"transaction_link\";s:57:\"https://www.paypal.com/activity/payment/5XH134530U0130830\";}','2023-12-17 16:43:48','0000-00-00 00:00:00'),(712,167,'name-1','Ophélie Verhoeven','2023-12-17 16:48:43','0000-00-00 00:00:00'),(713,167,'email-1','verhoevenophelie@gmail.com','2023-12-17 16:48:43','0000-00-00 00:00:00'),(714,167,'phone-1','+32473123890','2023-12-17 16:48:43','0000-00-00 00:00:00'),(715,167,'_forminator_user_ip','109.89.255.92','2023-12-17 16:48:43','0000-00-00 00:00:00'),(716,167,'paypal-1','a:6:{s:4:\"mode\";s:4:\"live\";s:6:\"status\";s:9:\"COMPLETED\";s:6:\"amount\";s:4:\"1.99\";s:8:\"currency\";s:3:\"EUR\";s:14:\"transaction_id\";s:17:\"5EA876973N949435F\";s:16:\"transaction_link\";s:57:\"https://www.paypal.com/activity/payment/5EA876973N949435F\";}','2023-12-17 16:48:43','0000-00-00 00:00:00'),(717,168,'name-1','Russo','2023-12-17 19:00:25','0000-00-00 00:00:00'),(718,168,'email-1','Vincenzo417@hotmail.com','2023-12-17 19:00:25','0000-00-00 00:00:00'),(719,168,'_forminator_user_ip','2a02:a03f:c1bf:be00:72eb:8758:95af:53e6','2023-12-17 19:00:25','0000-00-00 00:00:00'),(720,168,'paypal-1','a:6:{s:4:\"mode\";s:4:\"live\";s:6:\"status\";s:9:\"COMPLETED\";s:6:\"amount\";s:5:\"13.00\";s:8:\"currency\";s:3:\"EUR\";s:14:\"transaction_id\";s:17:\"45696966B2768253P\";s:16:\"transaction_link\";s:57:\"https://www.paypal.com/activity/payment/45696966B2768253P\";}','2023-12-17 19:00:25','0000-00-00 00:00:00'),(721,169,'name-1','Ophélie Verhoeven','2023-12-18 17:09:25','0000-00-00 00:00:00'),(722,169,'email-1','verhoevenophelie@gmail.com','2023-12-18 17:09:25','0000-00-00 00:00:00'),(723,169,'phone-1','0493123890','2023-12-18 17:09:25','0000-00-00 00:00:00'),(724,169,'_forminator_user_ip','2a02:a020:45:7e3:1:0:5deb:14ee','2023-12-18 17:09:25','0000-00-00 00:00:00'),(725,169,'paypal-1','a:6:{s:4:\"mode\";s:4:\"live\";s:6:\"status\";s:9:\"COMPLETED\";s:6:\"amount\";s:5:\"54.00\";s:8:\"currency\";s:3:\"EUR\";s:14:\"transaction_id\";s:17:\"99Y01841E46577352\";s:16:\"transaction_link\";s:57:\"https://www.paypal.com/activity/payment/99Y01841E46577352\";}','2023-12-18 17:09:25','0000-00-00 00:00:00'),(726,170,'name-1','Hajczak Nicolas','2023-12-18 19:03:51','0000-00-00 00:00:00'),(727,170,'email-1','nhajczak@gmail.com','2023-12-18 19:03:51','0000-00-00 00:00:00'),(728,170,'_forminator_user_ip','2a02:a020:9f:bfa8:2dc1:e66e:a1cd:c300','2023-12-18 19:03:51','0000-00-00 00:00:00'),(729,170,'paypal-1','a:6:{s:4:\"mode\";s:4:\"live\";s:6:\"status\";s:9:\"COMPLETED\";s:6:\"amount\";s:5:\"13.00\";s:8:\"currency\";s:3:\"EUR\";s:14:\"transaction_id\";s:17:\"5UK19253RE6123134\";s:16:\"transaction_link\";s:57:\"https://www.paypal.com/activity/payment/5UK19253RE6123134\";}','2023-12-18 19:03:51','0000-00-00 00:00:00'),(730,171,'name-1','Delooz','2023-12-19 20:56:29','0000-00-00 00:00:00'),(731,171,'email-1','alexiiissdelooz@gmail.com','2023-12-19 20:56:29','0000-00-00 00:00:00'),(732,171,'phone-1','0472624694','2023-12-19 20:56:29','0000-00-00 00:00:00'),(733,171,'_forminator_user_ip','2a02:a020:d4:6ff6:94f7:13d4:185b:12ee','2023-12-19 20:56:29','0000-00-00 00:00:00'),(734,171,'paypal-1','a:6:{s:4:\"mode\";s:4:\"live\";s:6:\"status\";s:9:\"COMPLETED\";s:6:\"amount\";s:5:\"13.00\";s:8:\"currency\";s:3:\"EUR\";s:14:\"transaction_id\";s:17:\"36K28797789494910\";s:16:\"transaction_link\";s:57:\"https://www.paypal.com/activity/payment/36K28797789494910\";}','2023-12-19 20:56:29','0000-00-00 00:00:00'),(735,172,'name-1','Youcef El Guenouni','2023-12-21 14:45:31','0000-00-00 00:00:00'),(736,172,'email-1','elguenouni.youcef@gmail.com','2023-12-21 14:45:31','0000-00-00 00:00:00'),(737,172,'phone-1','0032489498512','2023-12-21 14:45:31','0000-00-00 00:00:00'),(738,172,'_forminator_user_ip','84.198.154.210','2023-12-21 14:45:31','0000-00-00 00:00:00'),(739,172,'paypal-1','a:6:{s:4:\"mode\";s:4:\"live\";s:6:\"status\";s:9:\"COMPLETED\";s:6:\"amount\";s:5:\"13.00\";s:8:\"currency\";s:3:\"EUR\";s:14:\"transaction_id\";s:17:\"6HX78515U9402423F\";s:16:\"transaction_link\";s:57:\"https://www.paypal.com/activity/payment/6HX78515U9402423F\";}','2023-12-21 14:45:31','0000-00-00 00:00:00'),(740,173,'name-1','teuf premier','2023-12-22 13:59:23','0000-00-00 00:00:00'),(741,173,'email-1','teuf.premier@gmail.com','2023-12-22 13:59:23','0000-00-00 00:00:00'),(742,173,'_forminator_user_ip','94.107.60.58','2023-12-22 13:59:23','0000-00-00 00:00:00'),(743,173,'paypal-1','a:6:{s:4:\"mode\";s:4:\"live\";s:6:\"status\";s:9:\"COMPLETED\";s:6:\"amount\";s:5:\"54.00\";s:8:\"currency\";s:3:\"EUR\";s:14:\"transaction_id\";s:17:\"82M79210X9969015Y\";s:16:\"transaction_link\";s:57:\"https://www.paypal.com/activity/payment/82M79210X9969015Y\";}','2023-12-22 13:59:23','0000-00-00 00:00:00'),(744,174,'name-1','Serge Aka','2023-12-23 19:13:59','0000-00-00 00:00:00'),(745,174,'email-1','serge_boadi@yahoo.fr','2023-12-23 19:13:59','0000-00-00 00:00:00'),(746,174,'phone-1','0032487269615','2023-12-23 19:13:59','0000-00-00 00:00:00'),(747,174,'_forminator_user_ip','178.51.1.129','2023-12-23 19:13:59','0000-00-00 00:00:00'),(748,174,'paypal-1','a:6:{s:4:\"mode\";s:4:\"live\";s:6:\"status\";s:9:\"COMPLETED\";s:6:\"amount\";s:5:\"54.00\";s:8:\"currency\";s:3:\"EUR\";s:14:\"transaction_id\";s:17:\"01273028TH484033J\";s:16:\"transaction_link\";s:57:\"https://www.paypal.com/activity/payment/01273028TH484033J\";}','2023-12-23 19:13:59','0000-00-00 00:00:00'),(749,175,'name-1','Jean-Marie','2023-12-24 00:28:28','0000-00-00 00:00:00'),(750,175,'email-1','berthusjm@skynet.be','2023-12-24 00:28:28','0000-00-00 00:00:00'),(751,175,'phone-1','0495432343','2023-12-24 00:28:28','0000-00-00 00:00:00'),(752,175,'_forminator_user_ip','2a02:a03f:b18f:bf00:5828:9f0c:ea96:5c62','2023-12-24 00:28:28','0000-00-00 00:00:00'),(753,175,'paypal-1','a:6:{s:4:\"mode\";s:4:\"live\";s:6:\"status\";s:9:\"COMPLETED\";s:6:\"amount\";s:5:\"13.00\";s:8:\"currency\";s:3:\"EUR\";s:14:\"transaction_id\";s:17:\"714144186X5616156\";s:16:\"transaction_link\";s:57:\"https://www.paypal.com/activity/payment/714144186X5616156\";}','2023-12-24 00:28:28','0000-00-00 00:00:00'),(754,176,'name-1','Felix noussi','2023-12-24 13:13:52','0000-00-00 00:00:00'),(755,176,'email-1','fnoussi@yahoo.fr','2023-12-24 13:13:52','0000-00-00 00:00:00'),(756,176,'_forminator_user_ip','178.51.242.248','2023-12-24 13:13:52','0000-00-00 00:00:00'),(757,176,'paypal-1','a:6:{s:4:\"mode\";s:4:\"live\";s:6:\"status\";s:9:\"COMPLETED\";s:6:\"amount\";s:5:\"13.00\";s:8:\"currency\";s:3:\"EUR\";s:14:\"transaction_id\";s:17:\"9RN3332282866181P\";s:16:\"transaction_link\";s:57:\"https://www.paypal.com/activity/payment/9RN3332282866181P\";}','2023-12-24 13:13:52','0000-00-00 00:00:00'),(758,177,'name-1','Salvi','2023-12-24 14:39:31','0000-00-00 00:00:00'),(759,177,'email-1','kenzospateri@gmail.com','2023-12-24 14:39:31','0000-00-00 00:00:00'),(760,177,'_forminator_user_ip','109.89.63.9','2023-12-24 14:39:31','0000-00-00 00:00:00'),(761,177,'paypal-1','a:6:{s:4:\"mode\";s:4:\"live\";s:6:\"status\";s:9:\"COMPLETED\";s:6:\"amount\";s:5:\"13.00\";s:8:\"currency\";s:3:\"EUR\";s:14:\"transaction_id\";s:17:\"7M0465225U892605K\";s:16:\"transaction_link\";s:57:\"https://www.paypal.com/activity/payment/7M0465225U892605K\";}','2023-12-24 14:39:31','0000-00-00 00:00:00'),(762,178,'name-1','Thomas','2023-12-24 15:59:32','0000-00-00 00:00:00'),(763,178,'email-1','thomas.roost@gmail.com','2023-12-24 15:59:32','0000-00-00 00:00:00'),(764,178,'_forminator_user_ip','87.65.108.60','2023-12-24 15:59:32','0000-00-00 00:00:00'),(765,178,'paypal-1','a:6:{s:4:\"mode\";s:4:\"live\";s:6:\"status\";s:9:\"COMPLETED\";s:6:\"amount\";s:5:\"54.00\";s:8:\"currency\";s:3:\"EUR\";s:14:\"transaction_id\";s:17:\"9XL92934DG127701X\";s:16:\"transaction_link\";s:57:\"https://www.paypal.com/activity/payment/9XL92934DG127701X\";}','2023-12-24 15:59:32','0000-00-00 00:00:00'),(766,179,'name-1','Sébastien Mousse','2023-12-24 16:54:51','0000-00-00 00:00:00'),(767,179,'email-1','sebastien0413@outlook.fr','2023-12-24 16:54:51','0000-00-00 00:00:00'),(768,179,'_forminator_user_ip','94.109.33.152','2023-12-24 16:54:51','0000-00-00 00:00:00'),(769,179,'paypal-1','a:6:{s:4:\"mode\";s:4:\"live\";s:6:\"status\";s:9:\"COMPLETED\";s:6:\"amount\";s:5:\"25.00\";s:8:\"currency\";s:3:\"EUR\";s:14:\"transaction_id\";s:17:\"0UY35574HC653525D\";s:16:\"transaction_link\";s:57:\"https://www.paypal.com/activity/payment/0UY35574HC653525D\";}','2023-12-24 16:54:51','0000-00-00 00:00:00'),(770,180,'name-1','Dufour','2023-12-24 20:11:09','0000-00-00 00:00:00'),(771,180,'email-1','dufourmath@gmail.com','2023-12-24 20:11:09','0000-00-00 00:00:00'),(772,180,'_forminator_user_ip','2a02:578:85d6:400:a00a:2f12:1e39:f69a','2023-12-24 20:11:09','0000-00-00 00:00:00'),(773,180,'paypal-1','a:6:{s:4:\"mode\";s:4:\"live\";s:6:\"status\";s:9:\"COMPLETED\";s:6:\"amount\";s:5:\"54.00\";s:8:\"currency\";s:3:\"EUR\";s:14:\"transaction_id\";s:17:\"7JJ71808ME666390Y\";s:16:\"transaction_link\";s:57:\"https://www.paypal.com/activity/payment/7JJ71808ME666390Y\";}','2023-12-24 20:11:09','0000-00-00 00:00:00'),(774,182,'name-1','TUNCER Hamza','2023-12-25 00:47:08','0000-00-00 00:00:00'),(775,182,'email-1','tuncerhamza@outlook.com','2023-12-25 00:47:08','0000-00-00 00:00:00'),(776,182,'phone-1','0485270132','2023-12-25 00:47:08','0000-00-00 00:00:00'),(777,182,'_forminator_user_ip','81.164.53.27','2023-12-25 00:47:08','0000-00-00 00:00:00'),(778,182,'paypal-1','a:6:{s:4:\"mode\";s:4:\"live\";s:6:\"status\";s:9:\"COMPLETED\";s:6:\"amount\";s:5:\"54.00\";s:8:\"currency\";s:3:\"EUR\";s:14:\"transaction_id\";s:17:\"43P12049DK653125S\";s:16:\"transaction_link\";s:57:\"https://www.paypal.com/activity/payment/43P12049DK653125S\";}','2023-12-25 00:47:08','0000-00-00 00:00:00'),(779,183,'name-1','Virginie','2023-12-25 09:02:39','0000-00-00 00:00:00'),(780,183,'email-1','virginiechaineux19@gmail.com','2023-12-25 09:02:39','0000-00-00 00:00:00'),(781,183,'phone-1','0470542305','2023-12-25 09:02:39','0000-00-00 00:00:00'),(782,183,'_forminator_user_ip','2a02:2788:1d4:7b4:d071:24a6:87db:d729','2023-12-25 09:02:39','0000-00-00 00:00:00'),(783,183,'paypal-1','a:6:{s:4:\"mode\";s:4:\"live\";s:6:\"status\";s:9:\"COMPLETED\";s:6:\"amount\";s:5:\"13.00\";s:8:\"currency\";s:3:\"EUR\";s:14:\"transaction_id\";s:17:\"3LF4011143950634E\";s:16:\"transaction_link\";s:57:\"https://www.paypal.com/activity/payment/3LF4011143950634E\";}','2023-12-25 09:02:39','0000-00-00 00:00:00'),(784,184,'name-1','Tom','2023-12-25 16:34:09','0000-00-00 00:00:00'),(785,184,'email-1','tom.leenaert@outlook.be','2023-12-25 16:34:09','0000-00-00 00:00:00'),(786,184,'_forminator_user_ip','2a02:2788:11f4:7c3:bca:2dd5:9e12:340a','2023-12-25 16:34:09','0000-00-00 00:00:00'),(787,184,'paypal-1','a:6:{s:4:\"mode\";s:4:\"live\";s:6:\"status\";s:9:\"COMPLETED\";s:6:\"amount\";s:5:\"13.00\";s:8:\"currency\";s:3:\"EUR\";s:14:\"transaction_id\";s:17:\"4NW246719J722542V\";s:16:\"transaction_link\";s:57:\"https://www.paypal.com/activity/payment/4NW246719J722542V\";}','2023-12-25 16:34:09','0000-00-00 00:00:00'),(788,185,'name-1','Nathalie','2023-12-25 17:45:38','0000-00-00 00:00:00'),(789,185,'email-1','nathaliedegeest@outlook.be','2023-12-25 17:45:38','0000-00-00 00:00:00'),(790,185,'phone-1','0485666492','2023-12-25 17:45:38','0000-00-00 00:00:00'),(791,185,'_forminator_user_ip','178.51.89.87','2023-12-25 17:45:38','0000-00-00 00:00:00'),(792,185,'paypal-1','a:6:{s:4:\"mode\";s:4:\"live\";s:6:\"status\";s:9:\"COMPLETED\";s:6:\"amount\";s:5:\"54.00\";s:8:\"currency\";s:3:\"EUR\";s:14:\"transaction_id\";s:17:\"8JY16942KR1159513\";s:16:\"transaction_link\";s:57:\"https://www.paypal.com/activity/payment/8JY16942KR1159513\";}','2023-12-25 17:45:38','0000-00-00 00:00:00'),(793,186,'name-1','Audrey Colson','2023-12-25 20:18:23','0000-00-00 00:00:00'),(794,186,'email-1','mamour.lexie@gmail.com','2023-12-25 20:18:23','0000-00-00 00:00:00'),(795,186,'_forminator_user_ip','2a02:2788:3c4:25c:e1cc:3377:c485:a219','2023-12-25 20:18:23','0000-00-00 00:00:00'),(796,186,'paypal-1','a:6:{s:4:\"mode\";s:4:\"live\";s:6:\"status\";s:9:\"COMPLETED\";s:6:\"amount\";s:5:\"54.00\";s:8:\"currency\";s:3:\"EUR\";s:14:\"transaction_id\";s:17:\"2BY868641N9094232\";s:16:\"transaction_link\";s:57:\"https://www.paypal.com/activity/payment/2BY868641N9094232\";}','2023-12-25 20:18:23','0000-00-00 00:00:00'),(797,187,'name-1','Jordan','2023-12-25 22:37:20','0000-00-00 00:00:00'),(798,187,'email-1','jooordan59@gmail.com','2023-12-25 22:37:20','0000-00-00 00:00:00'),(799,187,'phone-1','0789705326','2023-12-25 22:37:20','0000-00-00 00:00:00'),(800,187,'_forminator_user_ip','81.11.207.143','2023-12-25 22:37:20','0000-00-00 00:00:00'),(801,187,'paypal-1','a:6:{s:4:\"mode\";s:4:\"live\";s:6:\"status\";s:9:\"COMPLETED\";s:6:\"amount\";s:5:\"54.00\";s:8:\"currency\";s:3:\"EUR\";s:14:\"transaction_id\";s:17:\"1BB14122LT635215M\";s:16:\"transaction_link\";s:57:\"https://www.paypal.com/activity/payment/1BB14122LT635215M\";}','2023-12-25 22:37:20','0000-00-00 00:00:00'),(802,188,'name-1','Fabian','2023-12-26 19:39:08','0000-00-00 00:00:00'),(803,188,'email-1','fabkin@hotmail.com','2023-12-26 19:39:08','0000-00-00 00:00:00'),(804,188,'phone-1','0032475362930','2023-12-26 19:39:08','0000-00-00 00:00:00'),(805,188,'_forminator_user_ip','83.134.58.41','2023-12-26 19:39:08','0000-00-00 00:00:00'),(806,188,'paypal-1','a:6:{s:4:\"mode\";s:4:\"live\";s:6:\"status\";s:9:\"COMPLETED\";s:6:\"amount\";s:4:\"1.99\";s:8:\"currency\";s:3:\"EUR\";s:14:\"transaction_id\";s:17:\"46S23144UW8069455\";s:16:\"transaction_link\";s:57:\"https://www.paypal.com/activity/payment/46S23144UW8069455\";}','2023-12-26 19:39:08','0000-00-00 00:00:00'),(807,189,'name-1','Dimitri Moerecant','2023-12-27 17:36:49','0000-00-00 00:00:00'),(808,189,'email-1','dimitri6262@hotmail.com','2023-12-27 17:36:49','0000-00-00 00:00:00'),(809,189,'phone-1','0698235039','2023-12-27 17:36:49','0000-00-00 00:00:00'),(810,189,'_forminator_user_ip','86.67.217.25','2023-12-27 17:36:49','0000-00-00 00:00:00'),(811,189,'paypal-1','a:6:{s:4:\"mode\";s:4:\"live\";s:6:\"status\";s:9:\"COMPLETED\";s:6:\"amount\";s:5:\"54.00\";s:8:\"currency\";s:3:\"EUR\";s:14:\"transaction_id\";s:17:\"23509780DT3773346\";s:16:\"transaction_link\";s:57:\"https://www.paypal.com/activity/payment/23509780DT3773346\";}','2023-12-27 17:36:49','0000-00-00 00:00:00'),(812,190,'name-1','Fabian','2023-12-27 18:50:33','0000-00-00 00:00:00'),(813,190,'email-1','fabkin@hotmail.com','2023-12-27 18:50:33','0000-00-00 00:00:00'),(814,190,'phone-1','0032475362930','2023-12-27 18:50:33','0000-00-00 00:00:00'),(815,190,'_forminator_user_ip','2a02:a020:391:a5c2:dd78:fffc:2a97:fc57','2023-12-27 18:50:33','0000-00-00 00:00:00'),(816,190,'paypal-1','a:6:{s:4:\"mode\";s:4:\"live\";s:6:\"status\";s:9:\"COMPLETED\";s:6:\"amount\";s:5:\"54.00\";s:8:\"currency\";s:3:\"EUR\";s:14:\"transaction_id\";s:17:\"8BL82241P3140793P\";s:16:\"transaction_link\";s:57:\"https://www.paypal.com/activity/payment/8BL82241P3140793P\";}','2023-12-27 18:50:33','0000-00-00 00:00:00'),(817,191,'name-1','Marina Claeysen','2023-12-28 12:38:28','0000-00-00 00:00:00'),(818,191,'email-1','marina59240@hotmail.fr','2023-12-28 12:38:28','0000-00-00 00:00:00'),(819,191,'_forminator_user_ip','2a01:e0a:dc9:8140:5d1e:b5d6:4ef2:aad5','2023-12-28 12:38:28','0000-00-00 00:00:00'),(820,191,'paypal-1','a:6:{s:4:\"mode\";s:4:\"live\";s:6:\"status\";s:9:\"COMPLETED\";s:6:\"amount\";s:5:\"13.00\";s:8:\"currency\";s:3:\"EUR\";s:14:\"transaction_id\";s:17:\"0AC45644RM812924F\";s:16:\"transaction_link\";s:57:\"https://www.paypal.com/activity/payment/0AC45644RM812924F\";}','2023-12-28 12:38:28','0000-00-00 00:00:00'),(821,192,'name-1','Verbrugge','2023-12-28 13:46:34','0000-00-00 00:00:00'),(822,192,'email-1','bigdav1942@hotmail.com','2023-12-28 13:46:34','0000-00-00 00:00:00'),(823,192,'phone-1','0473970233','2023-12-28 13:46:34','0000-00-00 00:00:00'),(824,192,'_forminator_user_ip','85.201.110.205','2023-12-28 13:46:34','0000-00-00 00:00:00'),(825,192,'paypal-1','a:6:{s:4:\"mode\";s:4:\"live\";s:6:\"status\";s:9:\"COMPLETED\";s:6:\"amount\";s:5:\"25.00\";s:8:\"currency\";s:3:\"EUR\";s:14:\"transaction_id\";s:17:\"4CH07853RN731100A\";s:16:\"transaction_link\";s:57:\"https://www.paypal.com/activity/payment/4CH07853RN731100A\";}','2023-12-28 13:46:34','0000-00-00 00:00:00'),(826,193,'name-1','Maira Michel','2023-12-28 15:20:20','0000-00-00 00:00:00'),(827,193,'email-1','mi-ko@hotmail.be','2023-12-28 15:20:20','0000-00-00 00:00:00'),(828,193,'phone-1','0032475366249','2023-12-28 15:20:20','0000-00-00 00:00:00'),(829,193,'_forminator_user_ip','94.109.95.44','2023-12-28 15:20:20','0000-00-00 00:00:00'),(830,193,'paypal-1','a:6:{s:4:\"mode\";s:4:\"live\";s:6:\"status\";s:9:\"COMPLETED\";s:6:\"amount\";s:5:\"49.00\";s:8:\"currency\";s:3:\"EUR\";s:14:\"transaction_id\";s:17:\"1FU32866FJ7804352\";s:16:\"transaction_link\";s:57:\"https://www.paypal.com/activity/payment/1FU32866FJ7804352\";}','2023-12-28 15:20:20','0000-00-00 00:00:00'),(831,194,'name-1','Feramuz Secginli','2023-12-28 17:47:11','0000-00-00 00:00:00'),(832,194,'email-1','secgin2015@gmail.com','2023-12-28 17:47:11','0000-00-00 00:00:00'),(833,194,'phone-1','0483086533','2023-12-28 17:47:11','0000-00-00 00:00:00'),(834,194,'_forminator_user_ip','2a02:1810:a4ae:3100:368c:b49a:a365:bd27','2023-12-28 17:47:11','0000-00-00 00:00:00'),(835,194,'paypal-1','a:6:{s:4:\"mode\";s:4:\"live\";s:6:\"status\";s:9:\"COMPLETED\";s:6:\"amount\";s:5:\"49.00\";s:8:\"currency\";s:3:\"EUR\";s:14:\"transaction_id\";s:17:\"8SM06948J0218830T\";s:16:\"transaction_link\";s:57:\"https://www.paypal.com/activity/payment/8SM06948J0218830T\";}','2023-12-28 17:47:11','0000-00-00 00:00:00'),(836,195,'name-1','Birol Ernalbant','2023-12-29 10:24:23','0000-00-00 00:00:00'),(837,195,'email-1','birol_ernalbant@hotmail.com','2023-12-29 10:24:23','0000-00-00 00:00:00'),(838,195,'phone-1','+32 490440075','2023-12-29 10:24:23','0000-00-00 00:00:00'),(839,195,'_forminator_user_ip','2a02:1810:c38:fa00:ac2c:c1ce:d7bc:5d93','2023-12-29 10:24:23','0000-00-00 00:00:00'),(840,195,'paypal-1','a:6:{s:4:\"mode\";s:4:\"live\";s:6:\"status\";s:9:\"COMPLETED\";s:6:\"amount\";s:5:\"49.00\";s:8:\"currency\";s:3:\"EUR\";s:14:\"transaction_id\";s:17:\"67F10535HL973925U\";s:16:\"transaction_link\";s:57:\"https://www.paypal.com/activity/payment/67F10535HL973925U\";}','2023-12-29 10:24:23','0000-00-00 00:00:00'),(841,196,'name-1','Snyve','2023-12-30 13:47:47','0000-00-00 00:00:00'),(842,196,'email-1','snyve01@gmail.com','2023-12-30 13:47:47','0000-00-00 00:00:00'),(843,196,'_forminator_user_ip','2a02:a03f:c5e7:8701:d21:a6e9:f321:8f32','2023-12-30 13:47:47','0000-00-00 00:00:00'),(844,196,'paypal-1','a:6:{s:4:\"mode\";s:4:\"live\";s:6:\"status\";s:9:\"COMPLETED\";s:6:\"amount\";s:5:\"13.00\";s:8:\"currency\";s:3:\"EUR\";s:14:\"transaction_id\";s:17:\"1VA878424A042925K\";s:16:\"transaction_link\";s:57:\"https://www.paypal.com/activity/payment/1VA878424A042925K\";}','2023-12-30 13:47:47','0000-00-00 00:00:00'),(845,197,'name-1','Christina Peeters','2023-12-30 20:03:39','0000-00-00 00:00:00'),(846,197,'email-1','guess_and_paco-rabanne@hotmail.com','2023-12-30 20:03:39','0000-00-00 00:00:00'),(847,197,'phone-1','0479324550','2023-12-30 20:03:39','0000-00-00 00:00:00'),(848,197,'_forminator_user_ip','94.109.176.6','2023-12-30 20:03:39','0000-00-00 00:00:00'),(849,197,'paypal-1','a:6:{s:4:\"mode\";s:4:\"live\";s:6:\"status\";s:9:\"COMPLETED\";s:6:\"amount\";s:5:\"39.00\";s:8:\"currency\";s:3:\"EUR\";s:14:\"transaction_id\";s:17:\"24U99837NX987753K\";s:16:\"transaction_link\";s:57:\"https://www.paypal.com/activity/payment/24U99837NX987753K\";}','2023-12-30 20:03:39','0000-00-00 00:00:00'),(850,198,'name-1','Mohamed','2023-12-30 20:24:50','0000-00-00 00:00:00'),(851,198,'email-1','ellouzati1234@gmail.com','2023-12-30 20:24:50','0000-00-00 00:00:00'),(852,198,'phone-1','0032484307876','2023-12-30 20:24:50','0000-00-00 00:00:00'),(853,198,'_forminator_user_ip','2a02:a03f:c80d:f101:a82d:d68e:6c62:701c','2023-12-30 20:24:50','0000-00-00 00:00:00'),(854,198,'paypal-1','a:6:{s:4:\"mode\";s:4:\"live\";s:6:\"status\";s:9:\"COMPLETED\";s:6:\"amount\";s:5:\"13.00\";s:8:\"currency\";s:3:\"EUR\";s:14:\"transaction_id\";s:17:\"4WK2047792452094K\";s:16:\"transaction_link\";s:57:\"https://www.paypal.com/activity/payment/4WK2047792452094K\";}','2023-12-30 20:24:50','0000-00-00 00:00:00'),(855,199,'name-1','Amine Khalf ben jalal','2023-12-30 20:54:25','0000-00-00 00:00:00'),(856,199,'email-1','Khalf996@gmail.com','2023-12-30 20:54:25','0000-00-00 00:00:00'),(857,199,'phone-1','0491644785','2023-12-30 20:54:25','0000-00-00 00:00:00'),(858,199,'_forminator_user_ip','178.51.166.160','2023-12-30 20:54:25','0000-00-00 00:00:00'),(859,199,'paypal-1','a:6:{s:4:\"mode\";s:4:\"live\";s:6:\"status\";s:9:\"COMPLETED\";s:6:\"amount\";s:5:\"49.00\";s:8:\"currency\";s:3:\"EUR\";s:14:\"transaction_id\";s:17:\"7XV51206EB258601X\";s:16:\"transaction_link\";s:57:\"https://www.paypal.com/activity/payment/7XV51206EB258601X\";}','2023-12-30 20:54:25','0000-00-00 00:00:00'),(860,200,'name-1','Schepens','2023-12-30 21:22:40','0000-00-00 00:00:00'),(861,200,'email-1','schepens.sebastien@gmail.com','2023-12-30 21:22:40','0000-00-00 00:00:00'),(862,200,'_forminator_user_ip','2a02:2788:47a:27d:cf3e:8034:4bea:6722','2023-12-30 21:22:40','0000-00-00 00:00:00'),(863,200,'paypal-1','a:6:{s:4:\"mode\";s:4:\"live\";s:6:\"status\";s:9:\"COMPLETED\";s:6:\"amount\";s:5:\"39.00\";s:8:\"currency\";s:3:\"EUR\";s:14:\"transaction_id\";s:17:\"0TJ82272G22163836\";s:16:\"transaction_link\";s:57:\"https://www.paypal.com/activity/payment/0TJ82272G22163836\";}','2023-12-30 21:22:40','0000-00-00 00:00:00'),(864,201,'name-1','Kamiel','2023-12-30 21:27:10','0000-00-00 00:00:00'),(865,201,'email-1','kamiel96.goossens@outlook.be','2023-12-30 21:27:10','0000-00-00 00:00:00'),(866,201,'phone-1','0487273986','2023-12-30 21:27:10','0000-00-00 00:00:00'),(867,201,'_forminator_user_ip','2a02:1810:8490:bf00:b8ff:2c62:81e:59b2','2023-12-30 21:27:10','0000-00-00 00:00:00'),(868,201,'paypal-1','a:6:{s:4:\"mode\";s:4:\"live\";s:6:\"status\";s:9:\"COMPLETED\";s:6:\"amount\";s:5:\"49.00\";s:8:\"currency\";s:3:\"EUR\";s:14:\"transaction_id\";s:17:\"55X627272G9972409\";s:16:\"transaction_link\";s:57:\"https://www.paypal.com/activity/payment/55X627272G9972409\";}','2023-12-30 21:27:10','0000-00-00 00:00:00'),(869,202,'name-1','Murat Kara','2023-12-31 13:52:59','0000-00-00 00:00:00'),(870,202,'email-1','karamurat220@hotmail.com','2023-12-31 13:52:59','0000-00-00 00:00:00'),(871,202,'phone-1','+32486556250','2023-12-31 13:52:59','0000-00-00 00:00:00'),(872,202,'_forminator_user_ip','188.188.39.59','2023-12-31 13:52:59','0000-00-00 00:00:00'),(873,202,'paypal-1','a:6:{s:4:\"mode\";s:4:\"live\";s:6:\"status\";s:9:\"COMPLETED\";s:6:\"amount\";s:5:\"49.00\";s:8:\"currency\";s:3:\"EUR\";s:14:\"transaction_id\";s:17:\"66S03806T7929021F\";s:16:\"transaction_link\";s:57:\"https://www.paypal.com/activity/payment/66S03806T7929021F\";}','2023-12-31 13:52:59','0000-00-00 00:00:00'),(874,203,'name-1','Brahim','2023-12-31 17:23:17','0000-00-00 00:00:00'),(875,203,'email-1','saadbrahim2@gmail.com','2023-12-31 17:23:17','0000-00-00 00:00:00'),(876,203,'phone-1','0032477561383','2023-12-31 17:23:17','0000-00-00 00:00:00'),(877,203,'_forminator_user_ip','2a02:a020:3d1:cee4:4838:5f8a:55c3:c1c4','2023-12-31 17:23:17','0000-00-00 00:00:00'),(878,203,'paypal-1','a:6:{s:4:\"mode\";s:4:\"live\";s:6:\"status\";s:9:\"COMPLETED\";s:6:\"amount\";s:5:\"25.00\";s:8:\"currency\";s:3:\"EUR\";s:14:\"transaction_id\";s:17:\"8SF455396J220583W\";s:16:\"transaction_link\";s:57:\"https://www.paypal.com/activity/payment/8SF455396J220583W\";}','2023-12-31 17:23:17','0000-00-00 00:00:00'),(879,204,'name-1','Orfe Mohamed','2023-12-31 17:54:14','0000-00-00 00:00:00'),(880,204,'email-1','orfemohamed@gmail.com','2023-12-31 17:54:14','0000-00-00 00:00:00'),(881,204,'_forminator_user_ip','2a02:a03f:6392:a00:e972:8e97:2af2:2ea3','2023-12-31 17:54:14','0000-00-00 00:00:00'),(882,204,'paypal-1','a:6:{s:4:\"mode\";s:4:\"live\";s:6:\"status\";s:9:\"COMPLETED\";s:6:\"amount\";s:4:\"1.99\";s:8:\"currency\";s:3:\"EUR\";s:14:\"transaction_id\";s:17:\"72U43949NV299942Y\";s:16:\"transaction_link\";s:57:\"https://www.paypal.com/activity/payment/72U43949NV299942Y\";}','2023-12-31 17:54:14','0000-00-00 00:00:00'),(883,205,'name-1','philip ciesla','2023-12-31 20:07:57','0000-00-00 00:00:00'),(884,205,'email-1','cieslaphilip@hotmail.com','2023-12-31 20:07:57','0000-00-00 00:00:00'),(885,205,'_forminator_user_ip','165.225.13.47','2023-12-31 20:07:57','0000-00-00 00:00:00'),(886,205,'paypal-1','a:6:{s:4:\"mode\";s:4:\"live\";s:6:\"status\";s:9:\"COMPLETED\";s:6:\"amount\";s:5:\"13.00\";s:8:\"currency\";s:3:\"EUR\";s:14:\"transaction_id\";s:17:\"8CH63059V3729330G\";s:16:\"transaction_link\";s:57:\"https://www.paypal.com/activity/payment/8CH63059V3729330G\";}','2023-12-31 20:07:57','0000-00-00 00:00:00'),(887,206,'name-1','Rassckaert arnaud','2024-01-01 13:33:31','0000-00-00 00:00:00'),(888,206,'email-1','valentino4199@hotmail.com','2024-01-01 13:33:31','0000-00-00 00:00:00'),(889,206,'_forminator_user_ip','2a01:e0a:271:5770:b53a:26cd:ea57:f4ef','2024-01-01 13:33:31','0000-00-00 00:00:00'),(890,206,'paypal-1','a:6:{s:4:\"mode\";s:4:\"live\";s:6:\"status\";s:9:\"COMPLETED\";s:6:\"amount\";s:4:\"1.99\";s:8:\"currency\";s:3:\"EUR\";s:14:\"transaction_id\";s:17:\"05384022GV683723C\";s:16:\"transaction_link\";s:57:\"https://www.paypal.com/activity/payment/05384022GV683723C\";}','2024-01-01 13:33:31','0000-00-00 00:00:00'),(891,207,'name-1','gustavo pascual','2024-01-01 13:45:02','0000-00-00 00:00:00'),(892,207,'email-1','gustavo27@hotmail.com','2024-01-01 13:45:02','0000-00-00 00:00:00'),(893,207,'_forminator_user_ip','2a02:2788:286:2037:c075:9e:bd85:ec2b','2024-01-01 13:45:02','0000-00-00 00:00:00'),(894,207,'paypal-1','a:6:{s:4:\"mode\";s:4:\"live\";s:6:\"status\";s:9:\"COMPLETED\";s:6:\"amount\";s:5:\"49.00\";s:8:\"currency\";s:3:\"EUR\";s:14:\"transaction_id\";s:17:\"6VE6949766256303B\";s:16:\"transaction_link\";s:57:\"https://www.paypal.com/activity/payment/6VE6949766256303B\";}','2024-01-01 13:45:02','0000-00-00 00:00:00'),(895,208,'name-1','Lefebvre Olivier','2024-01-01 14:18:47','0000-00-00 00:00:00'),(896,208,'email-1','olivier-lefebvre@hotmail.com','2024-01-01 14:18:47','0000-00-00 00:00:00'),(897,208,'phone-1','0032471340867','2024-01-01 14:18:47','0000-00-00 00:00:00'),(898,208,'_forminator_user_ip','85.26.49.105','2024-01-01 14:18:47','0000-00-00 00:00:00'),(899,208,'paypal-1','a:6:{s:4:\"mode\";s:4:\"live\";s:6:\"status\";s:9:\"COMPLETED\";s:6:\"amount\";s:5:\"49.00\";s:8:\"currency\";s:3:\"EUR\";s:14:\"transaction_id\";s:17:\"6RE29274Y36106903\";s:16:\"transaction_link\";s:57:\"https://www.paypal.com/activity/payment/6RE29274Y36106903\";}','2024-01-01 14:18:47','0000-00-00 00:00:00'),(900,209,'name-1','Christophe lambert','2024-01-01 14:50:34','0000-00-00 00:00:00'),(901,209,'email-1','rcristoforetti@yahoo.fr','2024-01-01 14:50:34','0000-00-00 00:00:00'),(902,209,'phone-1','0678035029','2024-01-01 14:50:34','0000-00-00 00:00:00'),(903,209,'_forminator_user_ip','37.171.176.180','2024-01-01 14:50:34','0000-00-00 00:00:00'),(904,209,'paypal-1','a:6:{s:4:\"mode\";s:4:\"live\";s:6:\"status\";s:9:\"COMPLETED\";s:6:\"amount\";s:5:\"13.00\";s:8:\"currency\";s:3:\"EUR\";s:14:\"transaction_id\";s:17:\"4B78277315807334F\";s:16:\"transaction_link\";s:57:\"https://www.paypal.com/activity/payment/4B78277315807334F\";}','2024-01-01 14:50:34','0000-00-00 00:00:00'),(905,210,'name-1','Yvan Neirinckx','2024-01-01 17:42:41','0000-00-00 00:00:00'),(906,210,'email-1','yvan.neirinckx@gmail.com','2024-01-01 17:42:41','0000-00-00 00:00:00'),(907,210,'_forminator_user_ip','2a01:cb1c:ea3:d600:426:266b:466e:d74a','2024-01-01 17:42:41','0000-00-00 00:00:00'),(908,210,'paypal-1','a:6:{s:4:\"mode\";s:4:\"live\";s:6:\"status\";s:9:\"COMPLETED\";s:6:\"amount\";s:5:\"49.00\";s:8:\"currency\";s:3:\"EUR\";s:14:\"transaction_id\";s:17:\"94V10801FJ0138350\";s:16:\"transaction_link\";s:57:\"https://www.paypal.com/activity/payment/94V10801FJ0138350\";}','2024-01-01 17:42:41','0000-00-00 00:00:00'),(909,211,'name-1','Richy','2024-01-04 13:27:39','0000-00-00 00:00:00'),(910,211,'email-1','richy.mullenders@gmail.com','2024-01-04 13:27:39','0000-00-00 00:00:00'),(911,211,'_forminator_user_ip','2001:1c05:584:b600:d0:ba17:8f84:ef25','2024-01-04 13:27:39','0000-00-00 00:00:00'),(912,211,'paypal-1','a:6:{s:4:\"mode\";s:4:\"live\";s:6:\"status\";s:9:\"COMPLETED\";s:6:\"amount\";s:5:\"49.00\";s:8:\"currency\";s:3:\"EUR\";s:14:\"transaction_id\";s:17:\"3KH34620ET5307252\";s:16:\"transaction_link\";s:57:\"https://www.paypal.com/activity/payment/3KH34620ET5307252\";}','2024-01-04 13:27:39','0000-00-00 00:00:00'),(913,212,'name-1','Kenny Van Exaerde','2024-01-04 22:52:45','0000-00-00 00:00:00'),(914,212,'email-1','kenny.vanexaerde@gmail.com','2024-01-04 22:52:45','0000-00-00 00:00:00'),(915,212,'_forminator_user_ip','2a02:a03f:8839:8c00:a950:b7cc:fd56:4b8f','2024-01-04 22:52:45','0000-00-00 00:00:00'),(916,212,'paypal-1','a:6:{s:4:\"mode\";s:4:\"live\";s:6:\"status\";s:9:\"COMPLETED\";s:6:\"amount\";s:5:\"44.00\";s:8:\"currency\";s:3:\"EUR\";s:14:\"transaction_id\";s:17:\"24E65334GF336621P\";s:16:\"transaction_link\";s:57:\"https://www.paypal.com/activity/payment/24E65334GF336621P\";}','2024-01-04 22:52:45','0000-00-00 00:00:00'),(917,213,'name-1','Kenny Van Exaerde','2024-01-05 14:05:39','0000-00-00 00:00:00'),(918,213,'email-1','kenny.vanexaerde@gmail.com','2024-01-05 14:05:39','0000-00-00 00:00:00'),(919,213,'_forminator_user_ip','2a02:1810:4d65:c900:a950:b7cc:fd56:4b8f','2024-01-05 14:05:39','0000-00-00 00:00:00'),(920,213,'paypal-1','a:6:{s:4:\"mode\";s:4:\"live\";s:6:\"status\";s:9:\"COMPLETED\";s:6:\"amount\";s:5:\"44.00\";s:8:\"currency\";s:3:\"EUR\";s:14:\"transaction_id\";s:17:\"9SS24781TS938783V\";s:16:\"transaction_link\";s:57:\"https://www.paypal.com/activity/payment/9SS24781TS938783V\";}','2024-01-05 14:05:39','0000-00-00 00:00:00'),(921,214,'name-1','Patricia Claus','2024-01-08 20:35:28','0000-00-00 00:00:00'),(922,214,'email-1','claus_titi@hotmail.com','2024-01-08 20:35:28','0000-00-00 00:00:00'),(923,214,'phone-1','0032472316812','2024-01-08 20:35:28','0000-00-00 00:00:00'),(924,214,'_forminator_user_ip','2a02:a03f:895d:c901:95ec:82cd:ebd9:2ef9','2024-01-08 20:35:28','0000-00-00 00:00:00'),(925,214,'paypal-1','a:6:{s:4:\"mode\";s:4:\"live\";s:6:\"status\";s:9:\"COMPLETED\";s:6:\"amount\";s:5:\"49.00\";s:8:\"currency\";s:3:\"EUR\";s:14:\"transaction_id\";s:17:\"1TY03686YF134823F\";s:16:\"transaction_link\";s:57:\"https://www.paypal.com/activity/payment/1TY03686YF134823F\";}','2024-01-08 20:35:28','0000-00-00 00:00:00'),(926,215,'name-1','RACHID belmehdi','2024-01-10 19:34:55','0000-00-00 00:00:00'),(927,215,'email-1','Belmehdi-r@live.com','2024-01-10 19:34:55','0000-00-00 00:00:00'),(928,215,'phone-1','0032478660153','2024-01-10 19:34:55','0000-00-00 00:00:00'),(929,215,'_forminator_user_ip','2a02:1811:1d7f:f500:7175:17ee:8a00:472e','2024-01-10 19:34:55','0000-00-00 00:00:00'),(930,215,'paypal-1','a:6:{s:4:\"mode\";s:4:\"live\";s:6:\"status\";s:9:\"COMPLETED\";s:6:\"amount\";s:5:\"13.00\";s:8:\"currency\";s:3:\"EUR\";s:14:\"transaction_id\";s:17:\"8PC3201516657712V\";s:16:\"transaction_link\";s:57:\"https://www.paypal.com/activity/payment/8PC3201516657712V\";}','2024-01-10 19:34:55','0000-00-00 00:00:00'),(931,216,'name-1','Ellen De Swert','2024-01-11 13:51:06','0000-00-00 00:00:00'),(932,216,'email-1','deswertellen@msn.com','2024-01-11 13:51:06','0000-00-00 00:00:00'),(933,216,'phone-1','0470489846','2024-01-11 13:51:06','0000-00-00 00:00:00'),(934,216,'_forminator_user_ip','2a02:1810:361c:8900:c528:4ba8:450b:6223','2024-01-11 13:51:06','0000-00-00 00:00:00'),(935,216,'paypal-1','a:6:{s:4:\"mode\";s:4:\"live\";s:6:\"status\";s:9:\"COMPLETED\";s:6:\"amount\";s:5:\"49.00\";s:8:\"currency\";s:3:\"EUR\";s:14:\"transaction_id\";s:17:\"72N3304483201100H\";s:16:\"transaction_link\";s:57:\"https://www.paypal.com/activity/payment/72N3304483201100H\";}','2024-01-11 13:51:06','0000-00-00 00:00:00'),(936,217,'name-1','Therese steve','2024-01-17 21:21:22','0000-00-00 00:00:00'),(937,217,'email-1','therese.steve1@gmail.com','2024-01-17 21:21:22','0000-00-00 00:00:00'),(938,217,'_forminator_user_ip','2a02:1808:3:ede0:412b:acbc:f184:c879','2024-01-17 21:21:22','0000-00-00 00:00:00'),(939,217,'paypal-1','a:6:{s:4:\"mode\";s:4:\"live\";s:6:\"status\";s:9:\"COMPLETED\";s:6:\"amount\";s:5:\"13.00\";s:8:\"currency\";s:3:\"EUR\";s:14:\"transaction_id\";s:17:\"1BM07504EV959725T\";s:16:\"transaction_link\";s:57:\"https://www.paypal.com/activity/payment/1BM07504EV959725T\";}','2024-01-17 21:21:22','0000-00-00 00:00:00'),(940,218,'name-1','Steve','2024-01-18 19:07:21','0000-00-00 00:00:00'),(941,218,'email-1','vandevelde.cindy1@gmail.com','2024-01-18 19:07:21','0000-00-00 00:00:00'),(942,218,'_forminator_user_ip','2a02:1808:88:8a7d:1123:962a:4bf9:8c87','2024-01-18 19:07:21','0000-00-00 00:00:00'),(943,218,'paypal-1','a:6:{s:4:\"mode\";s:4:\"live\";s:6:\"status\";s:9:\"COMPLETED\";s:6:\"amount\";s:5:\"13.00\";s:8:\"currency\";s:3:\"EUR\";s:14:\"transaction_id\";s:17:\"6XT00852KP593882V\";s:16:\"transaction_link\";s:57:\"https://www.paypal.com/activity/payment/6XT00852KP593882V\";}','2024-01-18 19:07:21','0000-00-00 00:00:00'),(944,219,'name-1','Frank Boateng','2024-01-22 18:42:53','0000-00-00 00:00:00'),(945,219,'email-1','Frankkwameboateng@yahoo.com','2024-01-22 18:42:53','0000-00-00 00:00:00'),(946,219,'phone-1','+32492190632','2024-01-22 18:42:53','0000-00-00 00:00:00'),(947,219,'_forminator_user_ip','78.20.36.151','2024-01-22 18:42:53','0000-00-00 00:00:00'),(948,219,'paypal-1','a:6:{s:4:\"mode\";s:4:\"live\";s:6:\"status\";s:9:\"COMPLETED\";s:6:\"amount\";s:5:\"13.00\";s:8:\"currency\";s:3:\"EUR\";s:14:\"transaction_id\";s:17:\"3UH9576997181844V\";s:16:\"transaction_link\";s:57:\"https://www.paypal.com/activity/payment/3UH9576997181844V\";}','2024-01-22 18:42:53','0000-00-00 00:00:00'),(949,220,'name-1','Chaineux','2024-01-24 17:20:08','0000-00-00 00:00:00'),(950,220,'email-1','Virginie@','2024-01-24 17:20:08','0000-00-00 00:00:00'),(951,220,'phone-1','0470542305','2024-01-24 17:20:08','0000-00-00 00:00:00'),(952,220,'_forminator_user_ip','2a02:2788:1d4:7b4:2133:6189:de91:4e03','2024-01-24 17:20:08','0000-00-00 00:00:00'),(953,220,'paypal-1','a:6:{s:4:\"mode\";s:4:\"live\";s:6:\"status\";s:9:\"COMPLETED\";s:6:\"amount\";s:5:\"13.00\";s:8:\"currency\";s:3:\"EUR\";s:14:\"transaction_id\";s:17:\"27L227201U490032M\";s:16:\"transaction_link\";s:57:\"https://www.paypal.com/activity/payment/27L227201U490032M\";}','2024-01-24 17:20:08','0000-00-00 00:00:00'),(954,221,'name-1','Youcef El Guenouni','2024-01-24 22:02:50','0000-00-00 00:00:00'),(955,221,'email-1','elguenouni.youcef@gmail.com','2024-01-24 22:02:50','0000-00-00 00:00:00'),(956,221,'phone-1','0032489498512','2024-01-24 22:02:50','0000-00-00 00:00:00'),(957,221,'_forminator_user_ip','81.11.249.79','2024-01-24 22:02:50','0000-00-00 00:00:00'),(958,221,'paypal-1','a:6:{s:4:\"mode\";s:4:\"live\";s:6:\"status\";s:9:\"COMPLETED\";s:6:\"amount\";s:5:\"25.00\";s:8:\"currency\";s:3:\"EUR\";s:14:\"transaction_id\";s:17:\"8N8440062L793334A\";s:16:\"transaction_link\";s:57:\"https://www.paypal.com/activity/payment/8N8440062L793334A\";}','2024-01-24 22:02:50','0000-00-00 00:00:00'),(959,222,'name-1','Boucher François','2024-01-26 12:53:30','0000-00-00 00:00:00'),(960,222,'email-1','francoisboucher6@hotmail.com','2024-01-26 12:53:30','0000-00-00 00:00:00'),(961,222,'_forminator_user_ip','2a02:2788:11f8:298:9591:da5c:9001:4ac3','2024-01-26 12:53:30','0000-00-00 00:00:00'),(962,222,'paypal-1','a:6:{s:4:\"mode\";s:4:\"live\";s:6:\"status\";s:9:\"COMPLETED\";s:6:\"amount\";s:5:\"49.00\";s:8:\"currency\";s:3:\"EUR\";s:14:\"transaction_id\";s:17:\"43523663RG115951L\";s:16:\"transaction_link\";s:57:\"https://www.paypal.com/activity/payment/43523663RG115951L\";}','2024-01-26 12:53:30','0000-00-00 00:00:00'),(963,223,'name-1','Helmut','2024-01-26 15:10:18','0000-00-00 00:00:00'),(964,223,'email-1','helmut.ceulemans@icloud.com','2024-01-26 15:10:18','0000-00-00 00:00:00'),(965,223,'phone-1','0032499776601','2024-01-26 15:10:18','0000-00-00 00:00:00'),(966,223,'_forminator_user_ip','2a09:bac2:4a1:c8::14:282','2024-01-26 15:10:18','0000-00-00 00:00:00'),(967,223,'paypal-1','a:6:{s:4:\"mode\";s:4:\"live\";s:6:\"status\";s:9:\"COMPLETED\";s:6:\"amount\";s:5:\"25.00\";s:8:\"currency\";s:3:\"EUR\";s:14:\"transaction_id\";s:17:\"9KV75213U4366494W\";s:16:\"transaction_link\";s:57:\"https://www.paypal.com/activity/payment/9KV75213U4366494W\";}','2024-01-26 15:10:18','0000-00-00 00:00:00'),(968,224,'name-1','Ludwig vercauteren','2024-01-27 18:14:10','0000-00-00 00:00:00'),(969,224,'email-1','ludwig.vercauteren@gmail.com','2024-01-27 18:14:10','0000-00-00 00:00:00'),(970,224,'phone-1','0032478411888','2024-01-27 18:14:10','0000-00-00 00:00:00'),(971,224,'_forminator_user_ip','2a02:a020:46:518:1:0:2b14:cbc0','2024-01-27 18:14:10','0000-00-00 00:00:00'),(972,224,'paypal-1','a:6:{s:4:\"mode\";s:4:\"live\";s:6:\"status\";s:9:\"COMPLETED\";s:6:\"amount\";s:5:\"49.00\";s:8:\"currency\";s:3:\"EUR\";s:14:\"transaction_id\";s:17:\"2BN78332S3767123A\";s:16:\"transaction_link\";s:57:\"https://www.paypal.com/activity/payment/2BN78332S3767123A\";}','2024-01-27 18:14:10','0000-00-00 00:00:00'),(973,225,'name-1','Anne LEENAERT','2024-01-27 18:23:11','0000-00-00 00:00:00'),(974,225,'email-1','annelou60@outlook.com','2024-01-27 18:23:11','0000-00-00 00:00:00'),(975,225,'phone-1','0494658725','2024-01-27 18:23:11','0000-00-00 00:00:00'),(976,225,'_forminator_user_ip','85.26.14.79','2024-01-27 18:23:11','0000-00-00 00:00:00'),(977,225,'paypal-1','a:6:{s:4:\"mode\";s:4:\"live\";s:6:\"status\";s:9:\"COMPLETED\";s:6:\"amount\";s:5:\"49.00\";s:8:\"currency\";s:3:\"EUR\";s:14:\"transaction_id\";s:17:\"6VD832241G326422C\";s:16:\"transaction_link\";s:57:\"https://www.paypal.com/activity/payment/6VD832241G326422C\";}','2024-01-27 18:23:11','0000-00-00 00:00:00'),(978,226,'name-1','Ayhan','2024-01-28 13:07:59','0000-00-00 00:00:00'),(979,226,'email-1','ayhan_uck@hotmail.com','2024-01-28 13:07:59','0000-00-00 00:00:00'),(980,226,'phone-1','0488223745','2024-01-28 13:07:59','0000-00-00 00:00:00'),(981,226,'_forminator_user_ip','2a02:1812:1506:b800:6e71:821f:28a1:a8c6','2024-01-28 13:07:59','0000-00-00 00:00:00'),(982,226,'paypal-1','a:6:{s:4:\"mode\";s:4:\"live\";s:6:\"status\";s:9:\"COMPLETED\";s:6:\"amount\";s:5:\"49.00\";s:8:\"currency\";s:3:\"EUR\";s:14:\"transaction_id\";s:17:\"1TT53994CP167731B\";s:16:\"transaction_link\";s:57:\"https://www.paypal.com/activity/payment/1TT53994CP167731B\";}','2024-01-28 13:07:59','0000-00-00 00:00:00'),(983,227,'name-1','Gillon Sebastien','2024-01-30 09:41:10','0000-00-00 00:00:00'),(984,227,'email-1','sebastien.gillon@gmail.com','2024-01-30 09:41:10','0000-00-00 00:00:00'),(985,227,'phone-1','320455132524','2024-01-30 09:41:10','0000-00-00 00:00:00'),(986,227,'_forminator_user_ip','2a02:a03f:ad29:3800:fd6e:a3b9:ab1b:a74a','2024-01-30 09:41:10','0000-00-00 00:00:00'),(987,227,'paypal-1','a:6:{s:4:\"mode\";s:4:\"live\";s:6:\"status\";s:9:\"COMPLETED\";s:6:\"amount\";s:5:\"49.00\";s:8:\"currency\";s:3:\"EUR\";s:14:\"transaction_id\";s:17:\"7X373301D15103603\";s:16:\"transaction_link\";s:57:\"https://www.paypal.com/activity/payment/7X373301D15103603\";}','2024-01-30 09:41:10','0000-00-00 00:00:00'),(988,228,'name-1','régis','2024-02-01 18:48:31','0000-00-00 00:00:00'),(989,228,'email-1','rcristoforetti@yahoo.fr','2024-02-01 18:48:31','0000-00-00 00:00:00'),(990,228,'_forminator_user_ip','2001:861:ca2:2470:399c:b4bc:f514:4ed1','2024-02-01 18:48:31','0000-00-00 00:00:00'),(991,228,'paypal-1','a:6:{s:4:\"mode\";s:4:\"live\";s:6:\"status\";s:9:\"COMPLETED\";s:6:\"amount\";s:5:\"25.00\";s:8:\"currency\";s:3:\"EUR\";s:14:\"transaction_id\";s:17:\"1KC48926WP352173V\";s:16:\"transaction_link\";s:57:\"https://www.paypal.com/activity/payment/1KC48926WP352173V\";}','2024-02-01 18:48:31','0000-00-00 00:00:00'),(992,229,'name-1','regnier','2024-02-02 21:45:48','0000-00-00 00:00:00'),(993,229,'email-1','regnierdamien@hotmail.fr','2024-02-02 21:45:48','0000-00-00 00:00:00'),(994,229,'_forminator_user_ip','2a01:e0a:17d:3270:48a4:b428:da64:67dd','2024-02-02 21:45:48','0000-00-00 00:00:00'),(995,229,'paypal-1','a:6:{s:4:\"mode\";s:4:\"live\";s:6:\"status\";s:9:\"COMPLETED\";s:6:\"amount\";s:5:\"49.00\";s:8:\"currency\";s:3:\"EUR\";s:14:\"transaction_id\";s:17:\"02B40758RJ120573S\";s:16:\"transaction_link\";s:57:\"https://www.paypal.com/activity/payment/02B40758RJ120573S\";}','2024-02-02 21:45:48','0000-00-00 00:00:00'),(996,230,'name-1','RACHID belmehdi','2024-02-02 23:02:20','0000-00-00 00:00:00'),(997,230,'email-1','Belmehdi-r@live.com','2024-02-02 23:02:20','0000-00-00 00:00:00'),(998,230,'phone-1','0032478660153','2024-02-02 23:02:20','0000-00-00 00:00:00'),(999,230,'_forminator_user_ip','2a02:1811:1d7f:f500:8587:f9be:1bec:49c3','2024-02-02 23:02:20','0000-00-00 00:00:00'),(1000,230,'paypal-1','a:6:{s:4:\"mode\";s:4:\"live\";s:6:\"status\";s:9:\"COMPLETED\";s:6:\"amount\";s:5:\"49.00\";s:8:\"currency\";s:3:\"EUR\";s:14:\"transaction_id\";s:17:\"6CB25852FG411083A\";s:16:\"transaction_link\";s:57:\"https://www.paypal.com/activity/payment/6CB25852FG411083A\";}','2024-02-02 23:02:20','0000-00-00 00:00:00'),(1001,231,'name-1','gaetan beugoms','2024-02-07 05:08:45','0000-00-00 00:00:00'),(1002,231,'email-1','beugoms.gaetan@hotmail.com','2024-02-07 05:08:45','0000-00-00 00:00:00'),(1003,231,'phone-1','0472212023','2024-02-07 05:08:45','0000-00-00 00:00:00'),(1004,231,'_forminator_user_ip','2a02:a03f:8a17:7c00:bd63:2610:2041:e4df','2024-02-07 05:08:45','0000-00-00 00:00:00'),(1005,231,'paypal-1','a:6:{s:4:\"mode\";s:4:\"live\";s:6:\"status\";s:9:\"COMPLETED\";s:6:\"amount\";s:5:\"13.00\";s:8:\"currency\";s:3:\"EUR\";s:14:\"transaction_id\";s:17:\"7DN9493366616081G\";s:16:\"transaction_link\";s:57:\"https://www.paypal.com/activity/payment/7DN9493366616081G\";}','2024-02-07 05:08:45','0000-00-00 00:00:00'),(1006,232,'name-1','mebupu','2024-02-16 18:21:51','0000-00-00 00:00:00'),(1007,232,'email-1','mebupu2@gmail.com','2024-02-16 18:21:51','0000-00-00 00:00:00'),(1008,232,'phone-1','+31 0654225209','2024-02-16 18:21:51','0000-00-00 00:00:00'),(1009,232,'_forminator_user_ip','2001:1c04:4f09:1400:ae5a:f0ff:fed8:fcb8','2024-02-16 18:21:51','0000-00-00 00:00:00'),(1010,232,'paypal-1','a:6:{s:4:\"mode\";s:4:\"live\";s:6:\"status\";s:9:\"COMPLETED\";s:6:\"amount\";s:5:\"13.00\";s:8:\"currency\";s:3:\"EUR\";s:14:\"transaction_id\";s:17:\"7N498373P15352155\";s:16:\"transaction_link\";s:57:\"https://www.paypal.com/activity/payment/7N498373P15352155\";}','2024-02-16 18:21:51','0000-00-00 00:00:00');

--
